{"id":43,"date":"2010-05-10T10:02:31","date_gmt":"2010-05-10T10:02:31","guid":{"rendered":"http:\/\/www.cobayous.com\/site\/?page_id=43"},"modified":"2016-11-21T21:33:23","modified_gmt":"2016-11-21T20:33:23","slug":"fruits-et-legumes","status":"publish","type":"page","link":"http:\/\/www.cobayous.com\/site\/les-dossiers\/alimentation-du-cobaye\/fruits-et-legumes\/","title":{"rendered":"Alimentation : Fruits et l\u00e9gumes"},"content":{"rendered":" <p> [ezcol_1third] <\/p> \n<div style=\"background: #FFEFCE; border: 1px solid #BD8D46; color: #404040; padding: 0 10px 0 10px; margin-top: 1em; text-align: justify; border-radius: 10px;\">\n<h3><img loading=\"lazy\" decoding=\"async\" class=\"alignleft\" title=\"memo\" src=\"http:\/\/www.cobayous.Com\/site\/wp-content\/uploads\/img\/memo.png\" alt=\"\" width=\"30\" height=\"30\">EN BREF<\/h3>\n <p> Le cobaye peut manger des fruits et l\u00e9gumes d\u00e8s sa naissance. Avec le foin, c&rsquo;est la base de son alimentation. <\/p> \n <p> Votre animal peut manger environ 1\/10\u00e8me de son poids en fruits et l\u00e9gumes frais, toujours cru, \u00e0 temp\u00e9rature ambiante. <\/p> \n<\/div>\n<div style=\"background: #EDF7F2; border: 1px solid #7FC6BC; color: #404040; padding: 0 10px 0 10px; margin-top: 1em; text-align: justify; border-radius: 10px;\">\n <p> <img loading=\"lazy\" decoding=\"async\" class=\"alignleft\" title=\"alire\" src=\"http:\/\/www.cobayous.Com\/site\/wp-content\/uploads\/img\/books.png\" alt=\"\" width=\"30\" height=\"30\"> <\/p> \n<h3>A LIRE<\/h3>\n <p> <span style=\"color: #008000;\">Dans la rubrique Alimentation :<\/span> <\/p> \n<ul>\n<li><a title=\"Alimentation : Le foin\" href=\"http:\/\/www.cobayous.com\/site\/les-dossiers\/alimentation-du-cobaye\/foin\/\">Le Foin<\/a> et<a title=\"Alimentation : L\u2019eau\" href=\"http:\/\/www.cobayous.com\/site\/les-dossiers\/alimentation-du-cobaye\/eau\/\"> l\u2019eau<\/a><\/li>\n<li><a href=\"http:\/\/www.cobayous.com\/site\/les-dossiers\/alimentation-du-cobaye\/faire-son-foin\/\">Faire son foin soi-m\u00eame<\/a><\/li>\n<li>Les Fruits et l\u00e9gumes<\/li>\n<li><a href=\"http:\/\/www.cobayous.com\/site\/les-dossiers\/alimentation-du-cobaye\/la-jardiniere\/\">La Jardini\u00e8re<\/a><\/li>\n<li><a href=\"http:\/\/www.cobayous.com\/site\/les-dossiers\/alimentation-du-cobaye\/granules-extrudes\/\">Granul\u00e9s<\/a><\/li>\n<li><a href=\"http:\/\/www.cobayous.com\/site\/les-dossiers\/alimentation-du-cobaye\/complements-alimentaires\/\">Les compl\u00e9ments<\/a><\/li>\n<li><a href=\"http:\/\/www.cobayous.com\/site\/les-dossiers\/alimentation-du-cobaye\/friandises\/\">Les Friandises<\/a><\/li>\n<\/ul>\n<\/div>\n <p> &nbsp; <\/p> \n<div style=\"background: #ffffff; border: 1px solid #EACFB8; color: #404040; padding: 0 10px 0 10px; margin-top: 1em; text-align: justify; border-radius: 10px;\">\n<script async src=\"\/\/pagead2.googlesyndication.com\/pagead\/js\/adsbygoogle.js\"><\/script> <br \/> \n <!-- cob-dossier-gauche -->  <br \/> \n<ins class=\"adsbygoogle\"\n     style=\"display:block\"\n     data-ad-client=\"ca-pub-3631834167777130\"\n     data-ad-slot=\"6832657395\"\n     data-ad-format=\"auto\"><\/ins> <br \/> \n<script>\n(adsbygoogle = window.adsbygoogle || []).push({});\n<\/script> <br \/> \n<img loading=\"lazy\" decoding=\"async\" class=\"alignleft\" title=\"questions\" src=\"http:\/\/www.cobayous.Com\/site\/wp-content\/uploads\/img\/question.png\" alt=\"\" width=\"30\" height=\"30\"> <\/p> \n<h4>DES QUESTIONS ?<\/h4>\n <p> Tu as des questions \u00e0 poser sur les cobayes? Tu souhaites discuter avec nous? <\/p> \n <p> <img loading=\"lazy\" decoding=\"async\" class=\"alignleft\" title=\"talk\" src=\"http:\/\/www.cobayous.com\/site\/wp-content\/uploads\/img\/icon-talk.png\" alt=\"\" width=\"44\" height=\"30\"> <a href=\"http:\/\/www.cobayous.Com\/forum\">Rejoins-nous !<\/a> <\/p> \n<\/div>\n <p> [\/ezcol_1third] [ezcol_2third_end] <\/p> \n <p> Votre cochon d\u2019Inde adorera sa dose quotidienne de fruits <strong><span style=\"color: #ff0000;\">ET<\/span><\/strong> l\u00e9gumes frais (j\u2019insiste !!) <\/p> \n<div><img loading=\"lazy\" decoding=\"async\" src=\"\/site\/wp-content\/uploads\/dossiers\/pouiks_mange_fruits.jpg\" alt=\"\" width=\"600\" height=\"113\"><\/div>\n<table border=\"0\" width=\"500\" cellspacing=\"0\" cellpadding=\"0\" align=\"center\">\n<tbody>\n<tr>\n<td>\n<div><strong><span style=\"font-family: Trebuchet MS;\"><span style=\"font-size: x-small;\"><img loading=\"lazy\" decoding=\"async\" src=\"\/site\/wp-content\/uploads\/dossiers\/fruit_leg01.gif\" alt=\"\" width=\"39\" height=\"35\"><\/span><\/span><\/strong><\/div>\n<\/td>\n<td>\n<div><strong><span style=\"font-family: Trebuchet MS;\"><span style=\"font-size: x-small;\"><img loading=\"lazy\" decoding=\"async\" src=\"\/site\/wp-content\/uploads\/dossiers\/fruit_leg02.gif\" alt=\"\" width=\"28\" height=\"45\"><\/span><\/span><\/strong><\/div>\n<\/td>\n<td>\n<div><strong><span style=\"font-family: Trebuchet MS;\"><span style=\"font-size: x-small;\"><img loading=\"lazy\" decoding=\"async\" src=\"\/site\/wp-content\/uploads\/dossiers\/fruit_leg03.gif\" alt=\"\" width=\"35\" height=\"35\"><\/span><\/span><\/strong><\/div>\n<\/td>\n<td>\n<div><strong><span style=\"font-family: Trebuchet MS;\"><span style=\"font-size: x-small;\"><img loading=\"lazy\" decoding=\"async\" src=\"\/site\/wp-content\/uploads\/dossiers\/fruit_leg04.gif\" alt=\"\" width=\"35\" height=\"40\"><\/span><\/span><\/strong><\/div>\n<\/td>\n<td>\n<div><strong><span style=\"font-family: Trebuchet MS;\"><span style=\"font-size: x-small;\"><img loading=\"lazy\" decoding=\"async\" src=\"\/site\/wp-content\/uploads\/dossiers\/fruit_leg05.gif\" alt=\"\" width=\"35\" height=\"35\"><\/span><\/span><\/strong><\/div>\n<\/td>\n<td>\n<div><strong><span style=\"font-family: Trebuchet MS;\"><span style=\"font-size: x-small;\"><img loading=\"lazy\" decoding=\"async\" src=\"\/site\/wp-content\/uploads\/dossiers\/fruit_leg06.gif\" alt=\"\" width=\"35\" height=\"40\"><\/span><\/span><\/strong><\/div>\n<\/td>\n<td>\n<div><strong><span style=\"font-family: Trebuchet MS;\"><span style=\"font-size: x-small;\"><img loading=\"lazy\" decoding=\"async\" src=\"\/site\/wp-content\/uploads\/dossiers\/fruit_leg07.gif\" alt=\"\" width=\"35\" height=\"35\"><\/span><\/span><\/strong><\/div>\n<\/td>\n<td>\n<div><strong><span style=\"font-family: Trebuchet MS;\"><span style=\"font-size: x-small;\"><img loading=\"lazy\" decoding=\"async\" src=\"\/site\/wp-content\/uploads\/dossiers\/fruit_leg08.gif\" alt=\"\" width=\"32\" height=\"32\"><\/span><\/span><\/strong><\/div>\n<\/td>\n<td>\n<div><strong><span style=\"font-family: Trebuchet MS;\"><span style=\"font-size: x-small;\"><img loading=\"lazy\" decoding=\"async\" src=\"\/site\/wp-content\/uploads\/dossiers\/fruit_leg09.gif\" alt=\"\" width=\"35\" height=\"35\"><\/span><\/span><\/strong><\/div>\n<\/td>\n<\/tr>\n<\/tbody>\n<\/table>\n <p> Le cobaye peut manger des fruits et l\u00e9gumes quelques jours apr\u00e8s sa naissance. <br \/> \nIl imite sa maman qui en mange et goutte \u00e0 tout d\u00e8s son plus jeune \u00e2ge. <br \/> \nSi tu as adopt\u00e9 ton animal via une animalerie, les <strong>vendeurs<\/strong> t&rsquo;auront certainement <strong>recommand\u00e9 de ne pas donner de frais \u00e0 ton cobaye<\/strong> avant plusieurs mois ou t&rsquo;auront peut-\u00eatre dit que les <strong>fruits et l\u00e9gumes sont une friandise<\/strong>. <br \/> \n<span style=\"text-decoration: underline;\">C&rsquo;est enti\u00e8rement FAUX !!!<\/span> <br \/> \nLe cobaye a besoin de fruits et l\u00e9gumes tous les jours pour avoir sa ration quotidienne de vitamines (entre autre). <br \/> \nSi ton cobaye vient d&rsquo;une animalerie, tu peux commencer \u00e0 lui donner du frais environ 1 semaine apr\u00e8s son arriv\u00e9e et en toute petite quantit\u00e9 pour commencer. <br \/> \nPourquoi une semaine apr\u00e8s? Simplement parce que le stress du changement d&rsquo;habitat, le risque de changement d&rsquo;alimentation (croquettes) risquent de le perturber et que les aliments frais peuvent faciliter l&rsquo;apparition de diarrh\u00e9e. <br \/> \nDonc, il vaut mieux attendre une petite semaine que ton animal s&rsquo;habitue \u00e0 toi et voir si il dig\u00e8re correctement son alimentation actuelle. Si rien d&rsquo;anormal n&rsquo;est signal\u00e9 au niveau de l&rsquo;ap\u00e9tit et des crottes, tu peux commencer les fruits et l\u00e9gumes mais progressivement. Commence par un petit morceau de carotte ou de poivron et surveille bien les 3-4 jours suivants. A chaque nouvel aliment que tu donnes \u00e0 ton cobaye, il faut surveiller ses crottes. <br \/> \nSi tu donnes trop de choses qu&rsquo;il n&rsquo;a jamais mang\u00e9 d&rsquo;un coup, c&rsquo;est un risque de perturber les bact\u00e9ries de sa flore intestinal et donc risquer soit des gaz, soit de la diarrh\u00e9e. <br \/> \nDonc, pour r\u00e9sumer, le cobaye peut manger des aliments frais d\u00e8s le d\u00e9but mais en y allant progressivement. <\/p> \n<div>&nbsp;<\/div>\n<table border=\"1\" width=\"650\" cellspacing=\"0\" cellpadding=\"0\" align=\"center\">\n<tbody>\n<tr>\n<td colspan=\"3\" height=\"35\">\n<div><strong><span style=\"color: #3366ff;\"><span style=\"text-decoration: underline;\">Il appr\u00e9ciera : <\/span><\/span><\/strong><\/div>\n<\/td>\n<\/tr>\n<tr>\n<td valign=\"middle\" width=\"25%\" height=\"70\">\n<div><strong>Fruits<\/strong><\/div>\n<\/td>\n<td colspan=\"2\" valign=\"top\" width=\"66%\" height=\"70\">Banane, Cerise, Cl\u00e9mentine, Concombre, Fraise, Framboise, Kiwi, Mandarine, Melon, Mirabelle, Orange, Past\u00e8que, P\u00eache, Pomme, Raisin, Tomate<\/td>\n<\/tr>\n<tr>\n<td valign=\"middle\" width=\"25%\" height=\"70\">\n<div><strong>L\u00e9gumes \/ racines<\/strong><\/div>\n<\/td>\n<td colspan=\"2\" valign=\"middle\" height=\"70\">Betterave, Cardons, Carottes , C\u00e9leri, Chicor\u00e9e, Endive, Epinards, Navet, Fenouil, Haricots verts, Persil, Poivrons, Radis<\/td>\n<\/tr>\n<tr>\n<td valign=\"middle\" width=\"25%\" height=\"70\">\n<div><strong>Plantes<\/strong><\/div>\n<\/td>\n<td colspan=\"2\" valign=\"middle\" height=\"70\">Cerfeuil Sauvage, Herbe, Laiteron, Luzerne, Mouron Blanc (et uniquement le blanc), Patience, Pissenlit, Plantains, S\u00e9ne\u00e7ons, Tr\u00e8fle (sauf le rouge), Vesce<\/td>\n<\/tr>\n<\/tbody>\n<\/table>\n<table border=\"1\" width=\"650\" cellspacing=\"0\" cellpadding=\"0\" align=\"center\">\n<tbody>\n<tr>\n<td colspan=\"3\" height=\"35\">\n<div><span style=\"color: #339966;\"><span style=\"text-decoration: underline;\"><strong>A donner occasionnellement et en petite quantit\u00e9 :<\/strong><\/span><\/span><\/div>\n<\/td>\n<\/tr>\n<tr>\n<td valign=\"middle\" width=\"25%\" height=\"50\">\n<div><strong>Fruits<\/strong><\/div>\n<\/td>\n<td colspan=\"2\" valign=\"top\" width=\"66%\" height=\"50\">Poire<\/td>\n<\/tr>\n<tr>\n<td valign=\"middle\" width=\"25%\" height=\"50\">\n<div><strong>L\u00e9gumes \/ racines<\/strong><\/div>\n<\/td>\n<td colspan=\"2\" valign=\"top\" height=\"50\">Brocolis, Choux de Bruxelles, Feuilles de Choux Fleur, Chou Fris\u00e9, Chou de Printemps, Cresson, Choux de Bruxelles, Feuilles de Choux Fleur, Chou Fris\u00e9, Chou de Printemps<\/td>\n<\/tr>\n<tr>\n<td valign=\"middle\" width=\"25%\" height=\"50\">\n<div><strong>Plantes<\/strong><\/div>\n<\/td>\n<td colspan=\"2\" valign=\"top\" height=\"50\">Tr\u00e8fle (sauf le rouge)<\/td>\n<\/tr>\n<\/tbody>\n<\/table>\n<table border=\"1\" width=\"650\" cellspacing=\"0\" cellpadding=\"0\" align=\"center\">\n<tbody>\n<tr>\n<td colspan=\"3\" height=\"35\">\n<div><span style=\"color: #ff0000;\"><span style=\"text-decoration: underline;\"><strong>!! Ne lui donnez jamais !!<\/strong><\/span><\/span><\/div>\n<\/td>\n<\/tr>\n<tr>\n<td valign=\"middle\" width=\"25%\" height=\"70\">\n<div><strong>L\u00e9gumes \/ racines<\/strong><\/div>\n<\/td>\n<td colspan=\"2\" valign=\"top\" height=\"70\">Haricots crus, oignons, laitue pomm\u00e9e<\/td>\n<\/tr>\n<tr>\n<td valign=\"middle\" height=\"70\">\n<div><strong>Plantes<\/strong><\/div>\n<\/td>\n<td colspan=\"2\" valign=\"top\" height=\"70\">An\u00e9mone, Belladone, Bouton d&rsquo;Or, Buis, Ch\u00e9lidoine, Cigu\u00eb, Digitale, Fanes\/germes de pommes de terre, Foug\u00e8res, Liseron, Rhubarbe (sauvage ou cultiv\u00e9e)<\/td>\n<\/tr>\n<tr>\n<td valign=\"middle\" height=\"70\">\n<div><strong>Autres<\/strong><\/div>\n<\/td>\n<td colspan=\"2\" valign=\"top\" height=\"70\">Sucreries, chocolat, viennoiseries, produits laitiers &#8230; <br \/> \nProduits autres que pour Cochon d&rsquo;Inde<\/td>\n<\/tr>\n<\/tbody>\n<\/table>\n <p> <a href=\"http:\/\/www.cobayous.com\/site\/qui-sommes-nous\/\"><img loading=\"lazy\" decoding=\"async\" class=\"alignright\" title=\"copyright-pomelo.jpg\" src=\"\/site\/wp-content\/uploads\/dossiers\/copyright-pomelo.jpg\" alt=\"copyright-pomelo.jpg\" width=\"275\" height=\"50\" border=\"0\"><\/a> <\/p> \n <p> [\/ezcol_2third_end] <\/p> \n","protected":false},"excerpt":{"rendered":" <p> [ezcol_1third] EN BREF Le cobaye peut manger des fruits et l\u00e9gumes d\u00e8s sa naissance. Avec le foin, c&rsquo;est la base de son alimentation. Votre animal peut manger environ 1\/10\u00e8me de&#8230; <a href=\"http:\/\/www.cobayous.com\/site\/les-dossiers\/alimentation-du-cobaye\/fruits-et-legumes\/\">Read more &raquo;<\/a> <\/p> \n","protected":false},"author":1,"featured_media":0,"parent":19,"menu_order":3,"comment_status":"closed","ping_status":"closed","template":"","meta":{"ngg_post_thumbnail":0,"footnotes":""},"class_list":["post-43","page","type-page","status-publish","hentry"],"yoast_head":"<!-- This site is optimized with the Yoast SEO plugin v27.1.1 - https:\/\/yoast.com\/product\/yoast-seo-wordpress\/ -->\n<title>Alimentation : Fruits et l\u00e9gumes - Les Cobayes Pom&amp;Lolo<\/title>\n<meta name=\"robots\" content=\"index, follow, max-snippet:-1, max-image-preview:large, max-video-preview:-1\" \/>\n<link rel=\"canonical\" href=\"http:\/\/www.cobayous.com\/site\/les-dossiers\/alimentation-du-cobaye\/fruits-et-legumes\/\" \/>\n<meta property=\"og:locale\" content=\"fr_FR\" \/>\n<meta property=\"og:type\" content=\"article\" \/>\n<meta property=\"og:title\" content=\"Alimentation : Fruits et l\u00e9gumes - Les Cobayes Pom&amp;Lolo\" \/>\n<meta property=\"og:description\" content=\"[ezcol_1third] EN BREF Le cobaye peut manger des fruits et l\u00e9gumes d\u00e8s sa naissance. Avec le foin, c&rsquo;est la base de son alimentation. Votre animal peut manger environ 1\/10\u00e8me de... Read more &raquo;\" \/>\n<meta property=\"og:url\" content=\"http:\/\/www.cobayous.com\/site\/les-dossiers\/alimentation-du-cobaye\/fruits-et-legumes\/\" \/>\n<meta property=\"og:site_name\" content=\"Les Cobayes Pom&amp;Lolo\" \/>\n<meta property=\"article:modified_time\" content=\"2016-11-21T20:33:23+00:00\" \/>\n<meta property=\"og:image\" content=\"http:\/\/www.cobayous.Com\/site\/wp-content\/uploads\/img\/memo.png\" \/>\n<meta name=\"twitter:card\" content=\"summary_large_image\" \/>\n<meta name=\"twitter:label1\" content=\"Dur\u00e9e de lecture estim\u00e9e\" \/>\n\t<meta name=\"twitter:data1\" content=\"3 minutes\" \/>\n<script type=\"application\/ld+json\" class=\"yoast-schema-graph\">{\"@context\":\"https:\/\/schema.org\",\"@graph\":[{\"@type\":\"WebPage\",\"@id\":\"http:\/\/www.cobayous.com\/site\/les-dossiers\/alimentation-du-cobaye\/fruits-et-legumes\/\",\"url\":\"http:\/\/www.cobayous.com\/site\/les-dossiers\/alimentation-du-cobaye\/fruits-et-legumes\/\",\"name\":\"Alimentation : Fruits et l\u00e9gumes - Les Cobayes Pom&amp;Lolo\",\"isPartOf\":{\"@id\":\"http:\/\/www.cobayous.com\/site\/#website\"},\"primaryImageOfPage\":{\"@id\":\"http:\/\/www.cobayous.com\/site\/les-dossiers\/alimentation-du-cobaye\/fruits-et-legumes\/#primaryimage\"},\"image\":{\"@id\":\"http:\/\/www.cobayous.com\/site\/les-dossiers\/alimentation-du-cobaye\/fruits-et-legumes\/#primaryimage\"},\"thumbnailUrl\":\"http:\/\/www.cobayous.Com\/site\/wp-content\/uploads\/img\/memo.png\",\"datePublished\":\"2010-05-10T10:02:31+00:00\",\"dateModified\":\"2016-11-21T20:33:23+00:00\",\"breadcrumb\":{\"@id\":\"http:\/\/www.cobayous.com\/site\/les-dossiers\/alimentation-du-cobaye\/fruits-et-legumes\/#breadcrumb\"},\"inLanguage\":\"fr-FR\",\"potentialAction\":[{\"@type\":\"ReadAction\",\"target\":[\"http:\/\/www.cobayous.com\/site\/les-dossiers\/alimentation-du-cobaye\/fruits-et-legumes\/\"]}]},{\"@type\":\"ImageObject\",\"inLanguage\":\"fr-FR\",\"@id\":\"http:\/\/www.cobayous.com\/site\/les-dossiers\/alimentation-du-cobaye\/fruits-et-legumes\/#primaryimage\",\"url\":\"http:\/\/www.cobayous.Com\/site\/wp-content\/uploads\/img\/memo.png\",\"contentUrl\":\"http:\/\/www.cobayous.Com\/site\/wp-content\/uploads\/img\/memo.png\"},{\"@type\":\"BreadcrumbList\",\"@id\":\"http:\/\/www.cobayous.com\/site\/les-dossiers\/alimentation-du-cobaye\/fruits-et-legumes\/#breadcrumb\",\"itemListElement\":[{\"@type\":\"ListItem\",\"position\":1,\"name\":\"Accueil\",\"item\":\"http:\/\/www.cobayous.com\/site\/\"},{\"@type\":\"ListItem\",\"position\":2,\"name\":\"Dossiers\",\"item\":\"http:\/\/www.cobayous.com\/site\/les-dossiers\/\"},{\"@type\":\"ListItem\",\"position\":3,\"name\":\"Alimentation\",\"item\":\"http:\/\/www.cobayous.com\/site\/les-dossiers\/alimentation-du-cobaye\/\"},{\"@type\":\"ListItem\",\"position\":4,\"name\":\"Alimentation : Fruits et l\u00e9gumes\"}]},{\"@type\":\"WebSite\",\"@id\":\"http:\/\/www.cobayous.com\/site\/#website\",\"url\":\"http:\/\/www.cobayous.com\/site\/\",\"name\":\"Les Cobayes Pom&Lolo\",\"description\":\"\",\"publisher\":{\"@id\":\"http:\/\/www.cobayous.com\/site\/#organization\"},\"potentialAction\":[{\"@type\":\"SearchAction\",\"target\":{\"@type\":\"EntryPoint\",\"urlTemplate\":\"http:\/\/www.cobayous.com\/site\/?s={search_term_string}\"},\"query-input\":{\"@type\":\"PropertyValueSpecification\",\"valueRequired\":true,\"valueName\":\"search_term_string\"}}],\"inLanguage\":\"fr-FR\"},{\"@type\":\"Organization\",\"@id\":\"http:\/\/www.cobayous.com\/site\/#organization\",\"name\":\"Les Cobayes Pom&Lolo\",\"url\":\"http:\/\/www.cobayous.com\/site\/\",\"logo\":{\"@type\":\"ImageObject\",\"inLanguage\":\"fr-FR\",\"@id\":\"http:\/\/www.cobayous.com\/site\/#\/schema\/logo\/image\/\",\"url\":\"http:\/\/www.cobayous.com\/site\/wp-content\/uploads\/2024\/01\/header-bg.png\",\"contentUrl\":\"http:\/\/www.cobayous.com\/site\/wp-content\/uploads\/2024\/01\/header-bg.png\",\"width\":1022,\"height\":250,\"caption\":\"Les Cobayes Pom&Lolo\"},\"image\":{\"@id\":\"http:\/\/www.cobayous.com\/site\/#\/schema\/logo\/image\/\"}}]}<\/script>\n<!-- \/ Yoast SEO plugin. -->","yoast_head_json":{"title":"Alimentation : Fruits et l\u00e9gumes - Les Cobayes Pom&amp;Lolo","robots":{"index":"index","follow":"follow","max-snippet":"max-snippet:-1","max-image-preview":"max-image-preview:large","max-video-preview":"max-video-preview:-1"},"canonical":"http:\/\/www.cobayous.com\/site\/les-dossiers\/alimentation-du-cobaye\/fruits-et-legumes\/","og_locale":"fr_FR","og_type":"article","og_title":"Alimentation : Fruits et l\u00e9gumes - Les Cobayes Pom&amp;Lolo","og_description":"[ezcol_1third] EN BREF Le cobaye peut manger des fruits et l\u00e9gumes d\u00e8s sa naissance. Avec le foin, c&rsquo;est la base de son alimentation. Votre animal peut manger environ 1\/10\u00e8me de... Read more &raquo;","og_url":"http:\/\/www.cobayous.com\/site\/les-dossiers\/alimentation-du-cobaye\/fruits-et-legumes\/","og_site_name":"Les Cobayes Pom&amp;Lolo","article_modified_time":"2016-11-21T20:33:23+00:00","og_image":[{"url":"http:\/\/www.cobayous.Com\/site\/wp-content\/uploads\/img\/memo.png","type":"","width":"","height":""}],"twitter_card":"summary_large_image","twitter_misc":{"Dur\u00e9e de lecture estim\u00e9e":"3 minutes"},"schema":{"@context":"https:\/\/schema.org","@graph":[{"@type":"WebPage","@id":"http:\/\/www.cobayous.com\/site\/les-dossiers\/alimentation-du-cobaye\/fruits-et-legumes\/","url":"http:\/\/www.cobayous.com\/site\/les-dossiers\/alimentation-du-cobaye\/fruits-et-legumes\/","name":"Alimentation : Fruits et l\u00e9gumes - Les Cobayes Pom&amp;Lolo","isPartOf":{"@id":"http:\/\/www.cobayous.com\/site\/#website"},"primaryImageOfPage":{"@id":"http:\/\/www.cobayous.com\/site\/les-dossiers\/alimentation-du-cobaye\/fruits-et-legumes\/#primaryimage"},"image":{"@id":"http:\/\/www.cobayous.com\/site\/les-dossiers\/alimentation-du-cobaye\/fruits-et-legumes\/#primaryimage"},"thumbnailUrl":"http:\/\/www.cobayous.Com\/site\/wp-content\/uploads\/img\/memo.png","datePublished":"2010-05-10T10:02:31+00:00","dateModified":"2016-11-21T20:33:23+00:00","breadcrumb":{"@id":"http:\/\/www.cobayous.com\/site\/les-dossiers\/alimentation-du-cobaye\/fruits-et-legumes\/#breadcrumb"},"inLanguage":"fr-FR","potentialAction":[{"@type":"ReadAction","target":["http:\/\/www.cobayous.com\/site\/les-dossiers\/alimentation-du-cobaye\/fruits-et-legumes\/"]}]},{"@type":"ImageObject","inLanguage":"fr-FR","@id":"http:\/\/www.cobayous.com\/site\/les-dossiers\/alimentation-du-cobaye\/fruits-et-legumes\/#primaryimage","url":"http:\/\/www.cobayous.Com\/site\/wp-content\/uploads\/img\/memo.png","contentUrl":"http:\/\/www.cobayous.Com\/site\/wp-content\/uploads\/img\/memo.png"},{"@type":"BreadcrumbList","@id":"http:\/\/www.cobayous.com\/site\/les-dossiers\/alimentation-du-cobaye\/fruits-et-legumes\/#breadcrumb","itemListElement":[{"@type":"ListItem","position":1,"name":"Accueil","item":"http:\/\/www.cobayous.com\/site\/"},{"@type":"ListItem","position":2,"name":"Dossiers","item":"http:\/\/www.cobayous.com\/site\/les-dossiers\/"},{"@type":"ListItem","position":3,"name":"Alimentation","item":"http:\/\/www.cobayous.com\/site\/les-dossiers\/alimentation-du-cobaye\/"},{"@type":"ListItem","position":4,"name":"Alimentation : Fruits et l\u00e9gumes"}]},{"@type":"WebSite","@id":"http:\/\/www.cobayous.com\/site\/#website","url":"http:\/\/www.cobayous.com\/site\/","name":"Les Cobayes Pom&Lolo","description":"","publisher":{"@id":"http:\/\/www.cobayous.com\/site\/#organization"},"potentialAction":[{"@type":"SearchAction","target":{"@type":"EntryPoint","urlTemplate":"http:\/\/www.cobayous.com\/site\/?s={search_term_string}"},"query-input":{"@type":"PropertyValueSpecification","valueRequired":true,"valueName":"search_term_string"}}],"inLanguage":"fr-FR"},{"@type":"Organization","@id":"http:\/\/www.cobayous.com\/site\/#organization","name":"Les Cobayes Pom&Lolo","url":"http:\/\/www.cobayous.com\/site\/","logo":{"@type":"ImageObject","inLanguage":"fr-FR","@id":"http:\/\/www.cobayous.com\/site\/#\/schema\/logo\/image\/","url":"http:\/\/www.cobayous.com\/site\/wp-content\/uploads\/2024\/01\/header-bg.png","contentUrl":"http:\/\/www.cobayous.com\/site\/wp-content\/uploads\/2024\/01\/header-bg.png","width":1022,"height":250,"caption":"Les Cobayes Pom&Lolo"},"image":{"@id":"http:\/\/www.cobayous.com\/site\/#\/schema\/logo\/image\/"}}]}},"_links":{"self":[{"href":"http:\/\/www.cobayous.com\/site\/wp-json\/wp\/v2\/pages\/43","targetHints":{"allow":["GET"]}}],"collection":[{"href":"http:\/\/www.cobayous.com\/site\/wp-json\/wp\/v2\/pages"}],"about":[{"href":"http:\/\/www.cobayous.com\/site\/wp-json\/wp\/v2\/types\/page"}],"author":[{"embeddable":true,"href":"http:\/\/www.cobayous.com\/site\/wp-json\/wp\/v2\/users\/1"}],"replies":[{"embeddable":true,"href":"http:\/\/www.cobayous.com\/site\/wp-json\/wp\/v2\/comments?post=43"}],"version-history":[{"count":2,"href":"http:\/\/www.cobayous.com\/site\/wp-json\/wp\/v2\/pages\/43\/revisions"}],"predecessor-version":[{"id":3685,"href":"http:\/\/www.cobayous.com\/site\/wp-json\/wp\/v2\/pages\/43\/revisions\/3685"}],"up":[{"embeddable":true,"href":"http:\/\/www.cobayous.com\/site\/wp-json\/wp\/v2\/pages\/19"}],"wp:attachment":[{"href":"http:\/\/www.cobayous.com\/site\/wp-json\/wp\/v2\/media?parent=43"}],"curies":[{"name":"wp","href":"https:\/\/api.w.org\/{rel}","templated":true}]}}