{"id":2109,"date":"2011-06-13T13:51:56","date_gmt":"2011-06-13T12:51:56","guid":{"rendered":"http:\/\/www.cobayous.com\/site\/?page_id=2109"},"modified":"2011-06-13T19:53:05","modified_gmt":"2011-06-13T18:53:05","slug":"gifs-animes","status":"publish","type":"page","link":"http:\/\/www.cobayous.com\/site\/goodies\/telechargements\/gifs-animes\/","title":{"rendered":"Gifs anim\u00e9s"},"content":{"rendered":" <p> Voici une s\u00e9rie de gifs anim\u00e9s trouv\u00e9s par-ci par l\u00e0 sur le net. <\/p> \n <p> <strong><span style=\"color: #ff0000;\">Vous pouvez les utiliser sans probl\u00e8mes MAIS\u00a0 inutile                  d&rsquo;utiliser leur adresse URL, ils ne s&rsquo;afficheront pas ailleurs que sur Pom&amp;Lolo (je pr\u00e9serve ma bande passante <span class=\"wp-font-emots-emo-wink\"><\/span> )<\/span><\/strong> <\/p> \n <p> Pour enregistrer un gif sur votre pc, fa\u00eetes un clic droit                  sur celle-ci puis \u00ab\u00a0enregistrer l&rsquo;image sous&#8230; \u00a0\u00bb <\/p> \n <p> &nbsp; <\/p> \n<table border=\"0\" cellspacing=\"0\" cellpadding=\"0\" width=\"500\" align=\"center\">\n<tbody>\n<tr>\n<td width=\"50%\">\n<div style=\"text-align: center;\"><a title=\"Rongeurs\" href=\"http:\/\/www.cobayous.com\/site\/goodies\/telechargements\/gifs-animes\/rongeurs\/\">Rongeurs<\/a> (116)<\/div>\n<\/td>\n<td width=\"50%\">\n<div style=\"text-align: center;\"><a title=\"Chien de prairie\" href=\"http:\/\/www.cobayous.com\/site\/goodies\/telechargements\/gifs-animes\/chien-de-prairie\/\">Chien              de prairie<\/a> (18)<\/div>\n<\/td>\n<\/tr>\n<tr valign=\"bottom\">\n<td height=\"70\">\n<div><img loading=\"lazy\" decoding=\"async\" class=\"aligncenter\" src=\"\/site\/wp-content\/uploads\/goodies\/gifs\/rongeur006.gif\" border=\"0\" alt=\"\" width=\"49\" height=\"47\" \/><\/div>\n<\/td>\n<td height=\"70\">\n<div><img loading=\"lazy\" decoding=\"async\" class=\"aligncenter\" src=\"\/site\/wp-content\/uploads\/goodies\/gifs\/chienprairie01.gif\" border=\"0\" alt=\"\" width=\"24\" height=\"37\" \/><\/div>\n<\/td>\n<\/tr>\n<tr valign=\"bottom\">\n<td height=\"40\"><\/td>\n<td height=\"40\"><\/td>\n<\/tr>\n<tr valign=\"bottom\">\n<td height=\"40\">\n<div style=\"text-align: center;\"><a title=\"Mignon \/ Cute\" href=\"http:\/\/www.cobayous.com\/site\/goodies\/telechargements\/gifs-animes\/mignon-cute\/\">Cute \/ Mignons<\/a> (30)<\/div>\n<\/td>\n<td height=\"40\">\n<div style=\"text-align: center;\"><a title=\"Hamsters\" href=\"http:\/\/www.cobayous.com\/site\/goodies\/telechargements\/gifs-animes\/hamsters\/\">Hamsters<\/a> (24)<\/div>\n<\/td>\n<\/tr>\n<tr valign=\"bottom\">\n<td height=\"70\">\n<div><img loading=\"lazy\" decoding=\"async\" class=\"aligncenter\" src=\"\/site\/wp-content\/uploads\/goodies\/gifs\/cute026.gif\" border=\"0\" alt=\"\" width=\"41\" height=\"37\" \/><\/div>\n<\/td>\n<td height=\"70\">\n<div><img loading=\"lazy\" decoding=\"async\" class=\"aligncenter\" src=\"\/site\/wp-content\/uploads\/goodies\/gifs\/ham09.gif\" border=\"0\" alt=\"\" width=\"28\" height=\"32\" \/><\/div>\n<\/td>\n<\/tr>\n<\/tbody>\n<\/table>\n","protected":false},"excerpt":{"rendered":" <p> Voici une s\u00e9rie de gifs anim\u00e9s trouv\u00e9s par-ci par l\u00e0 sur le net. Vous pouvez les utiliser sans probl\u00e8mes MAIS\u00a0 inutile d&rsquo;utiliser leur adresse URL, ils ne s&rsquo;afficheront pas ailleurs&#8230; <a href=\"http:\/\/www.cobayous.com\/site\/goodies\/telechargements\/gifs-animes\/\">Read more &raquo;<\/a> <\/p> \n","protected":false},"author":1,"featured_media":0,"parent":2065,"menu_order":0,"comment_status":"open","ping_status":"open","template":"","meta":{"ngg_post_thumbnail":0,"footnotes":""},"class_list":["post-2109","page","type-page","status-publish","hentry"],"yoast_head":"<!-- This site is optimized with the Yoast SEO plugin v27.1.1 - https:\/\/yoast.com\/product\/yoast-seo-wordpress\/ -->\n<title>Gifs anim\u00e9s - Les Cobayes Pom&amp;Lolo<\/title>\n<meta name=\"robots\" content=\"index, follow, max-snippet:-1, max-image-preview:large, max-video-preview:-1\" \/>\n<link rel=\"canonical\" href=\"http:\/\/www.cobayous.com\/site\/goodies\/telechargements\/gifs-animes\/\" \/>\n<meta property=\"og:locale\" content=\"fr_FR\" \/>\n<meta property=\"og:type\" content=\"article\" \/>\n<meta property=\"og:title\" content=\"Gifs anim\u00e9s - Les Cobayes Pom&amp;Lolo\" \/>\n<meta property=\"og:description\" content=\"Voici une s\u00e9rie de gifs anim\u00e9s trouv\u00e9s par-ci par l\u00e0 sur le net. Vous pouvez les utiliser sans probl\u00e8mes MAIS\u00a0 inutile d&rsquo;utiliser leur adresse URL, ils ne s&rsquo;afficheront pas ailleurs... Read more &raquo;\" \/>\n<meta property=\"og:url\" content=\"http:\/\/www.cobayous.com\/site\/goodies\/telechargements\/gifs-animes\/\" \/>\n<meta property=\"og:site_name\" content=\"Les Cobayes Pom&amp;Lolo\" \/>\n<meta property=\"article:modified_time\" content=\"2011-06-13T18:53:05+00:00\" \/>\n<meta name=\"twitter:card\" content=\"summary_large_image\" \/>\n<script type=\"application\/ld+json\" class=\"yoast-schema-graph\">{\"@context\":\"https:\/\/schema.org\",\"@graph\":[{\"@type\":\"WebPage\",\"@id\":\"http:\/\/www.cobayous.com\/site\/goodies\/telechargements\/gifs-animes\/\",\"url\":\"http:\/\/www.cobayous.com\/site\/goodies\/telechargements\/gifs-animes\/\",\"name\":\"Gifs anim\u00e9s - Les Cobayes Pom&amp;Lolo\",\"isPartOf\":{\"@id\":\"http:\/\/www.cobayous.com\/site\/#website\"},\"datePublished\":\"2011-06-13T12:51:56+00:00\",\"dateModified\":\"2011-06-13T18:53:05+00:00\",\"breadcrumb\":{\"@id\":\"http:\/\/www.cobayous.com\/site\/goodies\/telechargements\/gifs-animes\/#breadcrumb\"},\"inLanguage\":\"fr-FR\",\"potentialAction\":[{\"@type\":\"ReadAction\",\"target\":[\"http:\/\/www.cobayous.com\/site\/goodies\/telechargements\/gifs-animes\/\"]}]},{\"@type\":\"BreadcrumbList\",\"@id\":\"http:\/\/www.cobayous.com\/site\/goodies\/telechargements\/gifs-animes\/#breadcrumb\",\"itemListElement\":[{\"@type\":\"ListItem\",\"position\":1,\"name\":\"Accueil\",\"item\":\"http:\/\/www.cobayous.com\/site\/\"},{\"@type\":\"ListItem\",\"position\":2,\"name\":\"Goodies\",\"item\":\"http:\/\/www.cobayous.com\/site\/goodies\/\"},{\"@type\":\"ListItem\",\"position\":3,\"name\":\"T\u00e9l\u00e9chargements\",\"item\":\"http:\/\/www.cobayous.com\/site\/goodies\/telechargements\/\"},{\"@type\":\"ListItem\",\"position\":4,\"name\":\"Gifs anim\u00e9s\"}]},{\"@type\":\"WebSite\",\"@id\":\"http:\/\/www.cobayous.com\/site\/#website\",\"url\":\"http:\/\/www.cobayous.com\/site\/\",\"name\":\"Les Cobayes Pom&Lolo\",\"description\":\"\",\"publisher\":{\"@id\":\"http:\/\/www.cobayous.com\/site\/#organization\"},\"potentialAction\":[{\"@type\":\"SearchAction\",\"target\":{\"@type\":\"EntryPoint\",\"urlTemplate\":\"http:\/\/www.cobayous.com\/site\/?s={search_term_string}\"},\"query-input\":{\"@type\":\"PropertyValueSpecification\",\"valueRequired\":true,\"valueName\":\"search_term_string\"}}],\"inLanguage\":\"fr-FR\"},{\"@type\":\"Organization\",\"@id\":\"http:\/\/www.cobayous.com\/site\/#organization\",\"name\":\"Les Cobayes Pom&Lolo\",\"url\":\"http:\/\/www.cobayous.com\/site\/\",\"logo\":{\"@type\":\"ImageObject\",\"inLanguage\":\"fr-FR\",\"@id\":\"http:\/\/www.cobayous.com\/site\/#\/schema\/logo\/image\/\",\"url\":\"http:\/\/www.cobayous.com\/site\/wp-content\/uploads\/2024\/01\/header-bg.png\",\"contentUrl\":\"http:\/\/www.cobayous.com\/site\/wp-content\/uploads\/2024\/01\/header-bg.png\",\"width\":1022,\"height\":250,\"caption\":\"Les Cobayes Pom&Lolo\"},\"image\":{\"@id\":\"http:\/\/www.cobayous.com\/site\/#\/schema\/logo\/image\/\"}}]}<\/script>\n<!-- \/ Yoast SEO plugin. -->","yoast_head_json":{"title":"Gifs anim\u00e9s - Les Cobayes Pom&amp;Lolo","robots":{"index":"index","follow":"follow","max-snippet":"max-snippet:-1","max-image-preview":"max-image-preview:large","max-video-preview":"max-video-preview:-1"},"canonical":"http:\/\/www.cobayous.com\/site\/goodies\/telechargements\/gifs-animes\/","og_locale":"fr_FR","og_type":"article","og_title":"Gifs anim\u00e9s - Les Cobayes Pom&amp;Lolo","og_description":"Voici une s\u00e9rie de gifs anim\u00e9s trouv\u00e9s par-ci par l\u00e0 sur le net. Vous pouvez les utiliser sans probl\u00e8mes MAIS\u00a0 inutile d&rsquo;utiliser leur adresse URL, ils ne s&rsquo;afficheront pas ailleurs... Read more &raquo;","og_url":"http:\/\/www.cobayous.com\/site\/goodies\/telechargements\/gifs-animes\/","og_site_name":"Les Cobayes Pom&amp;Lolo","article_modified_time":"2011-06-13T18:53:05+00:00","twitter_card":"summary_large_image","schema":{"@context":"https:\/\/schema.org","@graph":[{"@type":"WebPage","@id":"http:\/\/www.cobayous.com\/site\/goodies\/telechargements\/gifs-animes\/","url":"http:\/\/www.cobayous.com\/site\/goodies\/telechargements\/gifs-animes\/","name":"Gifs anim\u00e9s - Les Cobayes Pom&amp;Lolo","isPartOf":{"@id":"http:\/\/www.cobayous.com\/site\/#website"},"datePublished":"2011-06-13T12:51:56+00:00","dateModified":"2011-06-13T18:53:05+00:00","breadcrumb":{"@id":"http:\/\/www.cobayous.com\/site\/goodies\/telechargements\/gifs-animes\/#breadcrumb"},"inLanguage":"fr-FR","potentialAction":[{"@type":"ReadAction","target":["http:\/\/www.cobayous.com\/site\/goodies\/telechargements\/gifs-animes\/"]}]},{"@type":"BreadcrumbList","@id":"http:\/\/www.cobayous.com\/site\/goodies\/telechargements\/gifs-animes\/#breadcrumb","itemListElement":[{"@type":"ListItem","position":1,"name":"Accueil","item":"http:\/\/www.cobayous.com\/site\/"},{"@type":"ListItem","position":2,"name":"Goodies","item":"http:\/\/www.cobayous.com\/site\/goodies\/"},{"@type":"ListItem","position":3,"name":"T\u00e9l\u00e9chargements","item":"http:\/\/www.cobayous.com\/site\/goodies\/telechargements\/"},{"@type":"ListItem","position":4,"name":"Gifs anim\u00e9s"}]},{"@type":"WebSite","@id":"http:\/\/www.cobayous.com\/site\/#website","url":"http:\/\/www.cobayous.com\/site\/","name":"Les Cobayes Pom&Lolo","description":"","publisher":{"@id":"http:\/\/www.cobayous.com\/site\/#organization"},"potentialAction":[{"@type":"SearchAction","target":{"@type":"EntryPoint","urlTemplate":"http:\/\/www.cobayous.com\/site\/?s={search_term_string}"},"query-input":{"@type":"PropertyValueSpecification","valueRequired":true,"valueName":"search_term_string"}}],"inLanguage":"fr-FR"},{"@type":"Organization","@id":"http:\/\/www.cobayous.com\/site\/#organization","name":"Les Cobayes Pom&Lolo","url":"http:\/\/www.cobayous.com\/site\/","logo":{"@type":"ImageObject","inLanguage":"fr-FR","@id":"http:\/\/www.cobayous.com\/site\/#\/schema\/logo\/image\/","url":"http:\/\/www.cobayous.com\/site\/wp-content\/uploads\/2024\/01\/header-bg.png","contentUrl":"http:\/\/www.cobayous.com\/site\/wp-content\/uploads\/2024\/01\/header-bg.png","width":1022,"height":250,"caption":"Les Cobayes Pom&Lolo"},"image":{"@id":"http:\/\/www.cobayous.com\/site\/#\/schema\/logo\/image\/"}}]}},"_links":{"self":[{"href":"http:\/\/www.cobayous.com\/site\/wp-json\/wp\/v2\/pages\/2109","targetHints":{"allow":["GET"]}}],"collection":[{"href":"http:\/\/www.cobayous.com\/site\/wp-json\/wp\/v2\/pages"}],"about":[{"href":"http:\/\/www.cobayous.com\/site\/wp-json\/wp\/v2\/types\/page"}],"author":[{"embeddable":true,"href":"http:\/\/www.cobayous.com\/site\/wp-json\/wp\/v2\/users\/1"}],"replies":[{"embeddable":true,"href":"http:\/\/www.cobayous.com\/site\/wp-json\/wp\/v2\/comments?post=2109"}],"version-history":[{"count":0,"href":"http:\/\/www.cobayous.com\/site\/wp-json\/wp\/v2\/pages\/2109\/revisions"}],"up":[{"embeddable":true,"href":"http:\/\/www.cobayous.com\/site\/wp-json\/wp\/v2\/pages\/2065"}],"wp:attachment":[{"href":"http:\/\/www.cobayous.com\/site\/wp-json\/wp\/v2\/media?parent=2109"}],"curies":[{"name":"wp","href":"https:\/\/api.w.org\/{rel}","templated":true}]}}