{"id":2021,"date":"2011-05-09T22:08:38","date_gmt":"2011-05-09T21:08:38","guid":{"rendered":"http:\/\/www.cobayous.com\/site\/?page_id=2021"},"modified":"2016-11-21T18:38:21","modified_gmt":"2016-11-21T17:38:21","slug":"cabane-chewbacca","status":"publish","type":"page","link":"http:\/\/www.cobayous.com\/site\/les-dossiers\/preparer-larrivee-du-cobaye\/cabanes\/cabane-chewbacca\/","title":{"rendered":"La Cabane de Chewbacca"},"content":{"rendered":" <p> [ezcol_1third] <\/p> \n<div style=\"background: #EDF7F2; border: 1px solid #7FC6BC; color: #404040; padding: 0 10px 0 10px; margin-top: 1em; text-align: justify; border-radius: 10px;\">\n <p> <img loading=\"lazy\" decoding=\"async\" class=\"alignleft\" title=\"alire\" src=\"http:\/\/www.cobayous.Com\/site\/wp-content\/uploads\/img\/books.png\" alt=\"\" width=\"30\" height=\"30\"> <\/p> \n<h3>A LIRE<\/h3>\n <p> <span style=\"color: #008000;\" title=\"jeux sorties\">Les Cabanes de Chewie :<\/span> <\/p> \n<ul>\n<li><a title=\"Construire sa propre cabane en bois\" href=\"http:\/\/www.cobayous.com\/site\/les-dossiers\/preparer-larrivee-du-cobaye\/cabanes\/construire-cabane-bois\/\">Infos sur les cabanes<\/a><\/li>\n<li>Cabane de Chewbacca<\/li>\n<li><a title=\"Cabane par Angelfish\" href=\"http:\/\/www.cobayous.com\/site\/les-dossiers\/preparer-larrivee-du-cobaye\/cabanes\/cabane-angelfish\/\">Cabane par Angelfish<\/a><\/li>\n<li><a title=\"La Cabane de Sweety et Caline\" href=\"http:\/\/www.cobayous.com\/site\/les-dossiers\/preparer-larrivee-du-cobaye\/cabanes\/cabane-sweety-caline\/\">Cabane de Sweety et Caline<\/a><\/li>\n<li><a title=\"La Cabane de Caramel et Loulou\" href=\"http:\/\/www.cobayous.com\/site\/les-dossiers\/preparer-larrivee-du-cobaye\/cabanes\/cabane-caramel-loulou\/\">Cabane par Cindy<\/a><\/li>\n<\/ul>\n<\/div>\n<div style=\"background: #ffffff; border: 1px solid #EACFB8; color: #404040; padding: 0 10px 0 10px; margin-top: 1em; text-align: justify; border-radius: 10px;\"><script async=\"\" src=\"\/\/pagead2.googlesyndication.com\/pagead\/js\/adsbygoogle.js\"><\/script> <br \/> \n <!-- cob-dossier-gauche -->  <br \/> \n<ins class=\"adsbygoogle\" style=\"display: block;\" data-ad-client=\"ca-pub-3631834167777130\" data-ad-slot=\"6832657395\" data-ad-format=\"auto\"><\/ins> <br \/> \n<script>\n(adsbygoogle = window.adsbygoogle || []).push({});\n<\/script> <br \/> \n<img loading=\"lazy\" decoding=\"async\" class=\"alignleft\" src=\"http:\/\/www.cobayous.Com\/site\/wp-content\/uploads\/img\/question.png\" alt=\"\" width=\"30\" height=\"30\"> <\/p> \n<h4>DES QUESTIONS ?<\/h4>\n <p> Tu as des questions \u00e0 poser sur les cobayes? Tu souhaites discuter avec nous? <\/p> \n <p> <img loading=\"lazy\" decoding=\"async\" class=\"alignleft\" title=\"talk\" src=\"http:\/\/www.cobayous.com\/site\/wp-content\/uploads\/img\/icon-talk.png\" alt=\"\" width=\"44\" height=\"30\"> <a href=\"http:\/\/www.cobayous.Com\/forum\">Rejoins-nous !<\/a> <\/p> \n<\/div>\n <p> [\/ezcol_1third] [ezcol_2third_end] <\/p> \n<div style=\"background: none repeat scroll 0% 0% #D8B3DE; border: 1px solid #C189CA; color: #404040; padding: 0pt 10px; min-height: 220px; max-width: 98%; text-align: left;\">\n<table border=\"0\" width=\"98%\" cellspacing=\"0\" cellpadding=\"0\">\n<tbody>\n<tr>\n<td width=\"320\"><img loading=\"lazy\" decoding=\"async\" src=\"\/site\/wp-content\/uploads\/cabanes\/abri_cobaye.jpg\" alt=\"\" width=\"300\" height=\"71\"><\/td>\n<td>\n<div><span style=\"text-decoration: underline;\"><span style=\"font-size: x-small;\"><strong><span style=\"font-size: small;\">La Cabane de chewbacca<\/span><\/strong><\/span><\/span><\/div>\n<\/td>\n<\/tr>\n<\/tbody>\n<\/table>\n <p> &nbsp; <\/p> \n<table border=\"0\" width=\"98%\" cellspacing=\"0\" cellpadding=\"0\">\n<tbody>\n<tr>\n<td width=\"50%\"><span style=\"font-size: x-small;\"><strong><img loading=\"lazy\" decoding=\"async\" src=\"\/site\/wp-content\/uploads\/cabanes\/cabane_chewie1_pt.jpg\" alt=\"\" width=\"300\" height=\"234\"><\/strong><\/span> <\/p> \n <p> &nbsp;<\/td>\n<td valign=\"top\" width=\"50%\"><strong><em><big><big>Maison par Chewie<\/big><\/big><\/em><\/strong> <\/p> \n <p> &nbsp; <\/p> \n <p> <em><big><big>Dimensions:<\/big><\/big><\/em> <\/p> \n <p> <em><big>Hauteur: 18.8cm Largeur totale : 30 cm<\/big><\/em> <\/p> \n <p> <em><big>Profondeur 21,6 cm<\/big><\/em><\/td>\n<\/tr>\n<\/tbody>\n<\/table>\n<div>\n<table border=\"0\" width=\"98%\" cellspacing=\"0\" cellpadding=\"0\">\n<tbody>\n<tr>\n<td width=\"50%\"><big><em><span style=\"font-size: x-small;\"><strong><img loading=\"lazy\" decoding=\"async\" src=\"\/site\/wp-content\/uploads\/cabanes\/cabane%20_chewie3_pt.jpg\" alt=\"cabane _chewie3.jpg (125235 octets)\" width=\"300\" height=\"238\"><\/strong><\/span><\/em><\/big><\/td>\n<td width=\"50%\"><em><big><span style=\"font-size: x-small;\"><strong><img loading=\"lazy\" decoding=\"async\" src=\"\/site\/wp-content\/uploads\/cabanes\/cabane_chewie2_pt.jpg\" alt=\"\" width=\"300\" height=\"218\"><\/strong><\/span><\/big><\/em><\/td>\n<\/tr>\n<\/tbody>\n<\/table>\n<\/div>\n <p> <span style=\"font-size: x-small;\"><strong> <br \/> \n<\/strong> <\/span> <\/p> \n<div>\n<table border=\"0\" width=\"98%\" cellspacing=\"0\" cellpadding=\"0\">\n<tbody>\n<tr>\n<td valign=\"top\" width=\"33%\"><span style=\"color: #00ffff;\"><big><big><em><strong>Nombre de cochon:<\/strong><\/em><\/big><\/big><\/span> <\/p> \n <p> <img loading=\"lazy\" decoding=\"async\" src=\"\/site\/wp-content\/uploads\/cabanes\/guinea_pig01.gif\" alt=\"guinea_pig01.gif (421 octets)\" width=\"32\" height=\"32\"><\/td>\n<td valign=\"center\" width=\"33%\"><strong><span style=\"color: #80ffff;\"><em><big><big>Niveau de difficult\u00e9:<\/big><\/big><\/em><\/span><\/strong> <\/p> \n <p> <img loading=\"lazy\" decoding=\"async\" src=\"\/site\/wp-content\/uploads\/cabanes\/marteau.gif\" alt=\"\" width=\"81\" height=\"71\"><img loading=\"lazy\" decoding=\"async\" src=\"\/site\/wp-content\/uploads\/cabanes\/marteau.gif\" alt=\"\" width=\"81\" height=\"71\"><\/td>\n<td width=\"34%\"><strong><big><big><span style=\"color: #00ffff;\"><em>Prix de r\u00e9alisation:<\/em><\/span><\/big><\/big><\/strong> <\/p> \n <p> <img loading=\"lazy\" decoding=\"async\" src=\"\/site\/wp-content\/uploads\/cabanes\/dollar-gif-003.gif\" alt=\"\" width=\"42\" height=\"61\"><\/td>\n<\/tr>\n<\/tbody>\n<\/table>\n<\/div>\n <p> <em><small><small><img loading=\"lazy\" decoding=\"async\" src=\"\/site\/wp-content\/uploads\/cabanes\/1_line_misc_11x.gif\" alt=\"1_line_misc_11x.gif (2239 octets)\" width=\"391\" height=\"1\"><\/small><\/small> <\/em> <\/p> \n <p> <em><big><strong>Avantage<\/strong>: c&rsquo;est une jolie cabane, tr\u00e8s design, avec son toit en pente qui d\u00e9borde que le c\u00f4t\u00e9&#8230;<\/big><\/em> <\/p> \n <p> <em><big><strong>Inconv\u00e9nient<\/strong>: Le toit en pente emp\u00eache les cochons d&rsquo;inde de se percher sur la cabane<\/big><\/em> <\/p> \n <p> <small><em><img loading=\"lazy\" decoding=\"async\" src=\"\/site\/wp-content\/uploads\/cabanes\/1_line_misc_11x.gif\" alt=\"1_line_misc_11x.gif (2228 octets)\" width=\"391\" height=\"1\"><\/em><\/small> <\/p> \n <p> <big><strong><big><em>Prix de r\u00e9alisation de la cabane:<\/em><\/big><\/strong><\/big> <\/p> \n<div>\n<table border=\"1\" width=\"85%\" cellspacing=\"1\" cellpadding=\"0\">\n<tbody>\n<tr>\n<td rowspan=\"2\" align=\"center\" width=\"14%\"><strong><em>Taille optimale de la planche de bois<\/em><\/strong><\/td>\n<td rowspan=\"2\" align=\"center\" width=\"14%\"><strong><em>Utilisation r\u00e9elle<\/em><\/strong><\/td>\n<td colspan=\"2\" align=\"center\" width=\"28%\"><strong><em>Bois m\u00e9lamin\u00e9<\/em><\/strong><\/td>\n<td rowspan=\"2\" align=\"center\" width=\"15%\"><strong><em>Pin massif<\/em><\/strong><\/td>\n<td rowspan=\"2\" align=\"center\" width=\"15%\"><strong><em>H\u00eatre massif<\/em><\/strong><\/td>\n<\/tr>\n<tr>\n<td align=\"center\" width=\"14%\"><strong><em>Blanc<\/em><\/strong><\/td>\n<td align=\"center\" width=\"14%\"><strong><em>Imitation bois<\/em><\/strong><\/td>\n<\/tr>\n<tr>\n<td rowspan=\"2\" align=\"center\" width=\"14%\"><em>120 x 40 cm<\/em><\/td>\n<td rowspan=\"2\" align=\"center\" width=\"14%\"><em>90 x 30cm<\/em><\/td>\n<td align=\"center\" width=\"14%\"><em>6.80<\/em><\/td>\n<td align=\"center\" width=\"14%\"><em>8.50<\/em><\/td>\n<td align=\"center\" width=\"15%\"><em>7.30<\/em><\/td>\n<td align=\"center\" width=\"15%\"><em>19.70<\/em><\/td>\n<\/tr>\n<tr>\n<td align=\"center\" bgcolor=\"#ffffc0\" width=\"14%\"><strong><em>5.10<\/em><\/strong><\/td>\n<td align=\"center\" bgcolor=\"#ffffc0\" width=\"14%\"><strong><em>6.40<\/em><\/strong><\/td>\n<td align=\"center\" bgcolor=\"#ffffc0\" width=\"15%\"><strong><em>5.50<\/em><\/strong><\/td>\n<td align=\"center\" bgcolor=\"#ffffc0\" width=\"15%\"><strong><em>14.80<\/em><\/strong><\/td>\n<\/tr>\n<\/tbody>\n<\/table>\n <p> &nbsp; <\/p> \n<table border=\"0\" width=\"70%\" cellspacing=\"0\" cellpadding=\"0\">\n<tbody>\n<tr>\n<td><em>A chaque type de bois et pour un m\u00eame cabane correspondent 2 prix&#8230;<\/em> <\/p> \n <p> <em>Le <strong>celui du haut<\/strong> (sur fond violet) correspond au prix de la planche que vous devrez acheter pour faire la cabane <\/em> <\/p> \n <p> <em>Le second prix, en <strong>gras<\/strong> (sur fond jaune) est le prix que la cabane va vous co\u00fbter, car vous n&rsquo;utiliserez pas le totalit\u00e9 de la planche<\/em><\/td>\n<\/tr>\n<\/tbody>\n<\/table>\n <p> &nbsp; <\/p> \n<\/div>\n <p> <small><em><img loading=\"lazy\" decoding=\"async\" src=\"\/site\/wp-content\/uploads\/cabanes\/1_line_misc_11x.gif\" alt=\"1_line_misc_11x.gif (2228 octets)\" width=\"391\" height=\"1\"><\/em><\/small> <\/p> \n <p> &nbsp; <\/p> \n<table border=\"0\" width=\"98%\" cellspacing=\"0\" cellpadding=\"0\">\n<tbody>\n<tr>\n<td width=\"100%\">\n<p style=\"text-align: center;\"><em><big><big><big>Mat\u00e9riel: <br \/> \n<\/big><\/big><\/big><\/em> <\/p> \n<\/td>\n<\/tr>\n<tr>\n<td align=\"center\" valign=\"top\" width=\"100%\">\n<p style=\"text-align: center;\"><strong><em><big><big>Le bois <span style=\"color: #80ffff;\">(\u00e9paisseur 18 mm)<\/span><\/big><\/big><\/em><\/strong> <\/p> \n<ul>\n<li><span style=\"color: #400040;\"><em><big>Deux planches ainsi d\u00e9coup\u00e9es pour la face et l&rsquo;arri\u00e8re:<\/big><\/em><\/span><\/li>\n<\/ul>\n <p> <em><small> <img loading=\"lazy\" decoding=\"async\" src=\"\/site\/wp-content\/uploads\/cabanes\/cabane_chewiedessin2.jpg\" alt=\"\" width=\"283\" height=\"198\"><\/small><\/em> <\/p> \n<ul>\n<li><span style=\"color: #400040;\"><em><big>Deux planches de 12 x 18cm pour les c\u00f4t\u00e9s<\/big><\/em><\/span><\/li>\n<\/ul>\n<ul>\n<li><span style=\"color: #400040;\"><em><big>Pour le dessus: une planche de 21.6 x 11.5 cm<\/big><\/em><\/span><\/li>\n<\/ul>\n <p> <span style=\"color: #400040;\"><em><big> et une planche de 21.6 x 23.5 cm<\/big><\/em><\/span> <\/p> \n <p> <em><span style=\"color: #ffff00;\"><big><strong>Attention: <\/strong>si votre bois est moins \u00e9pais (8 mm ou 1 cm d&rsquo;\u00e9paisseur), il faudra r\u00e9duire l\u00e9g\u00e8rement la taille de certaines planches !!!<\/big><\/span><\/em> <\/p> \n <p> <em><span style=\"color: #ffff00;\"> <br \/> \n<\/span><\/em> <\/p> \n <p> <strong><em><big><big>Pour la d\u00e9coupe:<\/big><\/big><\/em><\/strong> <\/p> \n<ul>\n<li><em><big>Scie \u00e0 bois<\/big><\/em><\/li>\n<li><em><big>Scie cloche (et perceuse)<\/big><\/em><\/li>\n<li><em><big>Marteau<\/big><\/em><\/li>\n<li><em><big>Clous de taille moyenne, moins de 2cm de long<\/big><\/em><\/li>\n<\/ul>\n <p> &nbsp; <\/p> \n <p> <small><em><img loading=\"lazy\" decoding=\"async\" src=\"\/site\/wp-content\/uploads\/cabanes\/1_line_misc_11x.gif\" alt=\"1_line_misc_11x.gif (2228 octets)\" width=\"391\" height=\"1\"><\/em><\/small> <\/p> \n <p> &nbsp;<\/td>\n<\/tr>\n<tr>\n<td align=\"center\" width=\"100%\"><em><big><big><big>R\u00e9alisation:<\/big><\/big><\/big><\/em><\/td>\n<\/tr>\n<tr>\n<td width=\"100%\"><big><em><big><strong>Premi\u00e8re \u00e9tape<\/strong>: clouer les c\u00f4t\u00e9s sur le fond<\/big><\/em><\/big><small><em><img loading=\"lazy\" decoding=\"async\" src=\"\/site\/wp-content\/uploads\/cabanes\/cabane_chewie_etape1.jpg\" alt=\"\" width=\"314\" height=\"260\"><\/em><\/small> <\/p> \n <p> &nbsp;<\/td>\n<\/tr>\n<tr>\n<td width=\"100%\"><big><em><big><strong>Deuxi\u00e8me \u00e9tape<\/strong>: trouer la planche avant<\/big><\/em><\/big><small><em><img loading=\"lazy\" decoding=\"async\" src=\"\/site\/wp-content\/uploads\/cabanes\/cabane_chewie_etape2.jpg\" alt=\"\" width=\"283\" height=\"198\"><\/em><\/small> <\/p> \n <p> <em><big>Utilisez uns scie cloche fix\u00e9e au bout d&rsquo;une perceuse pour r\u00e9aliser les d\u00e9coupes circulaires<\/big><\/em> <\/p> \n <p> &nbsp;<\/td>\n<\/tr>\n<tr>\n<td width=\"100%\"><em><big><big><strong>Troisi\u00e8me \u00e9tape<\/strong>: fixer la fa\u00e7ade<\/big><\/big><\/em><small><em><img loading=\"lazy\" decoding=\"async\" src=\"\/site\/wp-content\/uploads\/cabanes\/cabane_chewie_etape3.jpg\" alt=\"\" width=\"314\" height=\"260\"><\/em><\/small> <\/p> \n <p> &nbsp;<\/td>\n<\/tr>\n<tr>\n<td width=\"100%\"><em><big><big><strong>Quatri\u00e8me \u00e9tape<\/strong>: raboter les planches du plafond<\/big><\/big><\/em><big><\/big> <\/p> \n<p style=\"text-align: center;\"><em><big>Le toit aura cette forme:<\/big><\/em> <\/p> \n<p style=\"text-align: center;\"><small><em><img loading=\"lazy\" decoding=\"async\" src=\"\/site\/wp-content\/uploads\/cabanes\/cabane_chewie_etape4A.jpg\" alt=\"\" width=\"253\" height=\"85\"><\/em><\/small> <\/p> \n<p style=\"text-align: center;\"><em><big>Or nos morceaux de bois ont cette apparence&#8230;<\/big><\/em> <\/p> \n<p style=\"text-align: center;\"><small><em><img loading=\"lazy\" decoding=\"async\" src=\"\/site\/wp-content\/uploads\/cabanes\/cabane_chewie_etape4B.jpg\" alt=\"\" width=\"305\" height=\"43\"><\/em><\/small> <\/p> \n<p style=\"text-align: center;\"><em><big>Il nous faut donc les rabotter de cette mani\u00e8re<\/big><\/em> <\/p> \n<p style=\"text-align: center;\"><small><em><img loading=\"lazy\" decoding=\"async\" src=\"\/site\/wp-content\/uploads\/cabanes\/cabane_chewie_etape4C.jpg\" alt=\"\" width=\"305\" height=\"43\"><\/em><\/small> <\/p> \n<p style=\"text-align: center;\">&nbsp; <\/p> \n<\/td>\n<\/tr>\n<tr>\n<td width=\"100%\"><em><big><big><strong>Cinqui\u00e8me \u00e9tape<\/strong>: fixer le toit<\/big><\/big><\/em><small><em>&nbsp;<\/em><\/small> <\/p> \n <p> <small> <\/small><small><em><img loading=\"lazy\" decoding=\"async\" class=\"aligncenter\" src=\"\/site\/wp-content\/uploads\/cabanes\/cabane_chewie_etape5.jpg\" alt=\"\" width=\"374\" height=\"238\"><\/em><\/small><\/td>\n<\/tr>\n<\/tbody>\n<\/table>\n<\/div>\n <p> <a href=\"http:\/\/www.cobayous.com\/site\/qui-sommes-nous\/\"><img loading=\"lazy\" decoding=\"async\" class=\"alignright\" title=\"copyright-pomelo.jpg\" src=\"\/site\/wp-content\/uploads\/dossiers\/copyright-pomelo.jpg\" alt=\"copyright-pomelo.jpg\" width=\"275\" height=\"50\" border=\"0\"><\/a> <\/p> \n <p> [\/ezcol_2third_end] <\/p> \n","protected":false},"excerpt":{"rendered":" <p> [ezcol_1third] A LIRE Les Cabanes de Chewie : Infos sur les cabanes Cabane de Chewbacca Cabane par Angelfish Cabane de Sweety et Caline Cabane par Cindy DES QUESTIONS ? Tu&#8230; <a href=\"http:\/\/www.cobayous.com\/site\/les-dossiers\/preparer-larrivee-du-cobaye\/cabanes\/cabane-chewbacca\/\">Read more &raquo;<\/a> <\/p> \n","protected":false},"author":1,"featured_media":0,"parent":1746,"menu_order":0,"comment_status":"closed","ping_status":"closed","template":"","meta":{"ngg_post_thumbnail":0,"footnotes":""},"class_list":["post-2021","page","type-page","status-publish","hentry"],"yoast_head":"<!-- This site is optimized with the Yoast SEO plugin v27.1.1 - https:\/\/yoast.com\/product\/yoast-seo-wordpress\/ -->\n<title>La Cabane de Chewbacca - Les Cobayes Pom&amp;Lolo<\/title>\n<meta name=\"robots\" content=\"index, follow, max-snippet:-1, max-image-preview:large, max-video-preview:-1\" \/>\n<link rel=\"canonical\" href=\"http:\/\/www.cobayous.com\/site\/les-dossiers\/preparer-larrivee-du-cobaye\/cabanes\/cabane-chewbacca\/\" \/>\n<meta property=\"og:locale\" content=\"fr_FR\" \/>\n<meta property=\"og:type\" content=\"article\" \/>\n<meta property=\"og:title\" content=\"La Cabane de Chewbacca - Les Cobayes Pom&amp;Lolo\" \/>\n<meta property=\"og:description\" content=\"[ezcol_1third] A LIRE Les Cabanes de Chewie : Infos sur les cabanes Cabane de Chewbacca Cabane par Angelfish Cabane de Sweety et Caline Cabane par Cindy DES QUESTIONS ? Tu... Read more &raquo;\" \/>\n<meta property=\"og:url\" content=\"http:\/\/www.cobayous.com\/site\/les-dossiers\/preparer-larrivee-du-cobaye\/cabanes\/cabane-chewbacca\/\" \/>\n<meta property=\"og:site_name\" content=\"Les Cobayes Pom&amp;Lolo\" \/>\n<meta property=\"article:modified_time\" content=\"2016-11-21T17:38:21+00:00\" \/>\n<meta property=\"og:image\" content=\"http:\/\/www.cobayous.Com\/site\/wp-content\/uploads\/img\/books.png\" \/>\n<meta name=\"twitter:card\" content=\"summary_large_image\" \/>\n<meta name=\"twitter:label1\" content=\"Dur\u00e9e de lecture estim\u00e9e\" \/>\n\t<meta name=\"twitter:data1\" content=\"2 minutes\" \/>\n<script type=\"application\/ld+json\" class=\"yoast-schema-graph\">{\"@context\":\"https:\/\/schema.org\",\"@graph\":[{\"@type\":\"WebPage\",\"@id\":\"http:\/\/www.cobayous.com\/site\/les-dossiers\/preparer-larrivee-du-cobaye\/cabanes\/cabane-chewbacca\/\",\"url\":\"http:\/\/www.cobayous.com\/site\/les-dossiers\/preparer-larrivee-du-cobaye\/cabanes\/cabane-chewbacca\/\",\"name\":\"La Cabane de Chewbacca - Les Cobayes Pom&amp;Lolo\",\"isPartOf\":{\"@id\":\"http:\/\/www.cobayous.com\/site\/#website\"},\"primaryImageOfPage\":{\"@id\":\"http:\/\/www.cobayous.com\/site\/les-dossiers\/preparer-larrivee-du-cobaye\/cabanes\/cabane-chewbacca\/#primaryimage\"},\"image\":{\"@id\":\"http:\/\/www.cobayous.com\/site\/les-dossiers\/preparer-larrivee-du-cobaye\/cabanes\/cabane-chewbacca\/#primaryimage\"},\"thumbnailUrl\":\"http:\/\/www.cobayous.Com\/site\/wp-content\/uploads\/img\/books.png\",\"datePublished\":\"2011-05-09T21:08:38+00:00\",\"dateModified\":\"2016-11-21T17:38:21+00:00\",\"breadcrumb\":{\"@id\":\"http:\/\/www.cobayous.com\/site\/les-dossiers\/preparer-larrivee-du-cobaye\/cabanes\/cabane-chewbacca\/#breadcrumb\"},\"inLanguage\":\"fr-FR\",\"potentialAction\":[{\"@type\":\"ReadAction\",\"target\":[\"http:\/\/www.cobayous.com\/site\/les-dossiers\/preparer-larrivee-du-cobaye\/cabanes\/cabane-chewbacca\/\"]}]},{\"@type\":\"ImageObject\",\"inLanguage\":\"fr-FR\",\"@id\":\"http:\/\/www.cobayous.com\/site\/les-dossiers\/preparer-larrivee-du-cobaye\/cabanes\/cabane-chewbacca\/#primaryimage\",\"url\":\"http:\/\/www.cobayous.Com\/site\/wp-content\/uploads\/img\/books.png\",\"contentUrl\":\"http:\/\/www.cobayous.Com\/site\/wp-content\/uploads\/img\/books.png\"},{\"@type\":\"BreadcrumbList\",\"@id\":\"http:\/\/www.cobayous.com\/site\/les-dossiers\/preparer-larrivee-du-cobaye\/cabanes\/cabane-chewbacca\/#breadcrumb\",\"itemListElement\":[{\"@type\":\"ListItem\",\"position\":1,\"name\":\"Accueil\",\"item\":\"http:\/\/www.cobayous.com\/site\/\"},{\"@type\":\"ListItem\",\"position\":2,\"name\":\"Dossiers\",\"item\":\"http:\/\/www.cobayous.com\/site\/les-dossiers\/\"},{\"@type\":\"ListItem\",\"position\":3,\"name\":\"Pr\u00e9parer son arriv\u00e9e\",\"item\":\"http:\/\/www.cobayous.com\/site\/les-dossiers\/preparer-larrivee-du-cobaye\/\"},{\"@type\":\"ListItem\",\"position\":4,\"name\":\"Les Cabanes\",\"item\":\"http:\/\/www.cobayous.com\/site\/les-dossiers\/preparer-larrivee-du-cobaye\/cabanes\/\"},{\"@type\":\"ListItem\",\"position\":5,\"name\":\"La Cabane de Chewbacca\"}]},{\"@type\":\"WebSite\",\"@id\":\"http:\/\/www.cobayous.com\/site\/#website\",\"url\":\"http:\/\/www.cobayous.com\/site\/\",\"name\":\"Les Cobayes Pom&Lolo\",\"description\":\"\",\"publisher\":{\"@id\":\"http:\/\/www.cobayous.com\/site\/#organization\"},\"potentialAction\":[{\"@type\":\"SearchAction\",\"target\":{\"@type\":\"EntryPoint\",\"urlTemplate\":\"http:\/\/www.cobayous.com\/site\/?s={search_term_string}\"},\"query-input\":{\"@type\":\"PropertyValueSpecification\",\"valueRequired\":true,\"valueName\":\"search_term_string\"}}],\"inLanguage\":\"fr-FR\"},{\"@type\":\"Organization\",\"@id\":\"http:\/\/www.cobayous.com\/site\/#organization\",\"name\":\"Les Cobayes Pom&Lolo\",\"url\":\"http:\/\/www.cobayous.com\/site\/\",\"logo\":{\"@type\":\"ImageObject\",\"inLanguage\":\"fr-FR\",\"@id\":\"http:\/\/www.cobayous.com\/site\/#\/schema\/logo\/image\/\",\"url\":\"http:\/\/www.cobayous.com\/site\/wp-content\/uploads\/2024\/01\/header-bg.png\",\"contentUrl\":\"http:\/\/www.cobayous.com\/site\/wp-content\/uploads\/2024\/01\/header-bg.png\",\"width\":1022,\"height\":250,\"caption\":\"Les Cobayes Pom&Lolo\"},\"image\":{\"@id\":\"http:\/\/www.cobayous.com\/site\/#\/schema\/logo\/image\/\"}}]}<\/script>\n<!-- \/ Yoast SEO plugin. -->","yoast_head_json":{"title":"La Cabane de Chewbacca - Les Cobayes Pom&amp;Lolo","robots":{"index":"index","follow":"follow","max-snippet":"max-snippet:-1","max-image-preview":"max-image-preview:large","max-video-preview":"max-video-preview:-1"},"canonical":"http:\/\/www.cobayous.com\/site\/les-dossiers\/preparer-larrivee-du-cobaye\/cabanes\/cabane-chewbacca\/","og_locale":"fr_FR","og_type":"article","og_title":"La Cabane de Chewbacca - Les Cobayes Pom&amp;Lolo","og_description":"[ezcol_1third] A LIRE Les Cabanes de Chewie : Infos sur les cabanes Cabane de Chewbacca Cabane par Angelfish Cabane de Sweety et Caline Cabane par Cindy DES QUESTIONS ? Tu... Read more &raquo;","og_url":"http:\/\/www.cobayous.com\/site\/les-dossiers\/preparer-larrivee-du-cobaye\/cabanes\/cabane-chewbacca\/","og_site_name":"Les Cobayes Pom&amp;Lolo","article_modified_time":"2016-11-21T17:38:21+00:00","og_image":[{"url":"http:\/\/www.cobayous.Com\/site\/wp-content\/uploads\/img\/books.png","type":"","width":"","height":""}],"twitter_card":"summary_large_image","twitter_misc":{"Dur\u00e9e de lecture estim\u00e9e":"2 minutes"},"schema":{"@context":"https:\/\/schema.org","@graph":[{"@type":"WebPage","@id":"http:\/\/www.cobayous.com\/site\/les-dossiers\/preparer-larrivee-du-cobaye\/cabanes\/cabane-chewbacca\/","url":"http:\/\/www.cobayous.com\/site\/les-dossiers\/preparer-larrivee-du-cobaye\/cabanes\/cabane-chewbacca\/","name":"La Cabane de Chewbacca - Les Cobayes Pom&amp;Lolo","isPartOf":{"@id":"http:\/\/www.cobayous.com\/site\/#website"},"primaryImageOfPage":{"@id":"http:\/\/www.cobayous.com\/site\/les-dossiers\/preparer-larrivee-du-cobaye\/cabanes\/cabane-chewbacca\/#primaryimage"},"image":{"@id":"http:\/\/www.cobayous.com\/site\/les-dossiers\/preparer-larrivee-du-cobaye\/cabanes\/cabane-chewbacca\/#primaryimage"},"thumbnailUrl":"http:\/\/www.cobayous.Com\/site\/wp-content\/uploads\/img\/books.png","datePublished":"2011-05-09T21:08:38+00:00","dateModified":"2016-11-21T17:38:21+00:00","breadcrumb":{"@id":"http:\/\/www.cobayous.com\/site\/les-dossiers\/preparer-larrivee-du-cobaye\/cabanes\/cabane-chewbacca\/#breadcrumb"},"inLanguage":"fr-FR","potentialAction":[{"@type":"ReadAction","target":["http:\/\/www.cobayous.com\/site\/les-dossiers\/preparer-larrivee-du-cobaye\/cabanes\/cabane-chewbacca\/"]}]},{"@type":"ImageObject","inLanguage":"fr-FR","@id":"http:\/\/www.cobayous.com\/site\/les-dossiers\/preparer-larrivee-du-cobaye\/cabanes\/cabane-chewbacca\/#primaryimage","url":"http:\/\/www.cobayous.Com\/site\/wp-content\/uploads\/img\/books.png","contentUrl":"http:\/\/www.cobayous.Com\/site\/wp-content\/uploads\/img\/books.png"},{"@type":"BreadcrumbList","@id":"http:\/\/www.cobayous.com\/site\/les-dossiers\/preparer-larrivee-du-cobaye\/cabanes\/cabane-chewbacca\/#breadcrumb","itemListElement":[{"@type":"ListItem","position":1,"name":"Accueil","item":"http:\/\/www.cobayous.com\/site\/"},{"@type":"ListItem","position":2,"name":"Dossiers","item":"http:\/\/www.cobayous.com\/site\/les-dossiers\/"},{"@type":"ListItem","position":3,"name":"Pr\u00e9parer son arriv\u00e9e","item":"http:\/\/www.cobayous.com\/site\/les-dossiers\/preparer-larrivee-du-cobaye\/"},{"@type":"ListItem","position":4,"name":"Les Cabanes","item":"http:\/\/www.cobayous.com\/site\/les-dossiers\/preparer-larrivee-du-cobaye\/cabanes\/"},{"@type":"ListItem","position":5,"name":"La Cabane de Chewbacca"}]},{"@type":"WebSite","@id":"http:\/\/www.cobayous.com\/site\/#website","url":"http:\/\/www.cobayous.com\/site\/","name":"Les Cobayes Pom&Lolo","description":"","publisher":{"@id":"http:\/\/www.cobayous.com\/site\/#organization"},"potentialAction":[{"@type":"SearchAction","target":{"@type":"EntryPoint","urlTemplate":"http:\/\/www.cobayous.com\/site\/?s={search_term_string}"},"query-input":{"@type":"PropertyValueSpecification","valueRequired":true,"valueName":"search_term_string"}}],"inLanguage":"fr-FR"},{"@type":"Organization","@id":"http:\/\/www.cobayous.com\/site\/#organization","name":"Les Cobayes Pom&Lolo","url":"http:\/\/www.cobayous.com\/site\/","logo":{"@type":"ImageObject","inLanguage":"fr-FR","@id":"http:\/\/www.cobayous.com\/site\/#\/schema\/logo\/image\/","url":"http:\/\/www.cobayous.com\/site\/wp-content\/uploads\/2024\/01\/header-bg.png","contentUrl":"http:\/\/www.cobayous.com\/site\/wp-content\/uploads\/2024\/01\/header-bg.png","width":1022,"height":250,"caption":"Les Cobayes Pom&Lolo"},"image":{"@id":"http:\/\/www.cobayous.com\/site\/#\/schema\/logo\/image\/"}}]}},"_links":{"self":[{"href":"http:\/\/www.cobayous.com\/site\/wp-json\/wp\/v2\/pages\/2021","targetHints":{"allow":["GET"]}}],"collection":[{"href":"http:\/\/www.cobayous.com\/site\/wp-json\/wp\/v2\/pages"}],"about":[{"href":"http:\/\/www.cobayous.com\/site\/wp-json\/wp\/v2\/types\/page"}],"author":[{"embeddable":true,"href":"http:\/\/www.cobayous.com\/site\/wp-json\/wp\/v2\/users\/1"}],"replies":[{"embeddable":true,"href":"http:\/\/www.cobayous.com\/site\/wp-json\/wp\/v2\/comments?post=2021"}],"version-history":[{"count":2,"href":"http:\/\/www.cobayous.com\/site\/wp-json\/wp\/v2\/pages\/2021\/revisions"}],"predecessor-version":[{"id":3681,"href":"http:\/\/www.cobayous.com\/site\/wp-json\/wp\/v2\/pages\/2021\/revisions\/3681"}],"up":[{"embeddable":true,"href":"http:\/\/www.cobayous.com\/site\/wp-json\/wp\/v2\/pages\/1746"}],"wp:attachment":[{"href":"http:\/\/www.cobayous.com\/site\/wp-json\/wp\/v2\/media?parent=2021"}],"curies":[{"name":"wp","href":"https:\/\/api.w.org\/{rel}","templated":true}]}}