{"id":1386,"date":"2008-06-30T13:06:21","date_gmt":"2008-06-30T12:06:21","guid":{"rendered":"http:\/\/www.cobayous.com\/site\/?page_id=1386"},"modified":"2016-11-21T22:36:59","modified_gmt":"2016-11-21T21:36:59","slug":"choix-forum-cobaye","status":"publish","type":"page","link":"http:\/\/www.cobayous.com\/site\/les-dossiers\/speciaux-pratiques\/choix-forum-cobaye\/","title":{"rendered":"Choix d&rsquo;un forum cobaye"},"content":{"rendered":" <p> [ezcol_1third] <\/p> \n<div style=\"background: #FFEFCE; border: 1px solid #BD8D46; color: #404040; padding: 0 10px 0 10px; margin-top: 1em; text-align: justify; border-radius: 10px;\">\n<h3><img loading=\"lazy\" decoding=\"async\" class=\"alignleft\" title=\"memo\" src=\"http:\/\/www.cobayous.Com\/site\/wp-content\/uploads\/img\/memo.png\" alt=\"\" width=\"30\" height=\"30\">EN BREF<\/h3>\n <p> Les Sites et forums qui se proclament haut et fort comme \u00e9tant \u00ab\u00a0de r\u00e9f\u00e9rence\u00a0\u00bb ne sont pas forc\u00e9ment les meilleurs. <\/p> \n <p> Ce qui compte, c&rsquo;est la qualit\u00e9 des messages, pas la quantit\u00e9 ! <\/p> \n<\/div>\n<div style=\"background: #EDF7F2; border: 1px solid #7FC6BC; color: #404040; padding: 0 10px 0 10px; margin-top: 1em; text-align: justify; border-radius: 10px;\">\n <p> <img loading=\"lazy\" decoding=\"async\" class=\"alignleft\" title=\"alire\" src=\"http:\/\/www.cobayous.Com\/site\/wp-content\/uploads\/img\/books.png\" alt=\"\" width=\"30\" height=\"30\"> <\/p> \n<h3>A LIRE<\/h3>\n<div id=\"shailan-subpages-1064-1\">\n<ul>\n<li><a title=\"Pr\u00e9parer son arriv\u00e9e\" href=\"http:\/\/www.cobayous.com\/site\/les-dossiers\/preparer-larrivee-du-cobaye\/\" rel=\"\">Pr\u00e9parer son arriv\u00e9e<\/a><\/li>\n<li><a title=\"Cohabitation chez le cobaye\" href=\"http:\/\/www.cobayous.com\/site\/les-dossiers\/cohabitation-cobaye\/\" rel=\"\">Cohabitation<\/a><\/li>\n<li><a title=\"Alimentation\" href=\"http:\/\/www.cobayous.com\/site\/les-dossiers\/alimentation-du-cobaye\/\" rel=\"\">Alimentation<\/a><\/li>\n<li><a title=\"Apprivoiser son cobaye\" href=\"http:\/\/www.cobayous.com\/site\/les-dossiers\/apprivoiser-son-cobaye\/\">Apprivoisement<\/a><\/li>\n<li><a title=\"Comportement\" href=\"http:\/\/www.cobayous.com\/site\/les-dossiers\/comportement-du-cobaye\/\" rel=\"\">Comportement<\/a><\/li>\n<li><a title=\"Les Soins\" href=\"http:\/\/www.cobayous.com\/site\/les-dossiers\/les-soins\/\" rel=\"\">Les Soins<\/a><\/li>\n<li><a title=\"Jeux et sorties chez le cobaye\" href=\"http:\/\/www.cobayous.com\/site\/les-dossiers\/jeux-sorties-cobaye\/\" rel=\"\">Jeux et sorties<\/a><\/li>\n<li><a title=\"Id\u00e9es de noms pour votre cobaye\" href=\"http:\/\/www.cobayous.com\/site\/les-dossiers\/idees-noms-cobaye\/\" rel=\"\">Id\u00e9es de noms<\/a><\/li>\n<\/ul>\n<\/div>\n<\/div>\n<div style=\"background: #ffffff; border: 1px solid #EACFB8; color: #404040; padding: 0 10px 0 10px; margin-top: 1em; text-align: justify; border-radius: 10px;\"><script async=\"\" src=\"\/\/pagead2.googlesyndication.com\/pagead\/js\/adsbygoogle.js\"><\/script> <br \/> \n <!-- cob-dossier-gauche -->  <br \/> \n<ins class=\"adsbygoogle\" style=\"display: block;\" data-ad-client=\"ca-pub-3631834167777130\" data-ad-slot=\"6832657395\" data-ad-format=\"auto\"><\/ins> <br \/> \n<script>\n(adsbygoogle = window.adsbygoogle || []).push({});\n<\/script> <br \/> \n<img loading=\"lazy\" decoding=\"async\" class=\"alignleft\" src=\"http:\/\/www.cobayous.Com\/site\/wp-content\/uploads\/img\/question.png\" alt=\"\" width=\"30\" height=\"30\"> <\/p> \n<h4>DES QUESTIONS ?<\/h4>\n <p> Tu as des questions \u00e0 poser sur les cobayes? Tu souhaites discuter avec nous? <\/p> \n <p> <img loading=\"lazy\" decoding=\"async\" class=\"alignleft\" title=\"talk\" src=\"http:\/\/www.cobayous.com\/site\/wp-content\/uploads\/img\/icon-talk.png\" alt=\"\" width=\"44\" height=\"30\"> <a href=\"http:\/\/www.cobayous.Com\/forum\">Rejoins-nous !<\/a> <\/p> \n<\/div>\n <p> [\/ezcol_1third] [ezcol_2third_end] <\/p> \n<div style=\"background: none repeat scroll 0% 0% #f5fafc; border: 1px solid #6396ef; color: #404040; padding: 0pt 10px; margin-top: 1em; min-height: 220px; max-width: 98%; text-align: left;\">\n <p> <span style=\"text-decoration: underline;\"><span style=\"color: #3366ff;\"><strong>Un forum c&rsquo;est quoi ?<\/strong><\/span> <\/span> <\/p> \n <p> Dans le cadre du net, un <strong>forum<\/strong> est un lieu virtuel o\u00f9 l&rsquo;on<strong> peut poser ses questions<\/strong> et <strong>discuter librement<\/strong> tout en <strong>respectant les r\u00e8gles \u00e9tablies.<\/strong> <br \/> \nCes r\u00e8gles sont plus ou moins les m\u00eames sur tous les forums et sont tout \u00e0 fait logiques bien qu&rsquo;il soit n\u00e9cessaire de les rappeler \u00e0 l&rsquo;inscription et tout au long de la vie d&rsquo;un membre. <br \/> \nG\u00e9n\u00e9ralement, ce sont des r\u00e8gles de <strong>bonne conduite<\/strong> (pas d&rsquo;insultes, de propos racistes &#8230;), de <strong>respect des autres<\/strong> et d&rsquo;<strong>\u00e9criture correcte<\/strong>. <\/p> \n <p> Sur le net, vous trouverez plein de forums sur le th\u00e8me des cochons d&rsquo;Inde. <br \/> \n\u00c9tant donn\u00e9 que<a href=\"http:\/\/www.cobayous.Com\/forum\/index.php\" target=\"_blank\"> Pom&amp;Lolo a son propre forum<\/a>, il est \u00ab\u00a0normal\u00a0\u00bb que je vous renvoie vers celui-ci. <\/p> \n <p> &nbsp; <\/p> \n <p> <span style=\"text-decoration: underline;\"><strong><span style=\"color: #3366ff;\">Mais &#8230;.<\/span><\/strong><\/span> <\/p> \n <p> Mais parmi tous les forums pr\u00e9sents sur le net, vous en trouverez certains qui se croient tout permis &#8230; <br \/> \nIl y a d&rsquo;abord les <strong>forums dont l&rsquo;inscription est payante<\/strong> sous pr\u00e9texte que cette inscription peut vous \u00e9viter une visite chez le v\u00e9t\u00e9rinaire &#8230; <\/p> \n <p> Ensuite, il y a les<strong> forums qui bannissent \u00e0 tour de bras<\/strong>, <span style=\"text-decoration: underline;\"> <strong>sans pr\u00e9avis<\/strong><\/span> et sans que le membre n&rsquo;ait fait quoi que ce soit. <\/p> \n <p> En g\u00e9n\u00e9ral, quand on bannit un membre, c&rsquo;est qu&rsquo;il a fait quelque chose \u00ab\u00a0de grave\u00a0\u00bb ou que malgr\u00e9 les mises au point et les demandes de l&rsquo;\u00e9quipe, il continue \u00e0 n&rsquo;en faire qu&rsquo;\u00e0 sa t\u00eate sans respecter quoi que ce soit. <br \/> \nLogiquement, que le membre ait commis un acte inf\u00e2me ou non, <strong>l&rsquo;administrateur<\/strong> du forum ou toute autre personne de l&rsquo;\u00e9quipe <strong>doit le pr\u00e9venir avant de le sanctionner.<\/strong> <\/p> \n <p> Et bien, <strong><span style=\"color: #ff0000;\">il semble que \u00e7a ne soit pas le cas partout.<\/span><\/strong> <\/p> \n <p> En effet, des personnes se sont vues <strong>bannies<\/strong> d&rsquo;un forum sans raison particuli\u00e8re et sans pr\u00e9avis. <br \/> \nEn fait, si, il y a une raison :<strong> avoir donn\u00e9 son avis de mani\u00e8re polie et courtoise<\/strong>. Malheureusement, cet avis n&rsquo;allait apparemment pas dans le sens de l&rsquo;administratrice qui, au lieu de continuer la discussion, a pr\u00e9f\u00e9r\u00e9 bannir ces membres. <br \/> \nIl est donc tout \u00e0 fait l\u00e9gitime de bannir ces membres peu scrupuleux des doctrines du forum. <\/p> \n <p> Bref, revenons-en \u00e0 nos cochons &#8230; <\/p> \n <p> <span style=\"text-decoration: underline; color: #3366ff;\"><strong>Quelques conseils :<\/strong><\/span> <\/p> \n <p> Si il y a quelques conseils que je peux vous donner, les voici : <\/p> \n <p> &#8211; Les <strong>Sites et forums<\/strong> qui <strong>se proclament<\/strong> haut et fort comme \u00e9tant \u00ab\u00a0<strong>de r\u00e9f\u00e9rence<\/strong>\u00a0\u00bb <strong><span style=\"color: #ff0000;\">ne sont pas forc\u00e9ment les meilleurs.<\/span><\/strong> <br \/> \nUn bon forum n&rsquo;a pas besoin de ce qualificatif pour \u00eatre reconnu comme \u00e9tant de bon conseils. <\/p> \n <p> &#8211; Ce n&rsquo;est pas le nombre de messages au compteur qui est important. Peu importe la quantit\u00e9 de messages post\u00e9s chaque jour. <br \/> \n<span style=\"color: #ff0000;\"><strong>Ce qui compte, c&rsquo;est la qualit\u00e9 des messages, pas la quantit\u00e9 !<\/strong><\/span> <\/p> \n <p> Sur notre forum Pom&amp;Lolo, il y a environ <strong>95 000 messages<\/strong> qui ont \u00e9t\u00e9<strong> post\u00e9s en 5 ans<\/strong>. Cela semble peu compar\u00e9 \u00e0 d&rsquo;autres forums qui se disent \u00ab\u00a0de r\u00e9f\u00e9rence\u00a0\u00bbqui en ont eu autant en 6 mois. Est-ce que cela veut dire qu&rsquo;il est meilleur pour autant ? <\/p> \n <p> Quoi qu&rsquo;il en soit, je vous souhaite de trouver un forum qui correspond \u00e0 vos attentes, que ce soit<a href=\"http:\/\/www.cobayous.com\/forum\/index.php\"> Pom&amp;Lolo<\/a> ou un <\/p> \n<\/div>\n <p> <a href=\"http:\/\/www.cobayous.com\/site\/qui-sommes-nous\/\"><img loading=\"lazy\" decoding=\"async\" class=\"alignright\" title=\"copyright-pomelo.jpg\" src=\"\/site\/wp-content\/uploads\/dossiers\/copyright-pomelo.jpg\" alt=\"copyright-pomelo.jpg\" width=\"275\" height=\"50\" border=\"0\"><\/a> <\/p> \n <p> [\/ezcol_2third_end] <\/p> \n","protected":false},"excerpt":{"rendered":" <p> [ezcol_1third] EN BREF Les Sites et forums qui se proclament haut et fort comme \u00e9tant \u00ab\u00a0de r\u00e9f\u00e9rence\u00a0\u00bb ne sont pas forc\u00e9ment les meilleurs. Ce qui compte, c&rsquo;est la qualit\u00e9 des&#8230; <a href=\"http:\/\/www.cobayous.com\/site\/les-dossiers\/speciaux-pratiques\/choix-forum-cobaye\/\">Read more &raquo;<\/a> <\/p> \n","protected":false},"author":1,"featured_media":0,"parent":1284,"menu_order":13,"comment_status":"closed","ping_status":"open","template":"","meta":{"ngg_post_thumbnail":0,"footnotes":""},"class_list":["post-1386","page","type-page","status-publish","hentry"],"yoast_head":"<!-- This site is optimized with the Yoast SEO plugin v27.1.1 - https:\/\/yoast.com\/product\/yoast-seo-wordpress\/ -->\n<title>Choix d&#039;un forum cobaye - Les Cobayes Pom&amp;Lolo<\/title>\n<meta name=\"robots\" content=\"index, follow, max-snippet:-1, max-image-preview:large, max-video-preview:-1\" \/>\n<link rel=\"canonical\" href=\"http:\/\/www.cobayous.com\/site\/les-dossiers\/speciaux-pratiques\/choix-forum-cobaye\/\" \/>\n<meta property=\"og:locale\" content=\"fr_FR\" \/>\n<meta property=\"og:type\" content=\"article\" \/>\n<meta property=\"og:title\" content=\"Choix d&#039;un forum cobaye - Les Cobayes Pom&amp;Lolo\" \/>\n<meta property=\"og:description\" content=\"[ezcol_1third] EN BREF Les Sites et forums qui se proclament haut et fort comme \u00e9tant \u00ab\u00a0de r\u00e9f\u00e9rence\u00a0\u00bb ne sont pas forc\u00e9ment les meilleurs. Ce qui compte, c&rsquo;est la qualit\u00e9 des... Read more &raquo;\" \/>\n<meta property=\"og:url\" content=\"http:\/\/www.cobayous.com\/site\/les-dossiers\/speciaux-pratiques\/choix-forum-cobaye\/\" \/>\n<meta property=\"og:site_name\" content=\"Les Cobayes Pom&amp;Lolo\" \/>\n<meta property=\"article:modified_time\" content=\"2016-11-21T21:36:59+00:00\" \/>\n<meta property=\"og:image\" content=\"http:\/\/www.cobayous.Com\/site\/wp-content\/uploads\/img\/memo.png\" \/>\n<meta name=\"twitter:card\" content=\"summary_large_image\" \/>\n<meta name=\"twitter:label1\" content=\"Dur\u00e9e de lecture estim\u00e9e\" \/>\n\t<meta name=\"twitter:data1\" content=\"3 minutes\" \/>\n<script type=\"application\/ld+json\" class=\"yoast-schema-graph\">{\"@context\":\"https:\/\/schema.org\",\"@graph\":[{\"@type\":\"WebPage\",\"@id\":\"http:\/\/www.cobayous.com\/site\/les-dossiers\/speciaux-pratiques\/choix-forum-cobaye\/\",\"url\":\"http:\/\/www.cobayous.com\/site\/les-dossiers\/speciaux-pratiques\/choix-forum-cobaye\/\",\"name\":\"Choix d'un forum cobaye - Les Cobayes Pom&amp;Lolo\",\"isPartOf\":{\"@id\":\"http:\/\/www.cobayous.com\/site\/#website\"},\"primaryImageOfPage\":{\"@id\":\"http:\/\/www.cobayous.com\/site\/les-dossiers\/speciaux-pratiques\/choix-forum-cobaye\/#primaryimage\"},\"image\":{\"@id\":\"http:\/\/www.cobayous.com\/site\/les-dossiers\/speciaux-pratiques\/choix-forum-cobaye\/#primaryimage\"},\"thumbnailUrl\":\"http:\/\/www.cobayous.Com\/site\/wp-content\/uploads\/img\/memo.png\",\"datePublished\":\"2008-06-30T12:06:21+00:00\",\"dateModified\":\"2016-11-21T21:36:59+00:00\",\"breadcrumb\":{\"@id\":\"http:\/\/www.cobayous.com\/site\/les-dossiers\/speciaux-pratiques\/choix-forum-cobaye\/#breadcrumb\"},\"inLanguage\":\"fr-FR\",\"potentialAction\":[{\"@type\":\"ReadAction\",\"target\":[\"http:\/\/www.cobayous.com\/site\/les-dossiers\/speciaux-pratiques\/choix-forum-cobaye\/\"]}]},{\"@type\":\"ImageObject\",\"inLanguage\":\"fr-FR\",\"@id\":\"http:\/\/www.cobayous.com\/site\/les-dossiers\/speciaux-pratiques\/choix-forum-cobaye\/#primaryimage\",\"url\":\"http:\/\/www.cobayous.Com\/site\/wp-content\/uploads\/img\/memo.png\",\"contentUrl\":\"http:\/\/www.cobayous.Com\/site\/wp-content\/uploads\/img\/memo.png\"},{\"@type\":\"BreadcrumbList\",\"@id\":\"http:\/\/www.cobayous.com\/site\/les-dossiers\/speciaux-pratiques\/choix-forum-cobaye\/#breadcrumb\",\"itemListElement\":[{\"@type\":\"ListItem\",\"position\":1,\"name\":\"Accueil\",\"item\":\"http:\/\/www.cobayous.com\/site\/\"},{\"@type\":\"ListItem\",\"position\":2,\"name\":\"Dossiers\",\"item\":\"http:\/\/www.cobayous.com\/site\/les-dossiers\/\"},{\"@type\":\"ListItem\",\"position\":3,\"name\":\"Dossiers sp\u00e9ciaux \/ Pratiques\",\"item\":\"http:\/\/www.cobayous.com\/site\/les-dossiers\/speciaux-pratiques\/\"},{\"@type\":\"ListItem\",\"position\":4,\"name\":\"Choix d&rsquo;un forum cobaye\"}]},{\"@type\":\"WebSite\",\"@id\":\"http:\/\/www.cobayous.com\/site\/#website\",\"url\":\"http:\/\/www.cobayous.com\/site\/\",\"name\":\"Les Cobayes Pom&Lolo\",\"description\":\"\",\"publisher\":{\"@id\":\"http:\/\/www.cobayous.com\/site\/#organization\"},\"potentialAction\":[{\"@type\":\"SearchAction\",\"target\":{\"@type\":\"EntryPoint\",\"urlTemplate\":\"http:\/\/www.cobayous.com\/site\/?s={search_term_string}\"},\"query-input\":{\"@type\":\"PropertyValueSpecification\",\"valueRequired\":true,\"valueName\":\"search_term_string\"}}],\"inLanguage\":\"fr-FR\"},{\"@type\":\"Organization\",\"@id\":\"http:\/\/www.cobayous.com\/site\/#organization\",\"name\":\"Les Cobayes Pom&Lolo\",\"url\":\"http:\/\/www.cobayous.com\/site\/\",\"logo\":{\"@type\":\"ImageObject\",\"inLanguage\":\"fr-FR\",\"@id\":\"http:\/\/www.cobayous.com\/site\/#\/schema\/logo\/image\/\",\"url\":\"http:\/\/www.cobayous.com\/site\/wp-content\/uploads\/2024\/01\/header-bg.png\",\"contentUrl\":\"http:\/\/www.cobayous.com\/site\/wp-content\/uploads\/2024\/01\/header-bg.png\",\"width\":1022,\"height\":250,\"caption\":\"Les Cobayes Pom&Lolo\"},\"image\":{\"@id\":\"http:\/\/www.cobayous.com\/site\/#\/schema\/logo\/image\/\"}}]}<\/script>\n<!-- \/ Yoast SEO plugin. -->","yoast_head_json":{"title":"Choix d'un forum cobaye - Les Cobayes Pom&amp;Lolo","robots":{"index":"index","follow":"follow","max-snippet":"max-snippet:-1","max-image-preview":"max-image-preview:large","max-video-preview":"max-video-preview:-1"},"canonical":"http:\/\/www.cobayous.com\/site\/les-dossiers\/speciaux-pratiques\/choix-forum-cobaye\/","og_locale":"fr_FR","og_type":"article","og_title":"Choix d'un forum cobaye - Les Cobayes Pom&amp;Lolo","og_description":"[ezcol_1third] EN BREF Les Sites et forums qui se proclament haut et fort comme \u00e9tant \u00ab\u00a0de r\u00e9f\u00e9rence\u00a0\u00bb ne sont pas forc\u00e9ment les meilleurs. Ce qui compte, c&rsquo;est la qualit\u00e9 des... Read more &raquo;","og_url":"http:\/\/www.cobayous.com\/site\/les-dossiers\/speciaux-pratiques\/choix-forum-cobaye\/","og_site_name":"Les Cobayes Pom&amp;Lolo","article_modified_time":"2016-11-21T21:36:59+00:00","og_image":[{"url":"http:\/\/www.cobayous.Com\/site\/wp-content\/uploads\/img\/memo.png","type":"","width":"","height":""}],"twitter_card":"summary_large_image","twitter_misc":{"Dur\u00e9e de lecture estim\u00e9e":"3 minutes"},"schema":{"@context":"https:\/\/schema.org","@graph":[{"@type":"WebPage","@id":"http:\/\/www.cobayous.com\/site\/les-dossiers\/speciaux-pratiques\/choix-forum-cobaye\/","url":"http:\/\/www.cobayous.com\/site\/les-dossiers\/speciaux-pratiques\/choix-forum-cobaye\/","name":"Choix d'un forum cobaye - Les Cobayes Pom&amp;Lolo","isPartOf":{"@id":"http:\/\/www.cobayous.com\/site\/#website"},"primaryImageOfPage":{"@id":"http:\/\/www.cobayous.com\/site\/les-dossiers\/speciaux-pratiques\/choix-forum-cobaye\/#primaryimage"},"image":{"@id":"http:\/\/www.cobayous.com\/site\/les-dossiers\/speciaux-pratiques\/choix-forum-cobaye\/#primaryimage"},"thumbnailUrl":"http:\/\/www.cobayous.Com\/site\/wp-content\/uploads\/img\/memo.png","datePublished":"2008-06-30T12:06:21+00:00","dateModified":"2016-11-21T21:36:59+00:00","breadcrumb":{"@id":"http:\/\/www.cobayous.com\/site\/les-dossiers\/speciaux-pratiques\/choix-forum-cobaye\/#breadcrumb"},"inLanguage":"fr-FR","potentialAction":[{"@type":"ReadAction","target":["http:\/\/www.cobayous.com\/site\/les-dossiers\/speciaux-pratiques\/choix-forum-cobaye\/"]}]},{"@type":"ImageObject","inLanguage":"fr-FR","@id":"http:\/\/www.cobayous.com\/site\/les-dossiers\/speciaux-pratiques\/choix-forum-cobaye\/#primaryimage","url":"http:\/\/www.cobayous.Com\/site\/wp-content\/uploads\/img\/memo.png","contentUrl":"http:\/\/www.cobayous.Com\/site\/wp-content\/uploads\/img\/memo.png"},{"@type":"BreadcrumbList","@id":"http:\/\/www.cobayous.com\/site\/les-dossiers\/speciaux-pratiques\/choix-forum-cobaye\/#breadcrumb","itemListElement":[{"@type":"ListItem","position":1,"name":"Accueil","item":"http:\/\/www.cobayous.com\/site\/"},{"@type":"ListItem","position":2,"name":"Dossiers","item":"http:\/\/www.cobayous.com\/site\/les-dossiers\/"},{"@type":"ListItem","position":3,"name":"Dossiers sp\u00e9ciaux \/ Pratiques","item":"http:\/\/www.cobayous.com\/site\/les-dossiers\/speciaux-pratiques\/"},{"@type":"ListItem","position":4,"name":"Choix d&rsquo;un forum cobaye"}]},{"@type":"WebSite","@id":"http:\/\/www.cobayous.com\/site\/#website","url":"http:\/\/www.cobayous.com\/site\/","name":"Les Cobayes Pom&Lolo","description":"","publisher":{"@id":"http:\/\/www.cobayous.com\/site\/#organization"},"potentialAction":[{"@type":"SearchAction","target":{"@type":"EntryPoint","urlTemplate":"http:\/\/www.cobayous.com\/site\/?s={search_term_string}"},"query-input":{"@type":"PropertyValueSpecification","valueRequired":true,"valueName":"search_term_string"}}],"inLanguage":"fr-FR"},{"@type":"Organization","@id":"http:\/\/www.cobayous.com\/site\/#organization","name":"Les Cobayes Pom&Lolo","url":"http:\/\/www.cobayous.com\/site\/","logo":{"@type":"ImageObject","inLanguage":"fr-FR","@id":"http:\/\/www.cobayous.com\/site\/#\/schema\/logo\/image\/","url":"http:\/\/www.cobayous.com\/site\/wp-content\/uploads\/2024\/01\/header-bg.png","contentUrl":"http:\/\/www.cobayous.com\/site\/wp-content\/uploads\/2024\/01\/header-bg.png","width":1022,"height":250,"caption":"Les Cobayes Pom&Lolo"},"image":{"@id":"http:\/\/www.cobayous.com\/site\/#\/schema\/logo\/image\/"}}]}},"_links":{"self":[{"href":"http:\/\/www.cobayous.com\/site\/wp-json\/wp\/v2\/pages\/1386","targetHints":{"allow":["GET"]}}],"collection":[{"href":"http:\/\/www.cobayous.com\/site\/wp-json\/wp\/v2\/pages"}],"about":[{"href":"http:\/\/www.cobayous.com\/site\/wp-json\/wp\/v2\/types\/page"}],"author":[{"embeddable":true,"href":"http:\/\/www.cobayous.com\/site\/wp-json\/wp\/v2\/users\/1"}],"replies":[{"embeddable":true,"href":"http:\/\/www.cobayous.com\/site\/wp-json\/wp\/v2\/comments?post=1386"}],"version-history":[{"count":2,"href":"http:\/\/www.cobayous.com\/site\/wp-json\/wp\/v2\/pages\/1386\/revisions"}],"predecessor-version":[{"id":3707,"href":"http:\/\/www.cobayous.com\/site\/wp-json\/wp\/v2\/pages\/1386\/revisions\/3707"}],"up":[{"embeddable":true,"href":"http:\/\/www.cobayous.com\/site\/wp-json\/wp\/v2\/pages\/1284"}],"wp:attachment":[{"href":"http:\/\/www.cobayous.com\/site\/wp-json\/wp\/v2\/media?parent=1386"}],"curies":[{"name":"wp","href":"https:\/\/api.w.org\/{rel}","templated":true}]}}