{"id":1375,"date":"2011-04-14T12:59:50","date_gmt":"2011-04-14T11:59:50","guid":{"rendered":"http:\/\/www.cobayous.com\/site\/?page_id=1375"},"modified":"2012-09-21T22:55:22","modified_gmt":"2012-09-21T21:55:22","slug":"soigner-cobaye-homeopathie-liste-maladies","status":"publish","type":"page","link":"http:\/\/www.cobayous.com\/site\/les-dossiers\/speciaux-pratiques\/soigner-cobaye-homeopathie-liste-maladies\/","title":{"rendered":"Soigner le cobaye avec l&rsquo;hom\u00e9opathie &#8211; Liste des maladies"},"content":{"rendered":"<div class=\"column_left200\" style=\"float: left; display: inline; \">\n<div style=\"background: #FFEFCE; border: 1px solid #BD8D46; color: #404040; padding: 0 10px 0 10px; margin-top: 1em; text-align: justify; border-radius: 10px;\">\n<h3><img loading=\"lazy\" decoding=\"async\" class=\"alignleft\" title=\"memo\" src=\"http:\/\/www.cobayous.Com\/site\/wp-content\/uploads\/img\/memo.png\" alt=\"\" width=\"30\" height=\"30\" \/>EN BREF<\/h3>\n <p> L\u2019hom\u00e9opathie peut \u00eatre donn\u00e9e en auto-m\u00e9dication dans les cas les moins graves. Elle peut \u00eatre donn\u00e9e en attente d\u2019une consultation v\u00e9t\u00e9rinaire ou en compl\u00e9mentarit\u00e9 avec le traitement prescrit par le v\u00e9t\u00e9rinaire. <\/p> \n<\/div>\n<div style=\"background: #EDF7F2; border: 1px solid #7FC6BC; color: #404040; padding: 0 10px 0 10px; margin-top: 1em; text-align: justify; border-radius: 10px;\">\n <p> <img loading=\"lazy\" decoding=\"async\" class=\"alignleft\" title=\"alire\" src=\"http:\/\/www.cobayous.Com\/site\/wp-content\/uploads\/img\/books.png\" alt=\"\" width=\"30\" height=\"30\" \/> <\/p> \n<h3>A LIRE<\/h3>\n <p> <span style=\"color: #008000;\">Dans la rubrique Maladies :<\/span> <\/p> \n<ul>\n<li><a title=\"Maladies du cobaye : Les constantes\" href=\"http:\/\/www.cobayous.com\/site\/les-dossiers\/les-maladies-du-cobaye\/constantes\/\" rel=\"\">Les constantes<\/a><\/li>\n<li><a title=\"Maladies du cobaye : Maladies de peau\" href=\"http:\/\/www.cobayous.com\/site\/les-dossiers\/les-maladies-du-cobaye\/maladies-de-peau\/\" rel=\"\">Maladies de peau<\/a><\/li>\n<li><a title=\"Maladies du cobaye : Maladies fr\u00e9quentes\" href=\"http:\/\/www.cobayous.com\/site\/les-dossiers\/les-maladies-du-cobaye\/maladies-frequentes\/\" rel=\"\">Maladies fr\u00e9quentes<\/a><\/li>\n<li><a title=\"Maladies du cobaye : Probl\u00e8mes aux yeux\" href=\"http:\/\/www.cobayous.com\/site\/les-dossiers\/les-maladies-du-cobaye\/problemes-yeux\/\">Probl\u00e8mes aux yeux<\/a><\/li>\n<li><a title=\"Maladies du cobaye : Probl\u00e8mes digestifs\" href=\"http:\/\/www.cobayous.com\/site\/les-dossiers\/les-maladies-du-cobaye\/problemes-digestifs\/\" rel=\"\">Probl\u00e8mes digestifs<\/a><\/li>\n<li><a title=\"Maladies du cobaye : Probl\u00e8mes urinaires\" href=\"http:\/\/www.cobayous.com\/site\/les-dossiers\/les-maladies-du-cobaye\/problemes-urinaires\/\" rel=\"\">Probl\u00e8mes urinaires<\/a><\/li>\n<li><a title=\"Le M\u00e9t\u00e9orisme\" href=\"http:\/\/www.cobayous.com\/site\/les-dossiers\/les-maladies-du-cobaye\/le-meteorisme\/\" rel=\"\">Le M\u00e9t\u00e9orisme<\/a><\/li>\n<\/ul>\n <p> <span style=\"color: #008000;\">Dossiers Connexes :<\/span> <\/p> \n<ul>\n<li><a title=\"Maladies : Nourrir un cobaye malade\" href=\"http:\/\/www.cobayous.com\/site\/les-dossiers\/les-maladies-du-cobaye\/nourrir-un-cobaye-malade\/\">Nourrir un cobaye malade<\/a><\/li>\n<li><a title=\"Soigner le cobaye avec l\u2019hom\u00e9opathie\" href=\"http:\/\/www.cobayous.com\/site\/les-dossiers\/soigner-le-cobaye-avec-lhomeopathie\/\">Soigner son cobaye avec l\u2019hom\u00e9opathie<\/a><\/li>\n<li><a title=\"Choix d\u2019un v\u00e9t\u00e9rinaire Nacs (*)\" href=\"http:\/\/www.cobayous.com\/site\/les-dossiers\/speciaux-pratiques\/choix-dun-veterinaire-nacs\/\">Choix d\u2019un v\u00e9t\u00e9rinaire<\/a><\/li>\n<li><a title=\"Euthanasie chez le cochon d\u2019Inde\" href=\"http:\/\/www.cobayous.com\/site\/les-dossiers\/speciaux-pratiques\/euthanasie-chez-le-cochon-dinde\/\">L\u2019euthanasie<\/a><\/li>\n<\/ul>\n<\/div>\n <p> <script type=\"text\/javascript\">\/\/ <![CDATA[\ngoogle_ad_client = \"pub-3631834167777130\"; \/* pometlolo-sidebar-160x600 *\/ google_ad_slot = \"0152501946\"; google_ad_width = 160; google_ad_height = 600;\n\/\/ ]]><\/script> <br \/> \n<script type=\"text\/javascript\" src=\"http:\/\/pagead2.googlesyndication.com\/pagead\/show_ads.js\">\/\/ <![CDATA[\n\n\/\/ ]]><\/script> <\/p> \n<div style=\"background: #ffffff; border: 1px solid #EACFB8; color: #404040; padding: 0 10px 0 10px; margin-top: 1em; text-align: justify; border-radius: 10px;\">\n <p> <img loading=\"lazy\" decoding=\"async\" class=\"alignleft\" src=\"http:\/\/www.cobayous.Com\/site\/wp-content\/uploads\/img\/question.png\" alt=\"\" width=\"30\" height=\"30\" \/> <\/p> \n<h4>DES QUESTIONS ?<\/h4>\n <p> Tu as des questions \u00e0 poser sur les cobayes? Tu souhaites discuter avec nous? <\/p> \n <p> <img loading=\"lazy\" decoding=\"async\" class=\"alignleft\" title=\"talk\" src=\"http:\/\/www.cobayous.com\/site\/wp-content\/uploads\/img\/icon-talk.png\" alt=\"\" width=\"44\" height=\"30\" \/> <a href=\"http:\/\/www.cobayous.Com\/forum\">Rejoins-nous !<\/a> <\/p> \n<\/div>\n <p> <\/div> <br \/> \n<div class=\"column_right728\" style=\"float: left; display: inline; \"> <\/p> \n<div style=\"background: none repeat scroll 0% 0% #f5fafc; border: 1px solid #6396ef; color: #404040; padding: 0pt 10px; margin-top: 1em; min-height: 170px; max-width: 500px; text-align: left; margin-left: 10%; margin-right: 10%;\">\n <p> <img loading=\"lazy\" decoding=\"async\" class=\"alignleft\" style=\"float: left;\" src=\"\/site\/wp-content\/uploads\/dossiers\/homeopathie-tube1.jpg\" alt=\"\" width=\"170\" height=\"113\" \/> Voici quelques maladies que vous pouvez essayer de traiter avec l&rsquo;hom\u00e9opathie. <\/p> \n <p> Gardez toujours \u00e0 l&rsquo;esprit que cela ne remplace pas toujours une visite chez le v\u00e9t\u00e9rinaire mais que certains produits peuvent soulager le temps d&rsquo;avoir un rendez-vous. <\/p> \n<\/div>\n <p> &nbsp; <\/p> \n <p> <img loading=\"lazy\" decoding=\"async\" class=\"aligncenter\" src=\"\/site\/wp-content\/uploads\/dossiers\/homeopathie-maladies-liste.jpg\" alt=\"\" width=\"650\" height=\"50\" \/> <\/p> \n<div style=\"background: none repeat scroll 0% 0% #f5fafc; border: 1px solid #6396ef; color: #404040; padding: 0pt 10px; margin-top: 1em; min-height: 220px; max-width: 98%; text-align: left;\">\n <p> <strong>_A<\/strong>: <a href=\"http:\/\/www.cobayous.com\/forum\/abattement-t9631.html\" target=\"_blank\">Abattement<\/a>, <a href=\"http:\/\/www.cobayous.com\/forum\/abces-t9633.html\" target=\"_blank\">Abc\u00e8s<\/a>, <a href=\"http:\/\/www.cobayous.com\/forum\/abces-dentaire-t9634.html\" target=\"_blank\">Abc\u00e8s dentaire<\/a>, <a href=\"http:\/\/www.cobayous.com\/forum\/accident-t9635.html\" target=\"_blank\">Accident<\/a>, <a href=\"http:\/\/www.cobayous.com\/forum\/agressivite-t9636.html\" target=\"_blank\">Agressivit\u00e9<\/a>, <a href=\"http:\/\/www.cobayous.com\/forum\/allaitement-t9637.html\" target=\"_blank\">Allaitement<\/a>, <a href=\"http:\/\/www.cobayous.com\/forum\/allergie-t9653.html\" target=\"_blank\">Allergie<\/a>, <a href=\"http:\/\/www.cobayous.com\/forum\/amaigrissement-t9654.html\" target=\"_blank\">Amaigrissement<\/a>, <a href=\"http:\/\/www.cobayous.com\/forum\/anemie-t9655.html\" target=\"_blank\">An\u00e9mie<\/a>, <a href=\"http:\/\/www.cobayous.com\/forum\/appetit-toubles-de-l-t9656.html\" target=\"_blank\">App\u00e9tit (toubles de l&rsquo;&#8230;)<\/a>, <a href=\"http:\/\/www.cobayous.com\/forum\/arthrite-t9657.html\" target=\"_blank\">Arthrite<\/a>, <a href=\"http:\/\/www.cobayous.com\/forum\/arthrose-t9658.html\" target=\"_blank\">Arthrose<\/a>, <a href=\"http:\/\/www.cobayous.com\/forum\/asthme-t9659.html\" target=\"_blank\">Asthme<\/a><strong><\/strong> <\/p> \n <p> _B: \/ <\/p> \n <p> <strong>_C<\/strong> : <a href=\"http:\/\/www.cobayous.com\/forum\/cataracte-t9678.html\" target=\"_blank\">Cataracte<\/a>, <a href=\"http:\/\/www.cobayous.com\/forum\/constipation-t9681.html\" target=\"_blank\">Constipation<\/a>, <a href=\"http:\/\/www.cobayous.com\/forum\/convalescence-t9687.html\" target=\"_blank\">Convalescence<\/a>, <a href=\"http:\/\/www.cobayous.com\/forum\/coup-de-chaleur-t9705.html\" target=\"_blank\">Coup de chaleur<\/a>, <a href=\"http:\/\/www.cobayous.com\/forum\/cystite-t9720.html\" target=\"_blank\">Cystite<\/a> <\/p> \n <p> <strong>_D <\/strong>: <a href=\"http:\/\/www.cobayous.com\/forum\/demangeaisons-t9745.html\" target=\"_blank\">D\u00e9mangeaisons<\/a>, <a href=\"http:\/\/www.cobayous.com\/forum\/dent-cassee-t9746.html\" target=\"_blank\">Dent cass\u00e9e<\/a>, <a href=\"http:\/\/cobayous.com\/forum\/diabete-vt9747.html\" target=\"_blank\">Diab\u00e8te<\/a>, <a href=\"http:\/\/www.cobayous.com\/forum\/diabete-t9747.html\" target=\"_blank\">Diarrh\u00e9e<\/a>, <a href=\"http:\/\/www.cobayous.com\/forum\/douleurs-t9749.html\" target=\"_blank\">Douleurs<\/a> <\/p> \n <p> <strong>_E<\/strong> : <a href=\"http:\/\/www.cobayous.com\/forum\/eclampsie-t9750.html\" target=\"_blank\">Eclampsie<\/a>, <a href=\"http:\/\/www.cobayous.com\/forum\/epistaxis-t9751.html\" target=\"_blank\">Epistaxis<\/a>, <a href=\"http:\/\/www.cobayous.com\/forum\/eternuements-t9752.html\" target=\"_blank\">\u00c9ternuements<\/a> <\/p> \n <p> <strong>_F<\/strong> : <a href=\"http:\/\/www.cobayous.com\/forum\/fievre-t9753.html\" target=\"_blank\">Fi\u00e8vre<\/a>, <a href=\"http:\/\/www.cobayous.com\/forum\/fracture-t9771.html\" target=\"_blank\">Fracture<\/a> <\/p> \n <p> <strong>_G <\/strong>: <a href=\"http:\/\/www.cobayous.com\/forum\/gale-t9772.html\" target=\"_blank\">Gale<\/a>, <a href=\"http:\/\/www.cobayous.com\/forum\/gazs-meteorisme-t9754.html\" target=\"_blank\">Gaz \/ M\u00e9t\u00e9orisme<\/a> <\/p> \n <p> <strong>_H<\/strong> : <a href=\"http:\/\/www.cobayous.com\/forum\/hematurie-t9773.html\" target=\"_blank\">H\u00e9maturie<\/a>, <a href=\"http:\/\/www.cobayous.com\/forum\/hemorragie-t9774.html\" target=\"_blank\">H\u00e9morragie<\/a> <\/p> \n <p> <strong>_I<\/strong> : <a href=\"http:\/\/www.cobayous.com\/forum\/intoxication-t9775.html\" target=\"_blank\">Intoxication<\/a> <\/p> \n <p> <strong>_J<\/strong> : <a href=\"http:\/\/www.cobayous.com\/forum\/jalousie-t9783.html\" target=\"_blank\">Jalousie<\/a> <\/p> \n <p> <strong>_K<\/strong> : <a href=\"http:\/\/www.cobayous.com\/forum\/keratite-t9784.html\" target=\"_blank\">K\u00e9ratite<\/a> <\/p> \n <p> <strong>_L<\/strong> : \/ <\/p> \n <p> <strong>_M <\/strong>: <a href=\"http:\/\/www.cobayous.com\/forum\/mal-des-transports-t9785.html\" target=\"_blank\">Mal des transports<\/a>, <a href=\"http:\/\/www.cobayous.com\/forum\/mammites-t9787.html\" target=\"_blank\">Mammite, <\/a><a href=\"http:\/\/www.cobayous.com\/forum\/metrite-t9788.html\" target=\"_blank\">M\u00e9trite<\/a> <\/p> \n <p> <strong>_N <\/strong>: \/ <\/p> \n <p> <strong>_O <\/strong>: <a href=\"http:\/\/www.cobayous.com\/forum\/obstruction-nasale-nez-bouche-t9789.html\" target=\"_blank\">Obstruction nasale<\/a>, <a href=\"http:\/\/www.cobayous.com\/forum\/oedeme-t9790.html\" target=\"_blank\">\u0152d\u00e8me, <\/a><a href=\"http:\/\/www.cobayous.com\/forum\/oeil-trouble-de-l-t9791.html\" target=\"_blank\">Oeil (trouble de)<\/a>, <a href=\"http:\/\/www.cobayous.com\/forum\/otite-t9826.html\" target=\"_blank\">Otite<\/a> <\/p> \n <p> <strong>_P<\/strong> : <a href=\"http:\/\/www.cobayous.com\/forum\/piqures-t9840.html\" target=\"_blank\">Piq\u00fbre, <\/a><a href=\"http:\/\/www.cobayous.com\/forum\/plaies-t9841.html\" target=\"_blank\">Plaies, <\/a><a href=\"http:\/\/www.cobayous.com\/forum\/poils-problemes-de-t9842.html\" target=\"_blank\">Poils (probl\u00e8me de)<\/a>, <a href=\"http:\/\/www.cobayous.com\/forum\/pus-ecoulement-de-t9843.html\" target=\"_blank\">Pus (\u00e9coulement de)<\/a> <\/p> \n <p> <strong>_Q<\/strong> : \/ <\/p> \n <p> <strong>_R<\/strong> : <a href=\"http:\/\/www.cobayous.com\/forum\/reins-problemes-de-t9844.html\" target=\"_blank\">Reins (probl\u00e8me de)<\/a>, <a href=\"http:\/\/www.cobayous.com\/forum\/rhinite-allergique-t9845.html\" target=\"_blank\">Rhinite allergique<\/a> <\/p> \n <p> <strong>_S<\/strong> : \/ <\/p> \n <p> <strong>_T<\/strong> : <a href=\"http:\/\/www.cobayous.com\/forum\/testicules-t9846.html\" target=\"_blank\">Testicule<\/a> <\/p> \n <p> <strong>_U<\/strong> : \/ <\/p> \n <p> <strong>_V<\/strong> : <a href=\"http:\/\/www.cobayous.com\/forum\/vers-t9848.html\" target=\"_blank\">Vers<\/a> <\/p> \n <p> <strong>_W _X _Y _Z<\/strong> : \/ <\/p> \n<\/div>\n<p style=\"text-align: center;\"><strong> <\/strong><strong><a title=\"Soigner le cobaye avec l\u2019hom\u00e9opathie\" href=\"http:\/\/www.cobayous.com\/site\/les-dossiers\/speciaux-pratiques\/soigner-le-cobaye-avec-lhomeopathie\/\">&gt;&gt; Retour au dossier hom\u00e9opathie &lt;&lt;<\/a><\/strong> <\/p> \n<table width=\"98%\" border=\"0\" align=\"center\">\n<tbody>\n<tr>\n<td valign=\"middle\">\n<div>Ces informations sont tir\u00e9es du livre \u00ab\u00a0hom\u00e9opathie &#8211; le chien\u00a0\u00bb aux \u00e9ditions marabout pratique ainsi que du livre \u00ab\u00a0Soignez votre chien par l&rsquo;hom\u00e9opathie\u00a0\u00bb aux \u00e9ditions Vigot.. <br \/> \nIl existe des v\u00e9t\u00e9rinaires hom\u00e9opathes en France (je ne sais pas pour la Belgique et les autres pays) que vous pouvez \u00e9galement consulter. <br \/> \n<noscript><img decoding=\"async\" src=\"http:\/\/www.assoc-amazon.fr\/s\/noscript?tag=lemodepolo-21\" alt=\"\" \/> <br \/> \n<\/noscript><\/div>\n<\/td>\n<td valign=\"top\" width=\"130\">\n<div><a href=\"http:\/\/www.amazon.fr\/gp\/product\/2501039963?ie=UTF8&amp;tag=lemodepolo-21&amp;linkCode=as2&amp;camp=1642&amp;creative=6746&amp;creativeASIN=2501039963\" target=\"_blank\"><img loading=\"lazy\" decoding=\"async\" src=\"\/site\/wp-content\/uploads\/dossiers\/livre-homeopathie-chien.jpg\" alt=\"\" width=\"112\" height=\"160\" border=\"0\" \/><\/a><img loading=\"lazy\" decoding=\"async\" src=\"http:\/\/www.assoc-amazon.fr\/e\/ir?t=lemodepolo-21&amp;l=as2&amp;o=8&amp;a=2501039963\" alt=\"\" width=\"1\" height=\"1\" border=\"0\" \/><\/div>\n<\/td>\n<td valign=\"top\" width=\"130\">\n<div><a href=\"http:\/\/www.amazon.fr\/gp\/product\/271141504X?ie=UTF8&amp;tag=lemodepolo-21&amp;linkCode=as2&amp;camp=1642&amp;creative=6746&amp;creativeASIN=271141504X\" target=\"_blank\"><img loading=\"lazy\" decoding=\"async\" src=\"\/site\/wp-content\/uploads\/dossiers\/livre-soignez-votre-chien-homeo.jpg\" alt=\"\" width=\"104\" height=\"160\" border=\"0\" \/><\/a><img loading=\"lazy\" decoding=\"async\" src=\"http:\/\/www.assoc-amazon.fr\/e\/ir?t=lemodepolo-21&amp;l=as2&amp;o=8&amp;a=271141504X\" alt=\"\" width=\"1\" height=\"1\" border=\"0\" \/><\/div>\n<\/td>\n<\/tr>\n<\/tbody>\n<\/table>\n <p> <a title=\"L\u2019Equipe\" href=\"http:\/\/www.cobayous.com\/site\/qui-sommes-nous\/\"><img loading=\"lazy\" decoding=\"async\" class=\"alignright\" title=\"copyright-mary21.jpg\" src=\"\/site\/wp-content\/uploads\/dossiers\/copyright-mary21.jpg\" alt=\"copyright-mary21.jpg\" width=\"300\" height=\"50\" border=\"0\" \/><\/a> <\/p> \n <p> <script type=\"text\/javascript\">\/\/ <![CDATA[\ngoogle_ad_client = \"ca-pub-3631834167777130\"; \/* 728x90, SITE BAS *\/ google_ad_slot = \"8092157966\"; google_ad_width = 728; google_ad_height = 90;\n\/\/ ]]><\/script> <br \/> \n<script type=\"text\/javascript\" src=\"http:\/\/pagead2.googlesyndication.com\/pagead\/show_ads.js\">\/\/ <![CDATA[\n\n\/\/ ]]><\/script> <br \/> \n<\/div><div style='clear: both;'><\/div> <\/p> \n","protected":false},"excerpt":{"rendered":"","protected":false},"author":1,"featured_media":0,"parent":1284,"menu_order":4,"comment_status":"closed","ping_status":"open","template":"pg-tpl-no-sidebars.php","meta":{"ngg_post_thumbnail":0,"footnotes":""},"class_list":["post-1375","page","type-page","status-publish","hentry"],"yoast_head":"<!-- This site is optimized with the Yoast SEO plugin v27.1.1 - https:\/\/yoast.com\/product\/yoast-seo-wordpress\/ -->\n<title>Soigner le cobaye avec l&#039;hom\u00e9opathie - Liste des maladies - Les Cobayes Pom&amp;Lolo<\/title>\n<meta name=\"robots\" content=\"index, follow, max-snippet:-1, max-image-preview:large, max-video-preview:-1\" \/>\n<link rel=\"canonical\" href=\"http:\/\/www.cobayous.com\/site\/les-dossiers\/speciaux-pratiques\/soigner-cobaye-homeopathie-liste-maladies\/\" \/>\n<meta property=\"og:locale\" content=\"fr_FR\" \/>\n<meta property=\"og:type\" content=\"article\" \/>\n<meta property=\"og:title\" content=\"Soigner le cobaye avec l&#039;hom\u00e9opathie - Liste des maladies - Les Cobayes Pom&amp;Lolo\" \/>\n<meta property=\"og:url\" content=\"http:\/\/www.cobayous.com\/site\/les-dossiers\/speciaux-pratiques\/soigner-cobaye-homeopathie-liste-maladies\/\" \/>\n<meta property=\"og:site_name\" content=\"Les Cobayes Pom&amp;Lolo\" \/>\n<meta property=\"article:modified_time\" content=\"2012-09-21T21:55:22+00:00\" \/>\n<meta property=\"og:image\" content=\"http:\/\/www.cobayous.Com\/site\/wp-content\/uploads\/img\/memo.png\" \/>\n<meta name=\"twitter:card\" content=\"summary_large_image\" \/>\n<meta name=\"twitter:label1\" content=\"Dur\u00e9e de lecture estim\u00e9e\" \/>\n\t<meta name=\"twitter:data1\" content=\"2 minutes\" \/>\n<script type=\"application\/ld+json\" class=\"yoast-schema-graph\">{\"@context\":\"https:\/\/schema.org\",\"@graph\":[{\"@type\":\"WebPage\",\"@id\":\"http:\/\/www.cobayous.com\/site\/les-dossiers\/speciaux-pratiques\/soigner-cobaye-homeopathie-liste-maladies\/\",\"url\":\"http:\/\/www.cobayous.com\/site\/les-dossiers\/speciaux-pratiques\/soigner-cobaye-homeopathie-liste-maladies\/\",\"name\":\"Soigner le cobaye avec l'hom\u00e9opathie - Liste des maladies - Les Cobayes Pom&amp;Lolo\",\"isPartOf\":{\"@id\":\"http:\/\/www.cobayous.com\/site\/#website\"},\"primaryImageOfPage\":{\"@id\":\"http:\/\/www.cobayous.com\/site\/les-dossiers\/speciaux-pratiques\/soigner-cobaye-homeopathie-liste-maladies\/#primaryimage\"},\"image\":{\"@id\":\"http:\/\/www.cobayous.com\/site\/les-dossiers\/speciaux-pratiques\/soigner-cobaye-homeopathie-liste-maladies\/#primaryimage\"},\"thumbnailUrl\":\"http:\/\/www.cobayous.Com\/site\/wp-content\/uploads\/img\/memo.png\",\"datePublished\":\"2011-04-14T11:59:50+00:00\",\"dateModified\":\"2012-09-21T21:55:22+00:00\",\"breadcrumb\":{\"@id\":\"http:\/\/www.cobayous.com\/site\/les-dossiers\/speciaux-pratiques\/soigner-cobaye-homeopathie-liste-maladies\/#breadcrumb\"},\"inLanguage\":\"fr-FR\",\"potentialAction\":[{\"@type\":\"ReadAction\",\"target\":[\"http:\/\/www.cobayous.com\/site\/les-dossiers\/speciaux-pratiques\/soigner-cobaye-homeopathie-liste-maladies\/\"]}]},{\"@type\":\"ImageObject\",\"inLanguage\":\"fr-FR\",\"@id\":\"http:\/\/www.cobayous.com\/site\/les-dossiers\/speciaux-pratiques\/soigner-cobaye-homeopathie-liste-maladies\/#primaryimage\",\"url\":\"http:\/\/www.cobayous.Com\/site\/wp-content\/uploads\/img\/memo.png\",\"contentUrl\":\"http:\/\/www.cobayous.Com\/site\/wp-content\/uploads\/img\/memo.png\"},{\"@type\":\"BreadcrumbList\",\"@id\":\"http:\/\/www.cobayous.com\/site\/les-dossiers\/speciaux-pratiques\/soigner-cobaye-homeopathie-liste-maladies\/#breadcrumb\",\"itemListElement\":[{\"@type\":\"ListItem\",\"position\":1,\"name\":\"Accueil\",\"item\":\"http:\/\/www.cobayous.com\/site\/\"},{\"@type\":\"ListItem\",\"position\":2,\"name\":\"Dossiers\",\"item\":\"http:\/\/www.cobayous.com\/site\/les-dossiers\/\"},{\"@type\":\"ListItem\",\"position\":3,\"name\":\"Dossiers sp\u00e9ciaux \/ Pratiques\",\"item\":\"http:\/\/www.cobayous.com\/site\/les-dossiers\/speciaux-pratiques\/\"},{\"@type\":\"ListItem\",\"position\":4,\"name\":\"Soigner le cobaye avec l&rsquo;hom\u00e9opathie &#8211; Liste des maladies\"}]},{\"@type\":\"WebSite\",\"@id\":\"http:\/\/www.cobayous.com\/site\/#website\",\"url\":\"http:\/\/www.cobayous.com\/site\/\",\"name\":\"Les Cobayes Pom&Lolo\",\"description\":\"\",\"publisher\":{\"@id\":\"http:\/\/www.cobayous.com\/site\/#organization\"},\"potentialAction\":[{\"@type\":\"SearchAction\",\"target\":{\"@type\":\"EntryPoint\",\"urlTemplate\":\"http:\/\/www.cobayous.com\/site\/?s={search_term_string}\"},\"query-input\":{\"@type\":\"PropertyValueSpecification\",\"valueRequired\":true,\"valueName\":\"search_term_string\"}}],\"inLanguage\":\"fr-FR\"},{\"@type\":\"Organization\",\"@id\":\"http:\/\/www.cobayous.com\/site\/#organization\",\"name\":\"Les Cobayes Pom&Lolo\",\"url\":\"http:\/\/www.cobayous.com\/site\/\",\"logo\":{\"@type\":\"ImageObject\",\"inLanguage\":\"fr-FR\",\"@id\":\"http:\/\/www.cobayous.com\/site\/#\/schema\/logo\/image\/\",\"url\":\"http:\/\/www.cobayous.com\/site\/wp-content\/uploads\/2024\/01\/header-bg.png\",\"contentUrl\":\"http:\/\/www.cobayous.com\/site\/wp-content\/uploads\/2024\/01\/header-bg.png\",\"width\":1022,\"height\":250,\"caption\":\"Les Cobayes Pom&Lolo\"},\"image\":{\"@id\":\"http:\/\/www.cobayous.com\/site\/#\/schema\/logo\/image\/\"}}]}<\/script>\n<!-- \/ Yoast SEO plugin. -->","yoast_head_json":{"title":"Soigner le cobaye avec l'hom\u00e9opathie - Liste des maladies - Les Cobayes Pom&amp;Lolo","robots":{"index":"index","follow":"follow","max-snippet":"max-snippet:-1","max-image-preview":"max-image-preview:large","max-video-preview":"max-video-preview:-1"},"canonical":"http:\/\/www.cobayous.com\/site\/les-dossiers\/speciaux-pratiques\/soigner-cobaye-homeopathie-liste-maladies\/","og_locale":"fr_FR","og_type":"article","og_title":"Soigner le cobaye avec l'hom\u00e9opathie - Liste des maladies - Les Cobayes Pom&amp;Lolo","og_url":"http:\/\/www.cobayous.com\/site\/les-dossiers\/speciaux-pratiques\/soigner-cobaye-homeopathie-liste-maladies\/","og_site_name":"Les Cobayes Pom&amp;Lolo","article_modified_time":"2012-09-21T21:55:22+00:00","og_image":[{"url":"http:\/\/www.cobayous.Com\/site\/wp-content\/uploads\/img\/memo.png","type":"","width":"","height":""}],"twitter_card":"summary_large_image","twitter_misc":{"Dur\u00e9e de lecture estim\u00e9e":"2 minutes"},"schema":{"@context":"https:\/\/schema.org","@graph":[{"@type":"WebPage","@id":"http:\/\/www.cobayous.com\/site\/les-dossiers\/speciaux-pratiques\/soigner-cobaye-homeopathie-liste-maladies\/","url":"http:\/\/www.cobayous.com\/site\/les-dossiers\/speciaux-pratiques\/soigner-cobaye-homeopathie-liste-maladies\/","name":"Soigner le cobaye avec l'hom\u00e9opathie - Liste des maladies - Les Cobayes Pom&amp;Lolo","isPartOf":{"@id":"http:\/\/www.cobayous.com\/site\/#website"},"primaryImageOfPage":{"@id":"http:\/\/www.cobayous.com\/site\/les-dossiers\/speciaux-pratiques\/soigner-cobaye-homeopathie-liste-maladies\/#primaryimage"},"image":{"@id":"http:\/\/www.cobayous.com\/site\/les-dossiers\/speciaux-pratiques\/soigner-cobaye-homeopathie-liste-maladies\/#primaryimage"},"thumbnailUrl":"http:\/\/www.cobayous.Com\/site\/wp-content\/uploads\/img\/memo.png","datePublished":"2011-04-14T11:59:50+00:00","dateModified":"2012-09-21T21:55:22+00:00","breadcrumb":{"@id":"http:\/\/www.cobayous.com\/site\/les-dossiers\/speciaux-pratiques\/soigner-cobaye-homeopathie-liste-maladies\/#breadcrumb"},"inLanguage":"fr-FR","potentialAction":[{"@type":"ReadAction","target":["http:\/\/www.cobayous.com\/site\/les-dossiers\/speciaux-pratiques\/soigner-cobaye-homeopathie-liste-maladies\/"]}]},{"@type":"ImageObject","inLanguage":"fr-FR","@id":"http:\/\/www.cobayous.com\/site\/les-dossiers\/speciaux-pratiques\/soigner-cobaye-homeopathie-liste-maladies\/#primaryimage","url":"http:\/\/www.cobayous.Com\/site\/wp-content\/uploads\/img\/memo.png","contentUrl":"http:\/\/www.cobayous.Com\/site\/wp-content\/uploads\/img\/memo.png"},{"@type":"BreadcrumbList","@id":"http:\/\/www.cobayous.com\/site\/les-dossiers\/speciaux-pratiques\/soigner-cobaye-homeopathie-liste-maladies\/#breadcrumb","itemListElement":[{"@type":"ListItem","position":1,"name":"Accueil","item":"http:\/\/www.cobayous.com\/site\/"},{"@type":"ListItem","position":2,"name":"Dossiers","item":"http:\/\/www.cobayous.com\/site\/les-dossiers\/"},{"@type":"ListItem","position":3,"name":"Dossiers sp\u00e9ciaux \/ Pratiques","item":"http:\/\/www.cobayous.com\/site\/les-dossiers\/speciaux-pratiques\/"},{"@type":"ListItem","position":4,"name":"Soigner le cobaye avec l&rsquo;hom\u00e9opathie &#8211; Liste des maladies"}]},{"@type":"WebSite","@id":"http:\/\/www.cobayous.com\/site\/#website","url":"http:\/\/www.cobayous.com\/site\/","name":"Les Cobayes Pom&Lolo","description":"","publisher":{"@id":"http:\/\/www.cobayous.com\/site\/#organization"},"potentialAction":[{"@type":"SearchAction","target":{"@type":"EntryPoint","urlTemplate":"http:\/\/www.cobayous.com\/site\/?s={search_term_string}"},"query-input":{"@type":"PropertyValueSpecification","valueRequired":true,"valueName":"search_term_string"}}],"inLanguage":"fr-FR"},{"@type":"Organization","@id":"http:\/\/www.cobayous.com\/site\/#organization","name":"Les Cobayes Pom&Lolo","url":"http:\/\/www.cobayous.com\/site\/","logo":{"@type":"ImageObject","inLanguage":"fr-FR","@id":"http:\/\/www.cobayous.com\/site\/#\/schema\/logo\/image\/","url":"http:\/\/www.cobayous.com\/site\/wp-content\/uploads\/2024\/01\/header-bg.png","contentUrl":"http:\/\/www.cobayous.com\/site\/wp-content\/uploads\/2024\/01\/header-bg.png","width":1022,"height":250,"caption":"Les Cobayes Pom&Lolo"},"image":{"@id":"http:\/\/www.cobayous.com\/site\/#\/schema\/logo\/image\/"}}]}},"_links":{"self":[{"href":"http:\/\/www.cobayous.com\/site\/wp-json\/wp\/v2\/pages\/1375","targetHints":{"allow":["GET"]}}],"collection":[{"href":"http:\/\/www.cobayous.com\/site\/wp-json\/wp\/v2\/pages"}],"about":[{"href":"http:\/\/www.cobayous.com\/site\/wp-json\/wp\/v2\/types\/page"}],"author":[{"embeddable":true,"href":"http:\/\/www.cobayous.com\/site\/wp-json\/wp\/v2\/users\/1"}],"replies":[{"embeddable":true,"href":"http:\/\/www.cobayous.com\/site\/wp-json\/wp\/v2\/comments?post=1375"}],"version-history":[{"count":0,"href":"http:\/\/www.cobayous.com\/site\/wp-json\/wp\/v2\/pages\/1375\/revisions"}],"up":[{"embeddable":true,"href":"http:\/\/www.cobayous.com\/site\/wp-json\/wp\/v2\/pages\/1284"}],"wp:attachment":[{"href":"http:\/\/www.cobayous.com\/site\/wp-json\/wp\/v2\/media?parent=1375"}],"curies":[{"name":"wp","href":"https:\/\/api.w.org\/{rel}","templated":true}]}}