{"id":123,"date":"2010-05-12T12:05:30","date_gmt":"2010-05-12T12:05:30","guid":{"rendered":"http:\/\/www.cobayous.com\/site\/?page_id=123"},"modified":"2016-11-21T17:06:31","modified_gmt":"2016-11-21T16:06:31","slug":"cage-et-accessoires","status":"publish","type":"page","link":"http:\/\/www.cobayous.com\/site\/les-dossiers\/preparer-larrivee-du-cobaye\/cage-et-accessoires\/","title":{"rendered":"Pr\u00e9parer son arriv\u00e9e : Cage et accessoires"},"content":{"rendered":" <p> [ezcol_1third] <\/p> \n<div style=\"background: #FFEFCE; border: 1px solid #BD8D46; color: #404040; padding: 0 10px 0 10px; margin-top: 1em; text-align: justify; border-radius: 10px;\">\n<h3><img loading=\"lazy\" decoding=\"async\" class=\"alignleft\" title=\"memo\" src=\"http:\/\/www.cobayous.Com\/site\/wp-content\/uploads\/img\/memo.png\" alt=\"\" width=\"30\" height=\"30\">EN BREF<\/h3>\n <p> Plus la cage est spacieuse, mieux ce sera pour votre animal. <\/p> \n<\/div>\n<div style=\"background: #EDF7F2; border: 1px solid #7FC6BC; color: #404040; padding: 0 10px 0 10px; margin-top: 1em; text-align: justify; border-radius: 10px;\">\n <p> <img loading=\"lazy\" decoding=\"async\" class=\"alignleft\" title=\"alire\" src=\"http:\/\/www.cobayous.Com\/site\/wp-content\/uploads\/img\/books.png\" alt=\"\" width=\"30\" height=\"30\"> <\/p> \n<h3>A LIRE<\/h3>\n <p> <span style=\"color: #008000;\">Dans la rubrique Se pr\u00e9parer :<\/span> <\/p> \n<ul>\n<li>Cage et Accessoires<\/li>\n<li><a title=\"Pr\u00e9parer son arriv\u00e9e : Les diff\u00e9rentes liti\u00e8res\" href=\"http:\/\/www.cobayous.com\/site\/les-dossiers\/preparer-larrivee-du-cobaye\/les-differentes-litieres\/\" rel=\"\">Les diff\u00e9rentes liti\u00e8res<\/a><\/li>\n<li><a title=\"Pr\u00e9parer son arriv\u00e9e : O\u00f9 placer la cage ?\" href=\"http:\/\/www.cobayous.com\/site\/les-dossiers\/preparer-larrivee-du-cobaye\/ou-placer-la-cage\/\" rel=\"\">O\u00f9 placer la cage ?<\/a><\/li>\n<li><a title=\"Pr\u00e9parer son arriv\u00e9e : Entretien de la cage\" href=\"http:\/\/www.cobayous.com\/site\/les-dossiers\/preparer-larrivee-du-cobaye\/entretien-de-la-cage\/\" rel=\"\">Entretien de la cage<\/a><\/li>\n<li><a title=\"Les Cabanes\" href=\"http:\/\/www.cobayous.com\/site\/les-dossiers\/preparer-larrivee-du-cobaye\/cabanes\/\" rel=\"\">Les Cabanes<\/a><\/li>\n<\/ul>\n <p> <span style=\"color: #008000;\">Dossiers Connexes :<\/span> <\/p> \n<ul>\n<li><a title=\"Apprivoiser son cobaye\" href=\"http:\/\/www.cobayous.com\/site\/les-dossiers\/apprivoiser-son-cobaye\/\">Apprivoisement<\/a><\/li>\n<li><a title=\"Alimentation\" href=\"http:\/\/www.cobayous.com\/site\/les-dossiers\/alimentation-du-cobaye\/\">Alimentation<\/a><\/li>\n<li><a title=\"Maladies du Cobaye\" href=\"http:\/\/www.cobayous.com\/site\/les-dossiers\/les-maladies-du-cobaye\/\">Maladies<\/a><\/li>\n<li><a title=\"Les Soins\" href=\"http:\/\/www.cobayous.com\/site\/les-dossiers\/les-soins\/\">Soins<\/a><\/li>\n<li><a title=\"Le cobaye et les vacances\" href=\"http:\/\/www.cobayous.com\/site\/les-dossiers\/speciaux-pratiques\/le-cobaye-et-les-vacances\/\">Le Cobaye et les Vacances<\/a><\/li>\n<li><a title=\"Rongeurs et Enfants\" href=\"http:\/\/www.cobayous.com\/site\/les-dossiers\/avant-achat-cobaye\/rongeurs-et-enfants\/\">Rongeurs et enfants<\/a><\/li>\n<\/ul>\n<\/div>\n<div style=\"background: #ffffff; border: 1px solid #EACFB8; color: #404040; padding: 0 10px 0 10px; margin-top: 1em; text-align: justify; border-radius: 10px;\"><script async=\"\" src=\"\/\/pagead2.googlesyndication.com\/pagead\/js\/adsbygoogle.js\"><\/script> <br \/> \n <!-- cob-dossier-gauche -->  <br \/> \n<ins class=\"adsbygoogle\" style=\"display: block;\" data-ad-client=\"ca-pub-3631834167777130\" data-ad-slot=\"6832657395\" data-ad-format=\"auto\"><\/ins> <br \/> \n<script>\n(adsbygoogle = window.adsbygoogle || []).push({});\n<\/script> <br \/> \n<img loading=\"lazy\" decoding=\"async\" class=\"alignleft\" src=\"http:\/\/www.cobayous.Com\/site\/wp-content\/uploads\/img\/question.png\" alt=\"\" width=\"30\" height=\"30\"> <\/p> \n<h4>DES QUESTIONS ?<\/h4>\n <p> Tu as des questions \u00e0 poser sur les cobayes? Tu souhaites discuter avec nous? <\/p> \n <p> <img loading=\"lazy\" decoding=\"async\" class=\"alignleft\" title=\"talk\" src=\"http:\/\/www.cobayous.com\/site\/wp-content\/uploads\/img\/icon-talk.png\" alt=\"\" width=\"44\" height=\"30\"> <a href=\"http:\/\/www.cobayous.Com\/forum\">Rejoins-nous !<\/a> <\/p> \n<\/div>\n <p> [\/ezcol_1third] [ezcol_2third_end] <\/p> \n <p> &nbsp; <br \/> \n<span style=\"text-decoration: underline;\"><strong><span style=\"color: #3366ff; text-decoration: underline;\">La Cage<\/span> <\/strong><\/span><a id=\"cage\" name=\"cage\"><\/a> <\/p> \n <p> <a href=\"http:\/\/www.cobayous.com\/site\/wp-content\/uploads\/dossiers\/cage-barreaux.jpg\"><img loading=\"lazy\" decoding=\"async\" class=\"alignleft\" src=\"http:\/\/www.cobayous.com\/site\/wp-content\/uploads\/dossiers\/cage-barreaux_pt.jpg\" alt=\"\" width=\"225\" height=\"150\"><\/a>Pr\u00e9f\u00e9rez une cage dont la partie sup\u00e9rieur est grillag\u00e9e. <br \/> \nCette partie est g\u00e9n\u00e9ralement d\u00e9tachable du bac afin de faciliter son entretien. <\/p> \n <p> Choisissez une cage qui poss\u00e8de une ouverture frontale (sur le devant) et une ouverture sur le dessus. <\/p> \n <p> Bannissez les <a href=\"http:\/\/www.cobayous.Com\/site\/wp-content\/uploads\/dossiers\/cage-plexi.jpg\">cages en plexi<\/a> : un vrai four en \u00e9t\u00e9 ! <\/p> \n <p> Pour 1 cochon d\u2019Inde, la cage doit faire approximativement 70 cm de long, 40 cm de large et 40 cm de haut <strong>SI votre animal est en semi libert\u00e9.<\/strong> <br \/> \nSinon, il lui faut une cage d&rsquo;<strong>au moins 1 m\u00e8tre de long<\/strong> (plus la cage est spacieuse, mieux c&rsquo;est pour votre animal). <\/p> \n <p> &nbsp; <\/p> \n <p> <a href=\"http:\/\/www.cobayous.com\/site\/wp-content\/uploads\/dossiers\/bac-vide.jpg\"><img loading=\"lazy\" decoding=\"async\" class=\"alignleft\" src=\"http:\/\/www.cobayous.com\/site\/wp-content\/uploads\/dossiers\/bac-vide_pt.jpg\" alt=\"\" width=\"225\" height=\"170\"><\/a>Si vous avez deux ou plusieurs cochons d\u2019Inde, il faut une cage un peu plus grande. Vous en trouverez dans la plupart des animaleries ainsi que dans les grandes surfaces. <\/p> \n <p> Pensez aussi au mat\u00e9riel d&rsquo;occasion sur les sites de petites annonces gratuites. <br \/> \nIl y a de grandes chances que vous trouviez votre bonheur <span class=\"wp-font-emots-emo-wink\"><\/span> <\/p> \n <p> Il est pr\u00e9f\u00e9rable que le bac de la cage soit en plastique car cela en facilite le nettoyage. Vous pouvez maintenant remplir le bac avec <a href=\"http:\/\/www.cobayous.com\/site\/les-dossiers\/preparer-larrivee-du-cobaye\/les-differentes-litieres\/\">la liti\u00e8re de votre choix.<\/a> <\/p> \n<div>\n <p> <span style=\"text-decoration: underline;\"><strong><span style=\"color: #3366ff; text-decoration: underline;\">Le biberon<\/span><\/strong><\/span><a id=\"bib-gam\" name=\"bib-gam\"><\/a> <\/p> \n <p> <img loading=\"lazy\" decoding=\"async\" class=\"alignleft\" title=\"bibi\" src=\"http:\/\/www.cobayous.com\/site\/wp-content\/uploads\/dossiers\/preparrivee_biberons.jpg\" alt=\"\" width=\"225\" height=\"169\">Il s\u2019attache aux barreaux de la cage. C\u2019est tr\u00e8s pratique car, contrairement \u00e0 une gamelle d\u2019eau, il ne se renverse pas et l\u2019eau reste toujours propre. <br \/> \nIl n&rsquo;y aura pas non plus de projection de copeaux etc &#8230; <br \/> \nIl en existe de diff\u00e9rents mod\u00e8les (\u00e0 billes ou \u00e0 clapet) qui peuvent \u00eatre adapt\u00e9s pour tout types de cages. <br \/> \nIl existe des biberons qui s&rsquo;attachent \u00e0 l&rsquo;aide d&rsquo;une ventouse, id\u00e9al pour les cages en plexi (m\u00eame si je ne recommande pas ce genre de cages) <br \/> \nConcernant l&rsquo;entretien, il faut renouveler l&rsquo;eau tous les jours et nettoyer le biberon \u00e0 fond une fois par semaine (avec un <a href=\"http:\/\/www.cobayous.com\/site\/wp-content\/uploads\/dossiers\/goupillon.jpg\">goupillon<\/a>, un d\u00e9tergent doux et du vinaigre). <\/p> \n<div><span style=\"text-decoration: underline;\"><strong><span style=\"color: #3366ff; text-decoration: underline;\">Les gamelles<\/span><\/strong><\/span><\/div>\n <p> <img loading=\"lazy\" decoding=\"async\" class=\"alignleft\" src=\"http:\/\/www.cobayous.com\/site\/wp-content\/uploads\/dossiers\/gamelle-inox_pt.jpg\" alt=\"\" width=\"225\" height=\"154\">Je vous conseille d&rsquo;en utiliser deux : une pour les granul\u00e9s et une autre pour les fruits et l\u00e9gumes frais. <br \/> \nCes gamelles sont en <a href=\"http:\/\/www.cobayous.com\/site\/wp-content\/uploads\/dossiers\/gamelle-inox.jpg\">inox<\/a> ou en <a href=\"http:\/\/www.cobayous.com\/site\/wp-content\/uploads\/dossiers\/gamelle-plastique.jpg\">plastique<\/a>. Elles s&rsquo;accrochent barreaux de la cage. <br \/> \nPr\u00e9f\u00e9rez ce genre de gamelle plut\u00f4t que les gamelles au sol o\u00f9 l&rsquo;animal risque de faire ses besoins &#8230; (oui oui, <strong>DANS<\/strong> la gamelle &#8230; ) <br \/> \nDe plus, une gamelle en hauteur lui permettra de faire un peu d&rsquo;exercice pour manger <span class=\"wp-font-emots-emo-laugh\"><\/span> <br \/> \nUn petit b\u00e9mol cependant : certains cobayes parviennent \u00e0 faire tomber leur gamelle en passant la t\u00eate dessous &#8230; <\/p> \n <p> &nbsp; <\/p> \n <p> &nbsp; <\/p> \n <p> <span style=\"text-decoration: underline;\"><strong><span style=\"color: #3366ff; text-decoration: underline;\">La mangeoire \/ r\u00e2telier \u00e0 foin<\/span><\/strong><\/span><a id=\"ratelier\" name=\"ratelier\"><\/a> <\/p> \n <p> <a href=\"http:\/\/www.cobayous.com\/site\/wp-content\/uploads\/dossiers\/ratelier-foin.jpg\"><img loading=\"lazy\" decoding=\"async\" class=\"alignleft\" title=\"ratelier\" src=\"http:\/\/www.cobayous.com\/site\/wp-content\/uploads\/dossiers\/ratelier-foin_pt.jpg\" alt=\"\" width=\"225\" height=\"229\"><\/a>Le r\u00e2telier \u00e0 foin est particuli\u00e8rement utile (voire indispensable) si vous voulez que votre animal ait toujours du foin propre et sec. <br \/> \nTout comme le biberon et la gamelle, le r\u00e2telier \u00e0 foin s\u2019attache aux barreaux de la cage. <br \/> \nIl existe des r\u00e2teliers qu&rsquo;on place \u00e0 l&rsquo;int\u00e9rieur, d&rsquo;autres qui se mettent \u00e0 l&rsquo;ext\u00e9rieur (gain de place dans la cage pour l&rsquo;animal). Certains sont en plastique \u00ab\u00a0<a href=\"http:\/\/www.cobayous.com\/site\/wp-content\/uploads\/dossiers\/ratelier-foin-ferme.jpg\">plein<\/a>\u00a0\u00bb (sans interstices o\u00f9 le foin risquerait de tomber) et d&rsquo;autres en fer qui sont \u00ab\u00a0<a href=\"http:\/\/www.cobayous.com\/site\/wp-content\/uploads\/dossiers\/ratelier-foin-ouvert.jpg\">ouverts<\/a>\u00a0\u00bb (comme les barreaux de la cage). <\/p> \n <p> \u00c9vitez de laisser le foin sur le sol de la cage, votre animal va le pi\u00e9tiner et faire ses besoins dessus. <br \/> \nEn r\u00e8gle g\u00e9n\u00e9rale, la mangeoire \u00e0 foin est fournie avec la cage. N&rsquo;oubliez pas que le foin est un aliment pour le cobaye, ce n&rsquo;est pas une liti\u00e8re <span class=\"wp-font-emots-emo-wink\"><\/span> <\/p> \n <p> &nbsp; <\/p> \n <p> <strong><span style=\"text-decoration: underline;\"><span style=\"color: #3366ff; text-decoration: underline;\"> La maisonnette<\/span><\/span><\/strong><a id=\"autres\" name=\"autres\"><\/a> <\/p> \n <p> <a href=\"http:\/\/www.cobayous.com\/site\/wp-content\/uploads\/dossiers\/pom-maisonnette.jpg\"><img loading=\"lazy\" decoding=\"async\" class=\"alignleft\" src=\"http:\/\/www.cobayous.com\/site\/wp-content\/uploads\/dossiers\/pom-maisonnette_pt.jpg\" alt=\"\" width=\"225\" height=\"170\"><\/a>Les cochons d\u2019Inde aiment avoir un abri pour dormir et pour pouvoir se cacher si ils ont peur ou qu&rsquo;ils veulent \u00eatre tranquille. <br \/> \nVous pouvez soit en acheter une toute faite, soit, si vous \u00eates un peu bricoleur, en <a title=\"Les Cabanes\" href=\"http:\/\/www.cobayous.com\/site\/les-dossiers\/preparer-larrivee-du-cobaye\/cabanes\/\">fabriquer une vous-m\u00eame<\/a>. <br \/> \nCette maisonnette doit avoir un toit de mani\u00e8re \u00e0 ce qu\u2019il puisse grimper dessus (\u00e7a lui fera un peu d\u2019exercice !!) et une ouverture pour qu\u2019il puisse entrer et sortir. <br \/> \nElle ne doit pas avoir de sol. <\/p> \n <p> Pour nos cobayes, nous avons fabriqu\u00e9 une petite maisonnette toute simple. <\/p> \n <p> Fa\u00eetes attention avec la maisonnette : <br \/> \n\u2022 il peut en <strong>tomber<\/strong> si elle est trop haute ou fabriqu\u00e9e avec un mat\u00e9riau glissant <br \/> \n\u2022 cela risque de r<strong>etarder son apprivoisement<\/strong> si il reste toujours cach\u00e9 en dessous. Si cela est n\u00e9cessaire, n&rsquo;h\u00e9sitez pas \u00e0 la <strong>lui enlever la journ\u00e9e<\/strong>. <br \/> \n\u2022 Les maisonnettes en plastiques sont souvent rong\u00e9es, de petits morceaux de plastiques se cassent et peuvent \u00eatre ing\u00e9r\u00e9s par votre animal. <strong>Privil\u00e9giez donc le bois<\/strong>! Et de pr\u00e9f\u00e9rence, <strong>non teint\u00e9!<\/strong> <\/p> \n <p> <strong><span style=\"text-decoration: underline;\"><span style=\"color: #3366ff; text-decoration: underline;\">La pierre \u00e0 l\u00e9cher<\/span><\/span><\/strong> <\/p> \n <p> <a href=\"http:\/\/www.cobayous.com\/site\/wp-content\/uploads\/dossiers\/bloc-mineral-lecher.jpg\">Cette pierre<\/a> se trouve en animalerie et en grande surface. Elle est compos\u00e9e de min\u00e9raux qui sont bons pour la sant\u00e9 de votre boule de poils <strong><span style=\"text-decoration: underline;\">MAIS<\/span><\/strong> qui peuvent provoquer des <strong>probl\u00e8mes r\u00e9naux<\/strong> si le cobaye en abuse. <strong>Cette pierre n&rsquo;est PAS INDISPENSABLE.<\/strong> <\/p> \n<hr>\n <p> Une fois toutes ces \u00ab r\u00e8gles \u00bb \u00e9tablies et avec des sorties quotidiennes, votre petit animal sera parfaitement \u00e0 son aise !!! <\/p> \n <p> <a href=\"http:\/\/www.cobayous.com\/site\/wp-content\/uploads\/dossiers\/cages-superposees.jpg\"><img loading=\"lazy\" decoding=\"async\" class=\"aligncenter\" src=\"http:\/\/www.cobayous.com\/site\/wp-content\/uploads\/dossiers\/cages-superposees_pt.jpg\" alt=\"\" width=\"225\" height=\"200\"><\/a> <\/p> \n<\/div>\n <p> <a href=\"http:\/\/www.cobayous.com\/site\/qui-sommes-nous\/\"><img loading=\"lazy\" decoding=\"async\" class=\"alignright\" title=\"copyright-pomelo.jpg\" src=\"\/site\/wp-content\/uploads\/dossiers\/copyright-pomelo.jpg\" alt=\"copyright-pomelo.jpg\" width=\"275\" height=\"50\" border=\"0\"><\/a> <\/p> \n <p> [\/ezcol_2third_end] <\/p> \n","protected":false},"excerpt":{"rendered":" <p> [ezcol_1third] EN BREF Plus la cage est spacieuse, mieux ce sera pour votre animal. A LIRE Dans la rubrique Se pr\u00e9parer : Cage et Accessoires Les diff\u00e9rentes liti\u00e8res O\u00f9 placer&#8230; <a href=\"http:\/\/www.cobayous.com\/site\/les-dossiers\/preparer-larrivee-du-cobaye\/cage-et-accessoires\/\">Read more &raquo;<\/a> <\/p> \n","protected":false},"author":1,"featured_media":0,"parent":120,"menu_order":0,"comment_status":"closed","ping_status":"closed","template":"","meta":{"ngg_post_thumbnail":0,"footnotes":""},"class_list":["post-123","page","type-page","status-publish","hentry"],"yoast_head":"<!-- This site is optimized with the Yoast SEO plugin v27.1.1 - https:\/\/yoast.com\/product\/yoast-seo-wordpress\/ -->\n<title>Pr\u00e9parer son arriv\u00e9e : Cage et accessoires - Les Cobayes Pom&amp;Lolo<\/title>\n<meta name=\"robots\" content=\"index, follow, max-snippet:-1, max-image-preview:large, max-video-preview:-1\" \/>\n<link rel=\"canonical\" href=\"http:\/\/www.cobayous.com\/site\/les-dossiers\/preparer-larrivee-du-cobaye\/cage-et-accessoires\/\" \/>\n<meta property=\"og:locale\" content=\"fr_FR\" \/>\n<meta property=\"og:type\" content=\"article\" \/>\n<meta property=\"og:title\" content=\"Pr\u00e9parer son arriv\u00e9e : Cage et accessoires - Les Cobayes Pom&amp;Lolo\" \/>\n<meta property=\"og:description\" content=\"[ezcol_1third] EN BREF Plus la cage est spacieuse, mieux ce sera pour votre animal. A LIRE Dans la rubrique Se pr\u00e9parer : Cage et Accessoires Les diff\u00e9rentes liti\u00e8res O\u00f9 placer... Read more &raquo;\" \/>\n<meta property=\"og:url\" content=\"http:\/\/www.cobayous.com\/site\/les-dossiers\/preparer-larrivee-du-cobaye\/cage-et-accessoires\/\" \/>\n<meta property=\"og:site_name\" content=\"Les Cobayes Pom&amp;Lolo\" \/>\n<meta property=\"article:modified_time\" content=\"2016-11-21T16:06:31+00:00\" \/>\n<meta property=\"og:image\" content=\"http:\/\/www.cobayous.Com\/site\/wp-content\/uploads\/img\/memo.png\" \/>\n<meta name=\"twitter:card\" content=\"summary_large_image\" \/>\n<meta name=\"twitter:label1\" content=\"Dur\u00e9e de lecture estim\u00e9e\" \/>\n\t<meta name=\"twitter:data1\" content=\"4 minutes\" \/>\n<script type=\"application\/ld+json\" class=\"yoast-schema-graph\">{\"@context\":\"https:\/\/schema.org\",\"@graph\":[{\"@type\":\"WebPage\",\"@id\":\"http:\/\/www.cobayous.com\/site\/les-dossiers\/preparer-larrivee-du-cobaye\/cage-et-accessoires\/\",\"url\":\"http:\/\/www.cobayous.com\/site\/les-dossiers\/preparer-larrivee-du-cobaye\/cage-et-accessoires\/\",\"name\":\"Pr\u00e9parer son arriv\u00e9e : Cage et accessoires - Les Cobayes Pom&amp;Lolo\",\"isPartOf\":{\"@id\":\"http:\/\/www.cobayous.com\/site\/#website\"},\"primaryImageOfPage\":{\"@id\":\"http:\/\/www.cobayous.com\/site\/les-dossiers\/preparer-larrivee-du-cobaye\/cage-et-accessoires\/#primaryimage\"},\"image\":{\"@id\":\"http:\/\/www.cobayous.com\/site\/les-dossiers\/preparer-larrivee-du-cobaye\/cage-et-accessoires\/#primaryimage\"},\"thumbnailUrl\":\"http:\/\/www.cobayous.Com\/site\/wp-content\/uploads\/img\/memo.png\",\"datePublished\":\"2010-05-12T12:05:30+00:00\",\"dateModified\":\"2016-11-21T16:06:31+00:00\",\"breadcrumb\":{\"@id\":\"http:\/\/www.cobayous.com\/site\/les-dossiers\/preparer-larrivee-du-cobaye\/cage-et-accessoires\/#breadcrumb\"},\"inLanguage\":\"fr-FR\",\"potentialAction\":[{\"@type\":\"ReadAction\",\"target\":[\"http:\/\/www.cobayous.com\/site\/les-dossiers\/preparer-larrivee-du-cobaye\/cage-et-accessoires\/\"]}]},{\"@type\":\"ImageObject\",\"inLanguage\":\"fr-FR\",\"@id\":\"http:\/\/www.cobayous.com\/site\/les-dossiers\/preparer-larrivee-du-cobaye\/cage-et-accessoires\/#primaryimage\",\"url\":\"http:\/\/www.cobayous.Com\/site\/wp-content\/uploads\/img\/memo.png\",\"contentUrl\":\"http:\/\/www.cobayous.Com\/site\/wp-content\/uploads\/img\/memo.png\"},{\"@type\":\"BreadcrumbList\",\"@id\":\"http:\/\/www.cobayous.com\/site\/les-dossiers\/preparer-larrivee-du-cobaye\/cage-et-accessoires\/#breadcrumb\",\"itemListElement\":[{\"@type\":\"ListItem\",\"position\":1,\"name\":\"Accueil\",\"item\":\"http:\/\/www.cobayous.com\/site\/\"},{\"@type\":\"ListItem\",\"position\":2,\"name\":\"Dossiers\",\"item\":\"http:\/\/www.cobayous.com\/site\/les-dossiers\/\"},{\"@type\":\"ListItem\",\"position\":3,\"name\":\"Pr\u00e9parer son arriv\u00e9e\",\"item\":\"http:\/\/www.cobayous.com\/site\/les-dossiers\/preparer-larrivee-du-cobaye\/\"},{\"@type\":\"ListItem\",\"position\":4,\"name\":\"Pr\u00e9parer son arriv\u00e9e : Cage et accessoires\"}]},{\"@type\":\"WebSite\",\"@id\":\"http:\/\/www.cobayous.com\/site\/#website\",\"url\":\"http:\/\/www.cobayous.com\/site\/\",\"name\":\"Les Cobayes Pom&Lolo\",\"description\":\"\",\"publisher\":{\"@id\":\"http:\/\/www.cobayous.com\/site\/#organization\"},\"potentialAction\":[{\"@type\":\"SearchAction\",\"target\":{\"@type\":\"EntryPoint\",\"urlTemplate\":\"http:\/\/www.cobayous.com\/site\/?s={search_term_string}\"},\"query-input\":{\"@type\":\"PropertyValueSpecification\",\"valueRequired\":true,\"valueName\":\"search_term_string\"}}],\"inLanguage\":\"fr-FR\"},{\"@type\":\"Organization\",\"@id\":\"http:\/\/www.cobayous.com\/site\/#organization\",\"name\":\"Les Cobayes Pom&Lolo\",\"url\":\"http:\/\/www.cobayous.com\/site\/\",\"logo\":{\"@type\":\"ImageObject\",\"inLanguage\":\"fr-FR\",\"@id\":\"http:\/\/www.cobayous.com\/site\/#\/schema\/logo\/image\/\",\"url\":\"http:\/\/www.cobayous.com\/site\/wp-content\/uploads\/2024\/01\/header-bg.png\",\"contentUrl\":\"http:\/\/www.cobayous.com\/site\/wp-content\/uploads\/2024\/01\/header-bg.png\",\"width\":1022,\"height\":250,\"caption\":\"Les Cobayes Pom&Lolo\"},\"image\":{\"@id\":\"http:\/\/www.cobayous.com\/site\/#\/schema\/logo\/image\/\"}}]}<\/script>\n<!-- \/ Yoast SEO plugin. -->","yoast_head_json":{"title":"Pr\u00e9parer son arriv\u00e9e : Cage et accessoires - Les Cobayes Pom&amp;Lolo","robots":{"index":"index","follow":"follow","max-snippet":"max-snippet:-1","max-image-preview":"max-image-preview:large","max-video-preview":"max-video-preview:-1"},"canonical":"http:\/\/www.cobayous.com\/site\/les-dossiers\/preparer-larrivee-du-cobaye\/cage-et-accessoires\/","og_locale":"fr_FR","og_type":"article","og_title":"Pr\u00e9parer son arriv\u00e9e : Cage et accessoires - Les Cobayes Pom&amp;Lolo","og_description":"[ezcol_1third] EN BREF Plus la cage est spacieuse, mieux ce sera pour votre animal. A LIRE Dans la rubrique Se pr\u00e9parer : Cage et Accessoires Les diff\u00e9rentes liti\u00e8res O\u00f9 placer... Read more &raquo;","og_url":"http:\/\/www.cobayous.com\/site\/les-dossiers\/preparer-larrivee-du-cobaye\/cage-et-accessoires\/","og_site_name":"Les Cobayes Pom&amp;Lolo","article_modified_time":"2016-11-21T16:06:31+00:00","og_image":[{"url":"http:\/\/www.cobayous.Com\/site\/wp-content\/uploads\/img\/memo.png","type":"","width":"","height":""}],"twitter_card":"summary_large_image","twitter_misc":{"Dur\u00e9e de lecture estim\u00e9e":"4 minutes"},"schema":{"@context":"https:\/\/schema.org","@graph":[{"@type":"WebPage","@id":"http:\/\/www.cobayous.com\/site\/les-dossiers\/preparer-larrivee-du-cobaye\/cage-et-accessoires\/","url":"http:\/\/www.cobayous.com\/site\/les-dossiers\/preparer-larrivee-du-cobaye\/cage-et-accessoires\/","name":"Pr\u00e9parer son arriv\u00e9e : Cage et accessoires - Les Cobayes Pom&amp;Lolo","isPartOf":{"@id":"http:\/\/www.cobayous.com\/site\/#website"},"primaryImageOfPage":{"@id":"http:\/\/www.cobayous.com\/site\/les-dossiers\/preparer-larrivee-du-cobaye\/cage-et-accessoires\/#primaryimage"},"image":{"@id":"http:\/\/www.cobayous.com\/site\/les-dossiers\/preparer-larrivee-du-cobaye\/cage-et-accessoires\/#primaryimage"},"thumbnailUrl":"http:\/\/www.cobayous.Com\/site\/wp-content\/uploads\/img\/memo.png","datePublished":"2010-05-12T12:05:30+00:00","dateModified":"2016-11-21T16:06:31+00:00","breadcrumb":{"@id":"http:\/\/www.cobayous.com\/site\/les-dossiers\/preparer-larrivee-du-cobaye\/cage-et-accessoires\/#breadcrumb"},"inLanguage":"fr-FR","potentialAction":[{"@type":"ReadAction","target":["http:\/\/www.cobayous.com\/site\/les-dossiers\/preparer-larrivee-du-cobaye\/cage-et-accessoires\/"]}]},{"@type":"ImageObject","inLanguage":"fr-FR","@id":"http:\/\/www.cobayous.com\/site\/les-dossiers\/preparer-larrivee-du-cobaye\/cage-et-accessoires\/#primaryimage","url":"http:\/\/www.cobayous.Com\/site\/wp-content\/uploads\/img\/memo.png","contentUrl":"http:\/\/www.cobayous.Com\/site\/wp-content\/uploads\/img\/memo.png"},{"@type":"BreadcrumbList","@id":"http:\/\/www.cobayous.com\/site\/les-dossiers\/preparer-larrivee-du-cobaye\/cage-et-accessoires\/#breadcrumb","itemListElement":[{"@type":"ListItem","position":1,"name":"Accueil","item":"http:\/\/www.cobayous.com\/site\/"},{"@type":"ListItem","position":2,"name":"Dossiers","item":"http:\/\/www.cobayous.com\/site\/les-dossiers\/"},{"@type":"ListItem","position":3,"name":"Pr\u00e9parer son arriv\u00e9e","item":"http:\/\/www.cobayous.com\/site\/les-dossiers\/preparer-larrivee-du-cobaye\/"},{"@type":"ListItem","position":4,"name":"Pr\u00e9parer son arriv\u00e9e : Cage et accessoires"}]},{"@type":"WebSite","@id":"http:\/\/www.cobayous.com\/site\/#website","url":"http:\/\/www.cobayous.com\/site\/","name":"Les Cobayes Pom&Lolo","description":"","publisher":{"@id":"http:\/\/www.cobayous.com\/site\/#organization"},"potentialAction":[{"@type":"SearchAction","target":{"@type":"EntryPoint","urlTemplate":"http:\/\/www.cobayous.com\/site\/?s={search_term_string}"},"query-input":{"@type":"PropertyValueSpecification","valueRequired":true,"valueName":"search_term_string"}}],"inLanguage":"fr-FR"},{"@type":"Organization","@id":"http:\/\/www.cobayous.com\/site\/#organization","name":"Les Cobayes Pom&Lolo","url":"http:\/\/www.cobayous.com\/site\/","logo":{"@type":"ImageObject","inLanguage":"fr-FR","@id":"http:\/\/www.cobayous.com\/site\/#\/schema\/logo\/image\/","url":"http:\/\/www.cobayous.com\/site\/wp-content\/uploads\/2024\/01\/header-bg.png","contentUrl":"http:\/\/www.cobayous.com\/site\/wp-content\/uploads\/2024\/01\/header-bg.png","width":1022,"height":250,"caption":"Les Cobayes Pom&Lolo"},"image":{"@id":"http:\/\/www.cobayous.com\/site\/#\/schema\/logo\/image\/"}}]}},"_links":{"self":[{"href":"http:\/\/www.cobayous.com\/site\/wp-json\/wp\/v2\/pages\/123","targetHints":{"allow":["GET"]}}],"collection":[{"href":"http:\/\/www.cobayous.com\/site\/wp-json\/wp\/v2\/pages"}],"about":[{"href":"http:\/\/www.cobayous.com\/site\/wp-json\/wp\/v2\/types\/page"}],"author":[{"embeddable":true,"href":"http:\/\/www.cobayous.com\/site\/wp-json\/wp\/v2\/users\/1"}],"replies":[{"embeddable":true,"href":"http:\/\/www.cobayous.com\/site\/wp-json\/wp\/v2\/comments?post=123"}],"version-history":[{"count":6,"href":"http:\/\/www.cobayous.com\/site\/wp-json\/wp\/v2\/pages\/123\/revisions"}],"predecessor-version":[{"id":3665,"href":"http:\/\/www.cobayous.com\/site\/wp-json\/wp\/v2\/pages\/123\/revisions\/3665"}],"up":[{"embeddable":true,"href":"http:\/\/www.cobayous.com\/site\/wp-json\/wp\/v2\/pages\/120"}],"wp:attachment":[{"href":"http:\/\/www.cobayous.com\/site\/wp-json\/wp\/v2\/media?parent=123"}],"curies":[{"name":"wp","href":"https:\/\/api.w.org\/{rel}","templated":true}]}}