{"id":1151,"date":"2011-01-16T22:25:49","date_gmt":"2011-01-16T21:25:49","guid":{"rendered":"http:\/\/www.cobayous.com\/site\/"},"modified":"2012-05-20T15:50:56","modified_gmt":"2012-05-20T14:50:56","slug":"problemes-digestifs","status":"publish","type":"page","link":"http:\/\/www.cobayous.com\/site\/les-dossiers\/les-maladies-du-cobaye\/problemes-digestifs\/","title":{"rendered":"Maladies du cobaye : Probl\u00e8mes digestifs"},"content":{"rendered":"<div class=\"column_left200\" style=\"float: left; display: inline; \">\n<div style=\"background: #EDF7F2; border: 1px solid #7FC6BC; color: #404040; padding: 0 10px 0 10px; margin-top: 1em; text-align: justify; border-radius: 10px;\">\n <p> <img loading=\"lazy\" decoding=\"async\" class=\"alignleft\" title=\"alire\" src=\"http:\/\/www.cobayous.Com\/site\/wp-content\/uploads\/img\/books.png\" alt=\"\" width=\"30\" height=\"30\" \/> <\/p> \n<h3>A LIRE<\/h3>\n <p> <span style=\"color: #008000;\">Dans la rubrique Maladies :<\/span> <\/p> \n<ul>\n<li><a title=\"Maladies du cobaye : Les constantes\" href=\"http:\/\/www.cobayous.com\/site\/les-dossiers\/les-maladies-du-cobaye\/constantes\/\" rel=\"\">Les constantes<\/a><\/li>\n<li><a title=\"Maladies du cobaye : Maladies de peau\" href=\"http:\/\/www.cobayous.com\/site\/les-dossiers\/les-maladies-du-cobaye\/maladies-de-peau\/\" rel=\"\">Maladies de peau<\/a><\/li>\n<li><a title=\"Maladies du cobaye : Maladies fr\u00e9quentes\" href=\"http:\/\/www.cobayous.com\/site\/les-dossiers\/les-maladies-du-cobaye\/maladies-frequentes\/\" rel=\"\">Maladies fr\u00e9quentes<\/a><\/li>\n<li><a title=\"Maladies du cobaye : Probl\u00e8mes aux yeux\" href=\"http:\/\/www.cobayous.com\/site\/les-dossiers\/les-maladies-du-cobaye\/problemes-yeux\/\" rel=\"\">Probl\u00e8mes aux yeux<\/a><\/li>\n<li>Probl\u00e8mes digestifs<\/li>\n<li><a title=\"Maladies du cobaye : Probl\u00e8mes urinaires\" href=\"http:\/\/www.cobayous.com\/site\/les-dossiers\/les-maladies-du-cobaye\/problemes-urinaires\/\" rel=\"\">Probl\u00e8mes urinaires<\/a><\/li>\n<li><a title=\"Le M\u00e9t\u00e9orisme\" href=\"http:\/\/www.cobayous.com\/site\/les-dossiers\/les-maladies-du-cobaye\/le-meteorisme\/\" rel=\"\">Le M\u00e9t\u00e9orisme<\/a><\/li>\n<\/ul>\n <p> <span style=\"color: #008000;\">Dossiers Connexes :<\/span> <\/p> \n<ul>\n<li><a title=\"Maladies : Nourrir un cobaye malade\" href=\"http:\/\/www.cobayous.com\/site\/les-dossiers\/les-maladies-du-cobaye\/nourrir-un-cobaye-malade\/\">Nourrir un cobaye malade<\/a><\/li>\n<li><a title=\"Soigner le cobaye avec l\u2019hom\u00e9opathie\" href=\"http:\/\/www.cobayous.com\/site\/les-dossiers\/soigner-le-cobaye-avec-lhomeopathie\/\">Soigner son cobaye avec l\u2019hom\u00e9opathie<\/a><\/li>\n<li><a title=\"Choix d\u2019un v\u00e9t\u00e9rinaire Nacs (*)\" href=\"http:\/\/www.cobayous.com\/site\/les-dossiers\/speciaux-pratiques\/choix-dun-veterinaire-nacs\/\">Choix d\u2019un v\u00e9t\u00e9rinaire<\/a><\/li>\n<li><a title=\"Euthanasie chez le cochon d\u2019Inde\" href=\"http:\/\/www.cobayous.com\/site\/les-dossiers\/speciaux-pratiques\/euthanasie-chez-le-cochon-dinde\/\">L\u2019euthanasie<\/a><\/li>\n<\/ul>\n<\/div>\n <p> <script type=\"text\/javascript\">\/\/ <![CDATA[\n google_ad_client = \"pub-3631834167777130\"; \/* pometlolo-sidebar-160x600 *\/ google_ad_slot = \"0152501946\"; google_ad_width = 160; google_ad_height = 600;\n\/\/ ]]><\/script> <br \/> \n<script type=\"text\/javascript\" src=\"http:\/\/pagead2.googlesyndication.com\/pagead\/show_ads.js\">\/\/ <![CDATA[\n\n\/\/ ]]><\/script> <br \/> \n<script type=\"text\/javascript\"> <!--\ngoogle_ad_client = \"ca-pub-3631834167777130\";\n\/* pometlolosidebardossiers-bloc200 *\/\ngoogle_ad_slot = \"7743384211\";\ngoogle_ad_width = 200;\ngoogle_ad_height = 90;\n\/\/--> \n<\/script> <br \/> \n<script type=\"text\/javascript\"\nsrc=\"http:\/\/pagead2.googlesyndication.com\/pagead\/show_ads.js\">\n<\/script> <\/p> \n<div style=\"background: #ffffff; border: 1px solid #EACFB8; color: #404040; padding: 0 10px 0 10px; margin-top: 1em; text-align: justify; border-radius: 10px;\">\n <p> <img loading=\"lazy\" decoding=\"async\" class=\"alignleft\" src=\"http:\/\/www.cobayous.Com\/site\/wp-content\/uploads\/img\/question.png\" alt=\"\" width=\"30\" height=\"30\" \/> <\/p> \n<h4>DES QUESTIONS ?<\/h4>\n <p> Tu as des questions \u00e0 poser sur les cobayes? Tu souhaites discuter avec nous? <\/p> \n <p> <img loading=\"lazy\" decoding=\"async\" class=\"alignleft\" title=\"talk\" src=\"http:\/\/www.cobayous.com\/site\/wp-content\/uploads\/img\/icon-talk.png\" alt=\"\" width=\"44\" height=\"30\" \/> <a href=\"http:\/\/www.cobayous.Com\/forum\">Rejoins-nous !<\/a> <\/p> \n<\/div>\n <p> <\/div> <br \/> \n<div class=\"column_right728\" style=\"float: left; display: inline; \"> <\/p> \n<div style=\"background: #F5FAFC; border: 1px solid #6396EF; color: #404040; padding: 0 10px 0 10px; margin-top: 1em; text-align: justify; min-height: 150px; max-width: 98%; border-radius: 10px;\">\n <p> <span style=\"color: #3366ff;\"><span style=\"text-decoration: underline;\"><strong><img loading=\"lazy\" decoding=\"async\" style=\"float: left;\" src=\"\/site\/wp-content\/uploads\/dossiers\/pouiik1.jpg\" alt=\"\" width=\"17\" height=\"18\" align=\"absmiddle\" hspace=\"10\" vspace=\"2\" \/> BALLONNEMENTS<\/strong><\/span><\/span> <br \/> \nComme pour l&rsquo;\u00eatre humain, les ballonnements viennent de la formation de gazs dans le gros intestin. Ils peuvent \u00eatre du \u00e0 une mauvaise alimentation, \u00e0 de mauvais fruits et l\u00e9gumes (la poire, par exemple, peut donner des ballonnements). Les ballonnements peuvent, chez cet animal, provoquer des probl\u00e8mes respiratoires. <\/p> \n <p> Consultez d&rsquo;urgence votre v\u00e9t\u00e9rinaire car ces ballonnements peuvent provoquer un m\u00e9t\u00e9orisme, maladie mortelle si elle n&rsquo;est pas trait\u00e9e \u00e0 temps. <br \/> \nPour pr\u00e9venir d&rsquo;\u00e9ventuels ballonnement, vous pouvez donner de mani\u00e8re pr\u00e9ventive du rongeurs digest (ou intestinet) \u00e0 votre cobaye 1 fois par semaine. <\/p> \n <p> <span style=\"color: #3366ff;\"><span style=\"text-decoration: underline;\"><strong><img loading=\"lazy\" decoding=\"async\" style=\"float: left;\" src=\"\/site\/wp-content\/uploads\/dossiers\/pouiik1.jpg\" alt=\"\" width=\"17\" height=\"18\" align=\"absmiddle\" hspace=\"10\" vspace=\"2\" \/> CONSTIPATION<\/strong><\/span><\/span> <br \/> \nIl est possible que votre animal soit constip\u00e9. Les causes peuvent \u00eatre diverses (stress, ballonnements) <br \/> \nVous devez consulter un v\u00e9t\u00e9rinaire pour \u00e9viter que le transit ne cesse compl\u00e8tement. <br \/> \nUne cure de Rongeurs Digest (ou intestinet) peuvent \u00eatre utilis\u00e9 en premier secours mais, rien ne remplacera un v\u00e9t\u00e9rinaire. <br \/> \nVous pouvez \u00e9galement lui faire une infusion de foin, la laisser refroidir et, la mettre dans son biberon. <br \/> \nV\u00e9rifiez si votre animal se nourrit correctement. <\/p> \n<\/div>\n<div style=\"background: #F5FAFC; border: 1px solid #6396EF; color: #404040; padding: 0 10px 0 10px; margin-top: 1em; text-align: justify; min-height: 150px; max-width: 98%; border-radius: 10px;\">\n <p> <img loading=\"lazy\" decoding=\"async\" style=\"float: left;\" src=\"\/site\/wp-content\/uploads\/dossiers\/pouiik1.jpg\" alt=\"\" width=\"17\" height=\"18\" align=\"absmiddle\" hspace=\"10\" vspace=\"2\" \/> <span style=\"color: #3366ff;\"><span style=\"text-decoration: underline;\"><strong>DIARRHEE<\/strong><\/span><\/span> <br \/> \nC &lsquo;est malheureusement une affection que les rongeurs peuvent avoir fr\u00e9quemment. Mais, les Cochons d&rsquo;Inde sont moins souvent expos\u00e9s \u00e0 ce probl\u00e8me par rapport aux lapins nains. <\/p> \n <p> Les Cochons d&rsquo;Inde peuvent attraper la diarrh\u00e9e pour diverses raisons : <\/p> \n<p style=\"text-align: left;\"><span style=\"font-family: Trebuchet MS;\"><span style=\"font-size: x-small;\"><img loading=\"lazy\" decoding=\"async\" src=\"\/site\/wp-content\/uploads\/dossiers\/fleche.gif\" alt=\"\" width=\"25\" height=\"12\" hspace=\"10\" vspace=\"2\" \/><\/span><\/span> courant d&rsquo;air <br \/> \n<span style=\"font-family: Trebuchet MS;\"><span style=\"font-size: x-small;\"><img loading=\"lazy\" decoding=\"async\" src=\"\/site\/wp-content\/uploads\/dossiers\/fleche.gif\" alt=\"\" width=\"25\" height=\"12\" hspace=\"10\" vspace=\"2\" \/><\/span><\/span> brusque variation de temp\u00e9rature <br \/> \n<span style=\"font-family: Trebuchet MS;\"><span style=\"font-size: x-small;\"><img loading=\"lazy\" decoding=\"async\" src=\"\/site\/wp-content\/uploads\/dossiers\/fleche.gif\" alt=\"\" width=\"25\" height=\"12\" hspace=\"10\" vspace=\"2\" \/><\/span><\/span> changement d&rsquo;environnement <br \/> \n<span style=\"font-family: Trebuchet MS;\"><span style=\"font-size: x-small;\"><img loading=\"lazy\" decoding=\"async\" src=\"\/site\/wp-content\/uploads\/dossiers\/fleche.gif\" alt=\"\" width=\"25\" height=\"12\" hspace=\"10\" vspace=\"2\" \/><\/span><\/span> stress <br \/> \n<span style=\"font-family: Trebuchet MS;\"><span style=\"font-size: x-small;\"><img loading=\"lazy\" decoding=\"async\" src=\"\/site\/wp-content\/uploads\/dossiers\/fleche.gif\" alt=\"\" width=\"25\" height=\"12\" hspace=\"10\" vspace=\"2\" \/><\/span><\/span> mauvaise alimentation <\/p> \n <p> Voici donc quelques conseils d&rsquo;ordre g\u00e9n\u00e9ral : <\/p> \n<p style=\"text-align: left;\"><span style=\"font-family: Trebuchet MS;\"><span style=\"font-size: x-small;\"><img loading=\"lazy\" decoding=\"async\" src=\"\/site\/wp-content\/uploads\/dossiers\/fleche.gif\" alt=\"\" width=\"25\" height=\"12\" hspace=\"10\" vspace=\"2\" \/><\/span><\/span> la cage doit \u00eatre chang\u00e9e r\u00e9guli\u00e8rement (voir tr\u00e8s souvent en cas de diarrh\u00e9e) <br \/> \n<span style=\"font-family: Trebuchet MS;\"><span style=\"font-size: x-small;\"><img loading=\"lazy\" decoding=\"async\" src=\"\/site\/wp-content\/uploads\/dossiers\/fleche.gif\" alt=\"\" width=\"25\" height=\"12\" hspace=\"10\" vspace=\"2\" \/><\/span><\/span> ne donnez jamais de laitue (elle est source de diarrh\u00e9e) <br \/> \n<span style=\"font-family: Trebuchet MS;\"><span style=\"font-size: x-small;\"><img loading=\"lazy\" decoding=\"async\" src=\"\/site\/wp-content\/uploads\/dossiers\/fleche.gif\" alt=\"\" width=\"25\" height=\"12\" hspace=\"10\" vspace=\"2\" \/><\/span><\/span> pas de pommes de terres (crues ou cuites) ni d&rsquo;\u00e9pluchures de l\u00e9gumes. <br \/> \n<span style=\"font-family: Trebuchet MS;\"><span style=\"font-size: x-small;\"><img loading=\"lazy\" decoding=\"async\" src=\"\/site\/wp-content\/uploads\/dossiers\/fleche.gif\" alt=\"\" width=\"25\" height=\"12\" hspace=\"10\" vspace=\"2\" \/><\/span><\/span> \u00e9viter les fruits et l\u00e9gumes trop m\u00fbr (voire pourris) <br \/> \n<span style=\"font-family: Trebuchet MS;\"><span style=\"font-size: x-small;\"><img loading=\"lazy\" decoding=\"async\" src=\"\/site\/wp-content\/uploads\/dossiers\/fleche.gif\" alt=\"\" width=\"25\" height=\"12\" hspace=\"10\" vspace=\"2\" \/><\/span><\/span> le foin doit toujours \u00eatre bien sec <br \/> \n<span style=\"font-family: Trebuchet MS;\"><span style=\"font-size: x-small;\"><img loading=\"lazy\" decoding=\"async\" src=\"\/site\/wp-content\/uploads\/dossiers\/fleche.gif\" alt=\"\" width=\"25\" height=\"12\" hspace=\"10\" vspace=\"2\" \/><\/span><\/span> ne jamais changer brusquement l&rsquo;alimentation d&rsquo;un cobaye : en effet, si vous d\u00e9sirez changer les granul\u00e9s de votre animal, proc\u00e9dez par m\u00e9langes avec l&rsquo;ancienne nourriture. Au fur et \u00e0 mesure, mettez plus de la nouvelle nourriture afin que l&rsquo;animal (mais surtout son appareil digestif) s&rsquo;y habitue. <\/p> \n <p> Votre animal est peut-\u00eatre stress\u00e9 : \u00e9vitez de le brusquer. <\/p> \n <p> Si la diarrh\u00e9e n&rsquo;est pas trop importante (excr\u00e9ments mous ou visqueux), vous pouvez remplacer l&rsquo;eau de boisson par une infusion de camomille, supprimez la verdure mais surtout, surtout, laissez le foin. <\/p> \n <p> Au bout de 48h, si \u00e7a ne va pas mieux, consultez un v\u00e9t\u00e9rinaire d&rsquo;urgence. <br \/> \nCependant, si en plus de sa diarrh\u00e9e, l&rsquo;animal ne mange pas et ne boit pas, consultez d&rsquo;urgence un v\u00e9t\u00e9rinaire (il est en danger car il se d\u00e9shydrate tr\u00e8s vite et s&rsquo;affaiblit) <\/p> \n<\/div>\n<div style=\"background: #F5FAFC; border: 1px solid #6396EF; color: #404040; padding: 0 10px 0 10px; margin-top: 1em; text-align: justify; min-height: 150px; max-width: 98%; border-radius: 10px;\">\n <p> <img loading=\"lazy\" decoding=\"async\" style=\"float: left;\" src=\"\/site\/wp-content\/uploads\/dossiers\/pouiik1.jpg\" alt=\"\" width=\"17\" height=\"18\" align=\"absmiddle\" hspace=\"10\" vspace=\"2\" \/> <span style=\"color: #3366ff;\"><span style=\"text-decoration: underline;\"><strong>IMPACTION DU RECTUM<\/strong><\/span><\/span> <br \/> \nCe ph\u00e9nom\u00e8ne se produit souvent chez les m\u00e2les \u00ab\u00a0\u00e2g\u00e9s\u00a0\u00bb. <br \/> \nLes muscles du rectum deviennent tendus et le cobaye ne parvient plus \u00e0 expulser les crottes les plus molles. <br \/> \nLes crottes dures parviennent en g\u00e9n\u00e9ral \u00e0 sortir. Il est \u00e9galement courant que de la liti\u00e8re, du foin etc &#8230; s&rsquo;agglom\u00e8rent dans le sac anal. <br \/> \nComment est-ce qu&rsquo;on s&rsquo;en rends compte? L&rsquo;anus est gonfl\u00e9 et il y a des \u00ab\u00a0cochonneries dedans\u00a0\u00bb. <br \/> \nVous pouvez essayer de le vider ou si vous avez peur, consulter un v\u00e9t\u00e9rinaire afin qu&rsquo;il v\u00e9rifie que malgr\u00e9 cet amas de crottes, \u00ab\u00a0tout va bien\u00a0\u00bb. <\/p> \n <p> Tu peux allez lire un sujet similaire sur le forum : <a href=\"http:\/\/www.cobayous.Com\/forum\/allo-guizmo-bobo-vt3684.html\" target=\"_blank\">http:\/\/www.cobayous.com\/forum\/allo-guizmo-bobo-vt3684.html<\/a> <br \/> \nVoici un lien (en anglais) avec des photos : <a href=\"http:\/\/www.guinealynx.com\/impaction.html\" target=\"_blank\">http:\/\/www.guinealynx.com\/impaction.html<\/a> <\/p> \n<\/div>\n <p> <a href=\"http:\/\/www.cobayous.com\/site\/qui-sommes-nous\/\"><img loading=\"lazy\" decoding=\"async\" class=\"alignright\" title=\"copyright-pomelo.jpg\" src=\"\/site\/wp-content\/uploads\/dossiers\/copyright-pomelo.jpg\" alt=\"copyright-pomelo.jpg\" width=\"275\" height=\"50\" border=\"0\" \/><\/a> <\/p> \n <p> <script type=\"text\/javascript\">\/\/ <![CDATA[\n                   google_ad_client = \"ca-pub-3631834167777130\"; \/* 728x90, SITE BAS *\/ google_ad_slot = \"8092157966\"; google_ad_width = 728; google_ad_height = 90;\n\/\/ ]]><\/script> <br \/> \n<script type=\"text\/javascript\" src=\"http:\/\/pagead2.googlesyndication.com\/pagead\/show_ads.js\">\/\/ <![CDATA[\n\n\/\/ ]]><\/script> <br \/> \n<\/div><div style='clear: both;'><\/div> <\/p> \n","protected":false},"excerpt":{"rendered":"","protected":false},"author":1,"featured_media":0,"parent":1145,"menu_order":0,"comment_status":"closed","ping_status":"open","template":"pg-tpl-no-sidebars.php","meta":{"ngg_post_thumbnail":0,"footnotes":""},"class_list":["post-1151","page","type-page","status-publish","hentry"],"yoast_head":"<!-- This site is optimized with the Yoast SEO plugin v27.1.1 - https:\/\/yoast.com\/product\/yoast-seo-wordpress\/ -->\n<title>Maladies du cobaye : Probl\u00e8mes digestifs - Les Cobayes Pom&amp;Lolo<\/title>\n<meta name=\"robots\" content=\"index, follow, max-snippet:-1, max-image-preview:large, max-video-preview:-1\" \/>\n<link rel=\"canonical\" href=\"http:\/\/www.cobayous.com\/site\/les-dossiers\/les-maladies-du-cobaye\/problemes-digestifs\/\" \/>\n<meta property=\"og:locale\" content=\"fr_FR\" \/>\n<meta property=\"og:type\" content=\"article\" \/>\n<meta property=\"og:title\" content=\"Maladies du cobaye : Probl\u00e8mes digestifs - Les Cobayes Pom&amp;Lolo\" \/>\n<meta property=\"og:url\" content=\"http:\/\/www.cobayous.com\/site\/les-dossiers\/les-maladies-du-cobaye\/problemes-digestifs\/\" \/>\n<meta property=\"og:site_name\" content=\"Les Cobayes Pom&amp;Lolo\" \/>\n<meta property=\"article:modified_time\" content=\"2012-05-20T14:50:56+00:00\" \/>\n<meta property=\"og:image\" content=\"http:\/\/www.cobayous.Com\/site\/wp-content\/uploads\/img\/books.png\" \/>\n<meta name=\"twitter:card\" content=\"summary_large_image\" \/>\n<meta name=\"twitter:label1\" content=\"Dur\u00e9e de lecture estim\u00e9e\" \/>\n\t<meta name=\"twitter:data1\" content=\"3 minutes\" \/>\n<script type=\"application\/ld+json\" class=\"yoast-schema-graph\">{\"@context\":\"https:\/\/schema.org\",\"@graph\":[{\"@type\":\"WebPage\",\"@id\":\"http:\/\/www.cobayous.com\/site\/les-dossiers\/les-maladies-du-cobaye\/problemes-digestifs\/\",\"url\":\"http:\/\/www.cobayous.com\/site\/les-dossiers\/les-maladies-du-cobaye\/problemes-digestifs\/\",\"name\":\"Maladies du cobaye : Probl\u00e8mes digestifs - Les Cobayes Pom&amp;Lolo\",\"isPartOf\":{\"@id\":\"http:\/\/www.cobayous.com\/site\/#website\"},\"primaryImageOfPage\":{\"@id\":\"http:\/\/www.cobayous.com\/site\/les-dossiers\/les-maladies-du-cobaye\/problemes-digestifs\/#primaryimage\"},\"image\":{\"@id\":\"http:\/\/www.cobayous.com\/site\/les-dossiers\/les-maladies-du-cobaye\/problemes-digestifs\/#primaryimage\"},\"thumbnailUrl\":\"http:\/\/www.cobayous.Com\/site\/wp-content\/uploads\/img\/books.png\",\"datePublished\":\"2011-01-16T21:25:49+00:00\",\"dateModified\":\"2012-05-20T14:50:56+00:00\",\"breadcrumb\":{\"@id\":\"http:\/\/www.cobayous.com\/site\/les-dossiers\/les-maladies-du-cobaye\/problemes-digestifs\/#breadcrumb\"},\"inLanguage\":\"fr-FR\",\"potentialAction\":[{\"@type\":\"ReadAction\",\"target\":[\"http:\/\/www.cobayous.com\/site\/les-dossiers\/les-maladies-du-cobaye\/problemes-digestifs\/\"]}]},{\"@type\":\"ImageObject\",\"inLanguage\":\"fr-FR\",\"@id\":\"http:\/\/www.cobayous.com\/site\/les-dossiers\/les-maladies-du-cobaye\/problemes-digestifs\/#primaryimage\",\"url\":\"http:\/\/www.cobayous.Com\/site\/wp-content\/uploads\/img\/books.png\",\"contentUrl\":\"http:\/\/www.cobayous.Com\/site\/wp-content\/uploads\/img\/books.png\"},{\"@type\":\"BreadcrumbList\",\"@id\":\"http:\/\/www.cobayous.com\/site\/les-dossiers\/les-maladies-du-cobaye\/problemes-digestifs\/#breadcrumb\",\"itemListElement\":[{\"@type\":\"ListItem\",\"position\":1,\"name\":\"Accueil\",\"item\":\"http:\/\/www.cobayous.com\/site\/\"},{\"@type\":\"ListItem\",\"position\":2,\"name\":\"Dossiers\",\"item\":\"http:\/\/www.cobayous.com\/site\/les-dossiers\/\"},{\"@type\":\"ListItem\",\"position\":3,\"name\":\"Maladies du Cobaye\",\"item\":\"http:\/\/www.cobayous.com\/site\/les-dossiers\/les-maladies-du-cobaye\/\"},{\"@type\":\"ListItem\",\"position\":4,\"name\":\"Maladies du cobaye : Probl\u00e8mes digestifs\"}]},{\"@type\":\"WebSite\",\"@id\":\"http:\/\/www.cobayous.com\/site\/#website\",\"url\":\"http:\/\/www.cobayous.com\/site\/\",\"name\":\"Les Cobayes Pom&Lolo\",\"description\":\"\",\"publisher\":{\"@id\":\"http:\/\/www.cobayous.com\/site\/#organization\"},\"potentialAction\":[{\"@type\":\"SearchAction\",\"target\":{\"@type\":\"EntryPoint\",\"urlTemplate\":\"http:\/\/www.cobayous.com\/site\/?s={search_term_string}\"},\"query-input\":{\"@type\":\"PropertyValueSpecification\",\"valueRequired\":true,\"valueName\":\"search_term_string\"}}],\"inLanguage\":\"fr-FR\"},{\"@type\":\"Organization\",\"@id\":\"http:\/\/www.cobayous.com\/site\/#organization\",\"name\":\"Les Cobayes Pom&Lolo\",\"url\":\"http:\/\/www.cobayous.com\/site\/\",\"logo\":{\"@type\":\"ImageObject\",\"inLanguage\":\"fr-FR\",\"@id\":\"http:\/\/www.cobayous.com\/site\/#\/schema\/logo\/image\/\",\"url\":\"http:\/\/www.cobayous.com\/site\/wp-content\/uploads\/2024\/01\/header-bg.png\",\"contentUrl\":\"http:\/\/www.cobayous.com\/site\/wp-content\/uploads\/2024\/01\/header-bg.png\",\"width\":1022,\"height\":250,\"caption\":\"Les Cobayes Pom&Lolo\"},\"image\":{\"@id\":\"http:\/\/www.cobayous.com\/site\/#\/schema\/logo\/image\/\"}}]}<\/script>\n<!-- \/ Yoast SEO plugin. -->","yoast_head_json":{"title":"Maladies du cobaye : Probl\u00e8mes digestifs - Les Cobayes Pom&amp;Lolo","robots":{"index":"index","follow":"follow","max-snippet":"max-snippet:-1","max-image-preview":"max-image-preview:large","max-video-preview":"max-video-preview:-1"},"canonical":"http:\/\/www.cobayous.com\/site\/les-dossiers\/les-maladies-du-cobaye\/problemes-digestifs\/","og_locale":"fr_FR","og_type":"article","og_title":"Maladies du cobaye : Probl\u00e8mes digestifs - Les Cobayes Pom&amp;Lolo","og_url":"http:\/\/www.cobayous.com\/site\/les-dossiers\/les-maladies-du-cobaye\/problemes-digestifs\/","og_site_name":"Les Cobayes Pom&amp;Lolo","article_modified_time":"2012-05-20T14:50:56+00:00","og_image":[{"url":"http:\/\/www.cobayous.Com\/site\/wp-content\/uploads\/img\/books.png","type":"","width":"","height":""}],"twitter_card":"summary_large_image","twitter_misc":{"Dur\u00e9e de lecture estim\u00e9e":"3 minutes"},"schema":{"@context":"https:\/\/schema.org","@graph":[{"@type":"WebPage","@id":"http:\/\/www.cobayous.com\/site\/les-dossiers\/les-maladies-du-cobaye\/problemes-digestifs\/","url":"http:\/\/www.cobayous.com\/site\/les-dossiers\/les-maladies-du-cobaye\/problemes-digestifs\/","name":"Maladies du cobaye : Probl\u00e8mes digestifs - Les Cobayes Pom&amp;Lolo","isPartOf":{"@id":"http:\/\/www.cobayous.com\/site\/#website"},"primaryImageOfPage":{"@id":"http:\/\/www.cobayous.com\/site\/les-dossiers\/les-maladies-du-cobaye\/problemes-digestifs\/#primaryimage"},"image":{"@id":"http:\/\/www.cobayous.com\/site\/les-dossiers\/les-maladies-du-cobaye\/problemes-digestifs\/#primaryimage"},"thumbnailUrl":"http:\/\/www.cobayous.Com\/site\/wp-content\/uploads\/img\/books.png","datePublished":"2011-01-16T21:25:49+00:00","dateModified":"2012-05-20T14:50:56+00:00","breadcrumb":{"@id":"http:\/\/www.cobayous.com\/site\/les-dossiers\/les-maladies-du-cobaye\/problemes-digestifs\/#breadcrumb"},"inLanguage":"fr-FR","potentialAction":[{"@type":"ReadAction","target":["http:\/\/www.cobayous.com\/site\/les-dossiers\/les-maladies-du-cobaye\/problemes-digestifs\/"]}]},{"@type":"ImageObject","inLanguage":"fr-FR","@id":"http:\/\/www.cobayous.com\/site\/les-dossiers\/les-maladies-du-cobaye\/problemes-digestifs\/#primaryimage","url":"http:\/\/www.cobayous.Com\/site\/wp-content\/uploads\/img\/books.png","contentUrl":"http:\/\/www.cobayous.Com\/site\/wp-content\/uploads\/img\/books.png"},{"@type":"BreadcrumbList","@id":"http:\/\/www.cobayous.com\/site\/les-dossiers\/les-maladies-du-cobaye\/problemes-digestifs\/#breadcrumb","itemListElement":[{"@type":"ListItem","position":1,"name":"Accueil","item":"http:\/\/www.cobayous.com\/site\/"},{"@type":"ListItem","position":2,"name":"Dossiers","item":"http:\/\/www.cobayous.com\/site\/les-dossiers\/"},{"@type":"ListItem","position":3,"name":"Maladies du Cobaye","item":"http:\/\/www.cobayous.com\/site\/les-dossiers\/les-maladies-du-cobaye\/"},{"@type":"ListItem","position":4,"name":"Maladies du cobaye : Probl\u00e8mes digestifs"}]},{"@type":"WebSite","@id":"http:\/\/www.cobayous.com\/site\/#website","url":"http:\/\/www.cobayous.com\/site\/","name":"Les Cobayes Pom&Lolo","description":"","publisher":{"@id":"http:\/\/www.cobayous.com\/site\/#organization"},"potentialAction":[{"@type":"SearchAction","target":{"@type":"EntryPoint","urlTemplate":"http:\/\/www.cobayous.com\/site\/?s={search_term_string}"},"query-input":{"@type":"PropertyValueSpecification","valueRequired":true,"valueName":"search_term_string"}}],"inLanguage":"fr-FR"},{"@type":"Organization","@id":"http:\/\/www.cobayous.com\/site\/#organization","name":"Les Cobayes Pom&Lolo","url":"http:\/\/www.cobayous.com\/site\/","logo":{"@type":"ImageObject","inLanguage":"fr-FR","@id":"http:\/\/www.cobayous.com\/site\/#\/schema\/logo\/image\/","url":"http:\/\/www.cobayous.com\/site\/wp-content\/uploads\/2024\/01\/header-bg.png","contentUrl":"http:\/\/www.cobayous.com\/site\/wp-content\/uploads\/2024\/01\/header-bg.png","width":1022,"height":250,"caption":"Les Cobayes Pom&Lolo"},"image":{"@id":"http:\/\/www.cobayous.com\/site\/#\/schema\/logo\/image\/"}}]}},"_links":{"self":[{"href":"http:\/\/www.cobayous.com\/site\/wp-json\/wp\/v2\/pages\/1151","targetHints":{"allow":["GET"]}}],"collection":[{"href":"http:\/\/www.cobayous.com\/site\/wp-json\/wp\/v2\/pages"}],"about":[{"href":"http:\/\/www.cobayous.com\/site\/wp-json\/wp\/v2\/types\/page"}],"author":[{"embeddable":true,"href":"http:\/\/www.cobayous.com\/site\/wp-json\/wp\/v2\/users\/1"}],"replies":[{"embeddable":true,"href":"http:\/\/www.cobayous.com\/site\/wp-json\/wp\/v2\/comments?post=1151"}],"version-history":[{"count":0,"href":"http:\/\/www.cobayous.com\/site\/wp-json\/wp\/v2\/pages\/1151\/revisions"}],"up":[{"embeddable":true,"href":"http:\/\/www.cobayous.com\/site\/wp-json\/wp\/v2\/pages\/1145"}],"wp:attachment":[{"href":"http:\/\/www.cobayous.com\/site\/wp-json\/wp\/v2\/media?parent=1151"}],"curies":[{"name":"wp","href":"https:\/\/api.w.org\/{rel}","templated":true}]}}